{"id":1143,"date":"2021-01-18T15:18:52","date_gmt":"2021-01-18T14:18:52","guid":{"rendered":"https:\/\/agora.xtec.cat\/esc-elvalles\/?page_id=1143"},"modified":"2025-11-06T13:29:28","modified_gmt":"2025-11-06T12:29:28","slug":"historia-2","status":"publish","type":"page","link":"https:\/\/agora.xtec.cat\/esc-elvalles\/lescola\/historia-2\/","title":{"rendered":"Hist\u00f2ria"},"content":{"rendered":"<p style=\"text-align: justify;\"><span style=\"font-weight: 400;\"><img loading=\"lazy\" decoding=\"async\" class=\"wp-image-2451 alignleft\" src=\"https:\/\/agora.xtec.cat\/esc-elvalles\/wp-content\/uploads\/usu597\/2025\/11\/escola-el-valles-300x176.jpg\" alt=\"\" width=\"422\" height=\"247\" srcset=\"https:\/\/agora.xtec.cat\/esc-elvalles\/wp-content\/uploads\/usu597\/2025\/11\/escola-el-valles-300x176.jpg 300w, https:\/\/agora.xtec.cat\/esc-elvalles\/wp-content\/uploads\/usu597\/2025\/11\/escola-el-valles-768x451.jpg 768w, https:\/\/agora.xtec.cat\/esc-elvalles\/wp-content\/uploads\/usu597\/2025\/11\/escola-el-valles.jpg 970w\" sizes=\"auto, (max-width: 422px) 100vw, 422px\" \/>L\u2019escola <\/span><i><span style=\"font-weight: 400;\">El Vall\u00e8s <\/span><\/i><span style=\"font-weight: 400;\">\u00e9s un centre de titularitat p\u00fablica que est\u00e0 en funcionament des\u00a0 del 1982 com a resultat d\u2019una reivindicaci\u00f3 social de les fam\u00edlies del barri de La\u00a0 Cogullada, situat a la zona sud de Terrassa, al Vall\u00e8s Occidental. <\/span><\/p>\n<p>&nbsp;<\/p>\n<p>&nbsp;<\/p>\n<p>&nbsp;<\/p>\n<p style=\"text-align: justify;\"><span style=\"font-weight: 400;\">Previ a la seva\u00a0 construcci\u00f3, l\u2019escola va comen\u00e7ar a funcionar als locals dels blocs de pisos de\u00a0 Can Niquet, for\u00e7at pel baby boom d\u2019aquella \u00e8poca al barri, amb l\u2019arribada de\u00a0 parelles joves que ocupaven les vivendes de nova construcci\u00f3. El barri est\u00e0\u00a0 configurat per dues zones, a banda i banda del torrent de Ca n\u2019Aurell, que el\u00a0 travessa. La zona m\u00e9s septentrional est\u00e0 vinculada al barri de Ca n\u2019Aurell, situat a\u00a0 la banda nord de la carretera Martorell. L\u2019altra zona, per sota el torrent, \u00e9s La Cogullada genu\u00efna que dona nom al barri.\u00a0<\/span><\/p>\n","protected":false},"excerpt":{"rendered":"<p>L\u2019escola El Vall\u00e8s \u00e9s un centre de titularitat p\u00fablica que est\u00e0 en funcionament des\u00a0 del 1982 com a resultat d\u2019una reivindicaci\u00f3 social de les fam\u00edlies del barri de La\u00a0 Cogullada, situat a la zona sud de Terrassa, al Vall\u00e8s Occidental.<br \/>\n&nbsp;<br \/>\n&nbsp;<br \/>\n&nbsp;<br \/>\nPrevi a la seva\u00a0 construcci\u00f3,&hellip;  <a href=\"https:\/\/agora.xtec.cat\/esc-elvalles\/lescola\/historia-2\/\" title=\"Read Hist\u00f2ria\">Llegeix m\u00e9s\u00bb<\/a><\/p>\n","protected":false},"author":1,"featured_media":0,"parent":22,"menu_order":0,"comment_status":"closed","ping_status":"closed","template":"page-templates\/side-menu.php","meta":{"_bbp_topic_count":0,"_bbp_reply_count":0,"_bbp_total_topic_count":0,"_bbp_total_reply_count":0,"_bbp_voice_count":0,"_bbp_anonymous_reply_count":0,"_bbp_topic_count_hidden":0,"_bbp_reply_count_hidden":0,"_bbp_forum_subforum_count":0,"footnotes":""},"class_list":["post-1143","page","type-page","status-publish","hentry"],"post_mailing_queue_ids":[],"_links":{"self":[{"href":"https:\/\/agora.xtec.cat\/esc-elvalles\/wp-json\/wp\/v2\/pages\/1143","targetHints":{"allow":["GET"]}}],"collection":[{"href":"https:\/\/agora.xtec.cat\/esc-elvalles\/wp-json\/wp\/v2\/pages"}],"about":[{"href":"https:\/\/agora.xtec.cat\/esc-elvalles\/wp-json\/wp\/v2\/types\/page"}],"author":[{"embeddable":true,"href":"https:\/\/agora.xtec.cat\/esc-elvalles\/wp-json\/wp\/v2\/users\/1"}],"replies":[{"embeddable":true,"href":"https:\/\/agora.xtec.cat\/esc-elvalles\/wp-json\/wp\/v2\/comments?post=1143"}],"version-history":[{"count":4,"href":"https:\/\/agora.xtec.cat\/esc-elvalles\/wp-json\/wp\/v2\/pages\/1143\/revisions"}],"predecessor-version":[{"id":2453,"href":"https:\/\/agora.xtec.cat\/esc-elvalles\/wp-json\/wp\/v2\/pages\/1143\/revisions\/2453"}],"up":[{"embeddable":true,"href":"https:\/\/agora.xtec.cat\/esc-elvalles\/wp-json\/wp\/v2\/pages\/22"}],"wp:attachment":[{"href":"https:\/\/agora.xtec.cat\/esc-elvalles\/wp-json\/wp\/v2\/media?parent=1143"}],"curies":[{"name":"wp","href":"https:\/\/api.w.org\/{rel}","templated":true}]}}