{"id":7219,"date":"2026-01-19T09:28:38","date_gmt":"2026-01-19T08:28:38","guid":{"rendered":"https:\/\/agora.xtec.cat\/esc-elspicots\/?page_id=7219"},"modified":"2026-03-02T11:41:31","modified_gmt":"2026-03-02T10:41:31","slug":"tutoria-entre-iguals-tei","status":"publish","type":"page","link":"https:\/\/agora.xtec.cat\/esc-elspicots\/projectes\/tutoria-entre-iguals-tei\/","title":{"rendered":"Tutoria Entre Iguals (TEI)"},"content":{"rendered":"\n<figure class=\"wp-block-image aligncenter size-full\"><a href=\"https:\/\/agora.xtec.cat\/esc-elspicots\/wp-content\/uploads\/usu453\/2026\/01\/logo.png\"><img loading=\"lazy\" decoding=\"async\" width=\"198\" height=\"255\" src=\"https:\/\/agora.xtec.cat\/esc-elspicots\/wp-content\/uploads\/usu453\/2026\/01\/logo.png\" alt=\"\" class=\"wp-image-7216\"\/><\/a><\/figure>\n\n\n\n<p>El Programa TEI \u00e9s un programa de conviv\u00e8ncia que implica tota la comunitat educativa. Es basa en la tutoritzaci\u00f3 emocional entre iguals on el respecte, l\u2019empatia i el comprom\u00eds s\u00f3n els pilars b\u00e0sics.<\/p>\n\n\n\n<p>\u00c9s una estrat\u00e8gia preventiva dissenyada i aplicada contra la viol\u00e8ncia i l\u2019assetjament escolar:&nbsp;<\/p>\n\n\n\n<ul class=\"wp-block-list\">\n<li>S\u2019inicia a 5\u00e8 amb 3r i es continua a 6\u00e8 amb 4t. Actualment s\u2019est\u00e0 fent una petita introducci\u00f3 a 1r i 2n.\u00a0<\/li>\n\n\n\n<li>Es crea un referent (tutor\/a), actualment l\u2019alumnat de 5\u00e8 i 6\u00e8, per afavorir l\u2019autoestima i integraci\u00f3 i, disminuir la inseguretat i els conflictes.\u00a0<\/li>\n\n\n\n<li>Integrar la TOLER\u00c0NCIA ZERO com un signe d\u2019identitat del centre.<\/li>\n<\/ul>\n\n\n\n<p>L\u2019alumnat de 5\u00e8 rep una formaci\u00f3, per part de la psic\u00f2loga municipal i la coordinadora del programa TEI, per aprendre a resoldre conflictes i ajudar a l\u2019alumnat tutor. Es fan diferents trobades durant el curs i en les hores de tutoria es fan algunes din\u00e0miques, tant pels tutors\/es com pels tutoritzats\/des.&nbsp;<\/p>\n\n\n\n<p>Depenen del nombre de alumnat n\u2019hi que son col\u00b7laboradors, ajuden a la coordinadora del programa a realitzar diferents activitats i tasques.<\/p>\n\n\n\n<figure class=\"wp-block-gallery has-nested-images columns-default is-cropped wp-block-gallery-1 is-layout-flex wp-block-gallery-is-layout-flex\">\n<figure class=\"wp-block-image size-large\"><a href=\"https:\/\/agora.xtec.cat\/esc-elspicots\/wp-content\/uploads\/usu453\/2026\/01\/foto1.jpg\"><img loading=\"lazy\" decoding=\"async\" width=\"1024\" height=\"815\" data-id=\"7218\" src=\"https:\/\/agora.xtec.cat\/esc-elspicots\/wp-content\/uploads\/usu453\/2026\/01\/foto1-1024x815.jpg\" alt=\"\" class=\"wp-image-7218\" srcset=\"https:\/\/agora.xtec.cat\/esc-elspicots\/wp-content\/uploads\/usu453\/2026\/01\/foto1-1024x815.jpg 1024w, https:\/\/agora.xtec.cat\/esc-elspicots\/wp-content\/uploads\/usu453\/2026\/01\/foto1-300x239.jpg 300w, https:\/\/agora.xtec.cat\/esc-elspicots\/wp-content\/uploads\/usu453\/2026\/01\/foto1-768x611.jpg 768w, https:\/\/agora.xtec.cat\/esc-elspicots\/wp-content\/uploads\/usu453\/2026\/01\/foto1.jpg 1098w\" sizes=\"auto, (max-width: 1024px) 100vw, 1024px\" \/><\/a><\/figure>\n\n\n\n<figure class=\"wp-block-image size-large\"><a href=\"https:\/\/agora.xtec.cat\/esc-elspicots\/wp-content\/uploads\/usu453\/2026\/01\/foto-2.jpg\"><img loading=\"lazy\" decoding=\"async\" width=\"1024\" height=\"435\" data-id=\"7217\" src=\"https:\/\/agora.xtec.cat\/esc-elspicots\/wp-content\/uploads\/usu453\/2026\/01\/foto-2-1024x435.jpg\" alt=\"\" class=\"wp-image-7217\" srcset=\"https:\/\/agora.xtec.cat\/esc-elspicots\/wp-content\/uploads\/usu453\/2026\/01\/foto-2-1024x435.jpg 1024w, https:\/\/agora.xtec.cat\/esc-elspicots\/wp-content\/uploads\/usu453\/2026\/01\/foto-2-300x128.jpg 300w, https:\/\/agora.xtec.cat\/esc-elspicots\/wp-content\/uploads\/usu453\/2026\/01\/foto-2-768x326.jpg 768w, https:\/\/agora.xtec.cat\/esc-elspicots\/wp-content\/uploads\/usu453\/2026\/01\/foto-2.jpg 1280w\" sizes=\"auto, (max-width: 1024px) 100vw, 1024px\" \/><\/a><\/figure>\n<\/figure>\n","protected":false},"excerpt":{"rendered":"<p>El Programa TEI \u00e9s un programa de conviv\u00e8ncia que implica tota la comunitat educativa. Es basa en la tutoritzaci\u00f3 emocional entre iguals on el respecte, l\u2019empatia i el comprom\u00eds s\u00f3n els pilars b\u00e0sics. \u00c9s una estrat\u00e8gia preventiva dissenyada i aplicada contra la viol\u00e8ncia i l\u2019assetjament escolar:&nbsp; L\u2019alumnat de 5\u00e8 rep una formaci\u00f3, per part de [&hellip;]<\/p>\n","protected":false},"author":1,"featured_media":7216,"parent":30,"menu_order":6,"comment_status":"closed","ping_status":"closed","template":"","meta":{"_bbp_topic_count":0,"_bbp_reply_count":0,"_bbp_total_topic_count":0,"_bbp_total_reply_count":0,"_bbp_voice_count":0,"_bbp_anonymous_reply_count":0,"_bbp_topic_count_hidden":0,"_bbp_reply_count_hidden":0,"_bbp_forum_subforum_count":0,"site-sidebar-layout":"default","site-content-layout":"","ast-site-content-layout":"default","site-content-style":"default","site-sidebar-style":"default","ast-global-header-display":"","ast-banner-title-visibility":"","ast-main-header-display":"","ast-hfb-above-header-display":"","ast-hfb-below-header-display":"","ast-hfb-mobile-header-display":"","site-post-title":"","ast-breadcrumbs-content":"","ast-featured-img":"","footer-sml-layout":"","theme-transparent-header-meta":"","adv-header-id-meta":"","stick-header-meta":"","header-above-stick-meta":"","header-main-stick-meta":"","header-below-stick-meta":"","astra-migrate-meta-layouts":"set","ast-page-background-enabled":"default","ast-page-background-meta":{"desktop":{"background-color":"var(--ast-global-color-4)","background-image":"","background-repeat":"repeat","background-position":"center center","background-size":"auto","background-attachment":"scroll","background-type":"","background-media":"","overlay-type":"","overlay-color":"","overlay-opacity":"","overlay-gradient":""},"tablet":{"background-color":"","background-image":"","background-repeat":"repeat","background-position":"center center","background-size":"auto","background-attachment":"scroll","background-type":"","background-media":"","overlay-type":"","overlay-color":"","overlay-opacity":"","overlay-gradient":""},"mobile":{"background-color":"","background-image":"","background-repeat":"repeat","background-position":"center center","background-size":"auto","background-attachment":"scroll","background-type":"","background-media":"","overlay-type":"","overlay-color":"","overlay-opacity":"","overlay-gradient":""}},"ast-content-background-meta":{"desktop":{"background-color":"var(--ast-global-color-5)","background-image":"","background-repeat":"repeat","background-position":"center center","background-size":"auto","background-attachment":"scroll","background-type":"","background-media":"","overlay-type":"","overlay-color":"","overlay-opacity":"","overlay-gradient":""},"tablet":{"background-color":"var(--ast-global-color-5)","background-image":"","background-repeat":"repeat","background-position":"center center","background-size":"auto","background-attachment":"scroll","background-type":"","background-media":"","overlay-type":"","overlay-color":"","overlay-opacity":"","overlay-gradient":""},"mobile":{"background-color":"var(--ast-global-color-5)","background-image":"","background-repeat":"repeat","background-position":"center center","background-size":"auto","background-attachment":"scroll","background-type":"","background-media":"","overlay-type":"","overlay-color":"","overlay-opacity":"","overlay-gradient":""}},"footnotes":""},"class_list":["post-7219","page","type-page","status-publish","has-post-thumbnail","hentry"],"post_mailing_queue_ids":[],"_links":{"self":[{"href":"https:\/\/agora.xtec.cat\/esc-elspicots\/wp-json\/wp\/v2\/pages\/7219","targetHints":{"allow":["GET"]}}],"collection":[{"href":"https:\/\/agora.xtec.cat\/esc-elspicots\/wp-json\/wp\/v2\/pages"}],"about":[{"href":"https:\/\/agora.xtec.cat\/esc-elspicots\/wp-json\/wp\/v2\/types\/page"}],"author":[{"embeddable":true,"href":"https:\/\/agora.xtec.cat\/esc-elspicots\/wp-json\/wp\/v2\/users\/1"}],"replies":[{"embeddable":true,"href":"https:\/\/agora.xtec.cat\/esc-elspicots\/wp-json\/wp\/v2\/comments?post=7219"}],"version-history":[{"count":1,"href":"https:\/\/agora.xtec.cat\/esc-elspicots\/wp-json\/wp\/v2\/pages\/7219\/revisions"}],"predecessor-version":[{"id":7220,"href":"https:\/\/agora.xtec.cat\/esc-elspicots\/wp-json\/wp\/v2\/pages\/7219\/revisions\/7220"}],"up":[{"embeddable":true,"href":"https:\/\/agora.xtec.cat\/esc-elspicots\/wp-json\/wp\/v2\/pages\/30"}],"wp:featuredmedia":[{"embeddable":true,"href":"https:\/\/agora.xtec.cat\/esc-elspicots\/wp-json\/wp\/v2\/media\/7216"}],"wp:attachment":[{"href":"https:\/\/agora.xtec.cat\/esc-elspicots\/wp-json\/wp\/v2\/media?parent=7219"}],"curies":[{"name":"wp","href":"https:\/\/api.w.org\/{rel}","templated":true}]}}