{"id":7212,"date":"2026-01-19T09:17:57","date_gmt":"2026-01-19T08:17:57","guid":{"rendered":"https:\/\/agora.xtec.cat\/esc-elspicots\/?page_id=7212"},"modified":"2026-03-02T11:41:48","modified_gmt":"2026-03-02T10:41:48","slug":"raco-boca-orella","status":"publish","type":"page","link":"https:\/\/agora.xtec.cat\/esc-elspicots\/projectes\/raco-boca-orella\/","title":{"rendered":"Rac\u00f3 Boca &#8211; Orella"},"content":{"rendered":"\n<p>El <strong>rac\u00f3 Boca-Orella<\/strong> \u00e9s un espai que trobem a cadascun dels passadissos de l\u2019escola. Est\u00e0 pensat per <strong>ajudar a resoldre els conflictes<\/strong> que poden sorgir tant a l\u2019aula com al pati.<\/p>\n\n\n\n<p>En aquest rac\u00f3 nom\u00e9s hi participen <strong>dues o tres persones<\/strong>, \u00e9s a dir, els\/les <strong>alumnes que estan en conflicte<\/strong>. Un d\u2019ells\/elles agafa la <strong>boca<\/strong>, i els altres agafen l\u2019<strong>orella<\/strong>.<\/p>\n\n\n\n<ul class=\"wp-block-list\">\n<li><strong>La persona amb la boca<\/strong> \u00e9s qui pot parlar i explicar com se sent o qu\u00e8 ha passat.<\/li>\n\n\n\n<li><strong>La persona amb l\u2019orella<\/strong> ha d\u2019escoltar amb atenci\u00f3 i respecte, sense interrompre.<\/li>\n<\/ul>\n\n\n\n<p>\u00c9s molt important seguir aquestes <strong>normes b\u00e0siques<\/strong>:<\/p>\n\n\n\n<ul class=\"wp-block-list\">\n<li>Respectar el <strong>torn de paraula<\/strong>.<\/li>\n\n\n\n<li><strong>No insultar<\/strong> ni faltar al respecte.<\/li>\n\n\n\n<li><strong>Escoltar activament<\/strong> i intentar entendre l\u2019altre.<\/li>\n\n\n\n<li><strong>Cooperar<\/strong> per trobar una soluci\u00f3 i <strong>arribar a un acord<\/strong> que ajudi a canviar la situaci\u00f3.<\/li>\n<\/ul>\n\n\n\n<p>Aquest rac\u00f3 ens recorda que <strong>parlant i escoltant amb respecte podem resoldre qualsevol problema<\/strong>.<\/p>\n\n\n\n<p class=\"has-text-align-center\">\ud83d\udde3\ufe0f <em>\u201cSigui quin sigui el teu problema, segur que t\u00e9 soluci\u00f3.\u201d<\/em><\/p>\n\n\n\n<figure class=\"wp-block-image aligncenter size-large\"><a href=\"https:\/\/agora.xtec.cat\/esc-elspicots\/wp-content\/uploads\/usu453\/2026\/01\/IMG_20251110_1248072-scaled.jpg\"><img loading=\"lazy\" decoding=\"async\" width=\"588\" height=\"1024\" src=\"https:\/\/agora.xtec.cat\/esc-elspicots\/wp-content\/uploads\/usu453\/2026\/01\/IMG_20251110_1248072-588x1024.jpg\" alt=\"\" class=\"wp-image-7213\" srcset=\"https:\/\/agora.xtec.cat\/esc-elspicots\/wp-content\/uploads\/usu453\/2026\/01\/IMG_20251110_1248072-588x1024.jpg 588w, https:\/\/agora.xtec.cat\/esc-elspicots\/wp-content\/uploads\/usu453\/2026\/01\/IMG_20251110_1248072-172x300.jpg 172w, https:\/\/agora.xtec.cat\/esc-elspicots\/wp-content\/uploads\/usu453\/2026\/01\/IMG_20251110_1248072-768x1336.jpg 768w, https:\/\/agora.xtec.cat\/esc-elspicots\/wp-content\/uploads\/usu453\/2026\/01\/IMG_20251110_1248072-883x1536.jpg 883w, https:\/\/agora.xtec.cat\/esc-elspicots\/wp-content\/uploads\/usu453\/2026\/01\/IMG_20251110_1248072-1177x2048.jpg 1177w, https:\/\/agora.xtec.cat\/esc-elspicots\/wp-content\/uploads\/usu453\/2026\/01\/IMG_20251110_1248072-scaled.jpg 1471w\" sizes=\"auto, (max-width: 588px) 100vw, 588px\" \/><\/a><\/figure>\n","protected":false},"excerpt":{"rendered":"<p>El rac\u00f3 Boca-Orella \u00e9s un espai que trobem a cadascun dels passadissos de l\u2019escola. Est\u00e0 pensat per ajudar a resoldre els conflictes que poden sorgir tant a l\u2019aula com al pati. En aquest rac\u00f3 nom\u00e9s hi participen dues o tres persones, \u00e9s a dir, els\/les alumnes que estan en conflicte. Un d\u2019ells\/elles agafa la boca, [&hellip;]<\/p>\n","protected":false},"author":1,"featured_media":7213,"parent":30,"menu_order":7,"comment_status":"closed","ping_status":"closed","template":"","meta":{"_bbp_topic_count":0,"_bbp_reply_count":0,"_bbp_total_topic_count":0,"_bbp_total_reply_count":0,"_bbp_voice_count":0,"_bbp_anonymous_reply_count":0,"_bbp_topic_count_hidden":0,"_bbp_reply_count_hidden":0,"_bbp_forum_subforum_count":0,"site-sidebar-layout":"default","site-content-layout":"","ast-site-content-layout":"default","site-content-style":"default","site-sidebar-style":"default","ast-global-header-display":"","ast-banner-title-visibility":"","ast-main-header-display":"","ast-hfb-above-header-display":"","ast-hfb-below-header-display":"","ast-hfb-mobile-header-display":"","site-post-title":"","ast-breadcrumbs-content":"","ast-featured-img":"","footer-sml-layout":"","theme-transparent-header-meta":"","adv-header-id-meta":"","stick-header-meta":"","header-above-stick-meta":"","header-main-stick-meta":"","header-below-stick-meta":"","astra-migrate-meta-layouts":"set","ast-page-background-enabled":"default","ast-page-background-meta":{"desktop":{"background-color":"var(--ast-global-color-4)","background-image":"","background-repeat":"repeat","background-position":"center center","background-size":"auto","background-attachment":"scroll","background-type":"","background-media":"","overlay-type":"","overlay-color":"","overlay-opacity":"","overlay-gradient":""},"tablet":{"background-color":"","background-image":"","background-repeat":"repeat","background-position":"center center","background-size":"auto","background-attachment":"scroll","background-type":"","background-media":"","overlay-type":"","overlay-color":"","overlay-opacity":"","overlay-gradient":""},"mobile":{"background-color":"","background-image":"","background-repeat":"repeat","background-position":"center center","background-size":"auto","background-attachment":"scroll","background-type":"","background-media":"","overlay-type":"","overlay-color":"","overlay-opacity":"","overlay-gradient":""}},"ast-content-background-meta":{"desktop":{"background-color":"var(--ast-global-color-5)","background-image":"","background-repeat":"repeat","background-position":"center center","background-size":"auto","background-attachment":"scroll","background-type":"","background-media":"","overlay-type":"","overlay-color":"","overlay-opacity":"","overlay-gradient":""},"tablet":{"background-color":"var(--ast-global-color-5)","background-image":"","background-repeat":"repeat","background-position":"center center","background-size":"auto","background-attachment":"scroll","background-type":"","background-media":"","overlay-type":"","overlay-color":"","overlay-opacity":"","overlay-gradient":""},"mobile":{"background-color":"var(--ast-global-color-5)","background-image":"","background-repeat":"repeat","background-position":"center center","background-size":"auto","background-attachment":"scroll","background-type":"","background-media":"","overlay-type":"","overlay-color":"","overlay-opacity":"","overlay-gradient":""}},"footnotes":""},"class_list":["post-7212","page","type-page","status-publish","has-post-thumbnail","hentry"],"post_mailing_queue_ids":[],"_links":{"self":[{"href":"https:\/\/agora.xtec.cat\/esc-elspicots\/wp-json\/wp\/v2\/pages\/7212","targetHints":{"allow":["GET"]}}],"collection":[{"href":"https:\/\/agora.xtec.cat\/esc-elspicots\/wp-json\/wp\/v2\/pages"}],"about":[{"href":"https:\/\/agora.xtec.cat\/esc-elspicots\/wp-json\/wp\/v2\/types\/page"}],"author":[{"embeddable":true,"href":"https:\/\/agora.xtec.cat\/esc-elspicots\/wp-json\/wp\/v2\/users\/1"}],"replies":[{"embeddable":true,"href":"https:\/\/agora.xtec.cat\/esc-elspicots\/wp-json\/wp\/v2\/comments?post=7212"}],"version-history":[{"count":1,"href":"https:\/\/agora.xtec.cat\/esc-elspicots\/wp-json\/wp\/v2\/pages\/7212\/revisions"}],"predecessor-version":[{"id":7214,"href":"https:\/\/agora.xtec.cat\/esc-elspicots\/wp-json\/wp\/v2\/pages\/7212\/revisions\/7214"}],"up":[{"embeddable":true,"href":"https:\/\/agora.xtec.cat\/esc-elspicots\/wp-json\/wp\/v2\/pages\/30"}],"wp:featuredmedia":[{"embeddable":true,"href":"https:\/\/agora.xtec.cat\/esc-elspicots\/wp-json\/wp\/v2\/media\/7213"}],"wp:attachment":[{"href":"https:\/\/agora.xtec.cat\/esc-elspicots\/wp-json\/wp\/v2\/media?parent=7212"}],"curies":[{"name":"wp","href":"https:\/\/api.w.org\/{rel}","templated":true}]}}