{"id":568,"date":"2015-09-11T10:29:45","date_gmt":"2015-09-11T09:29:45","guid":{"rendered":"http:\/\/agora.xtec.cat\/esc-elspicots\/?page_id=568"},"modified":"2025-09-04T19:12:29","modified_gmt":"2025-09-04T17:12:29","slug":"beques","status":"publish","type":"page","link":"https:\/\/agora.xtec.cat\/esc-elspicots\/atencio-families\/beques\/","title":{"rendered":"Beques"},"content":{"rendered":"<div class=\"marge_caixa_sup_left\">\n<h1 style=\"text-align: left;\"><span style=\"color: #ff0000;\"><strong>AJUTS ACTUALS I RESOLUCIONS:<\/strong><\/span><\/h1>\n<table style=\"border-collapse: collapse; width: 100%; height: 430px;\">\n<tbody>\n<tr style=\"height: 62px;\">\n<td style=\"width: 100%; height: 62px;\">\n<div class=\"marge_caixa_sup_left\" style=\"font-size: 16px;\">\n<div class=\"marge_caixa_sup_left\" style=\"font-size: 16px;\">\n<div class=\"marge_caixa_sup_left\" style=\"font-size: 16px;\">\n<div>\n<div class=\"marge_caixa_sup_left\" style=\"font-size: 16px;\">\n<p style=\"font-family: 'Helvetica Neue', Helvetica, Helvetica, Arial, sans-serif; font-size: 16px;\"><strong><span style=\"color: #ff0000;\">NOVETAT! Resoluci\u00f3 beques material i sortides escolars Ajuntament de Lli\u00e7\u00e0 d&#8217;Amunt 25-26<\/span><\/strong><\/p>\n<p style=\"font-family: 'Helvetica Neue', Helvetica, Helvetica, Arial, sans-serif; font-size: 16px;\">Termini per presentar la sol\u00b7licitud: del 12 al 23 de maig de 2025.<br \/>\nLes sol\u00b7licituds es faran \u00fanicament en l\u00ednia a trav\u00e9s del <a href=\"https:\/\/www.llicamunt.cat\/serveis-i-tramits\/tramits\/tramits-i-gestions\/ajuts-escolars-municipals\">web de l\u2019Ajuntament<\/a>.<\/p>\n<p>Si teniu algun dubte podeu trucar al 93.860.72.20 de l\u2019\u00c0rea d\u2019Acci\u00f3 social com tamb\u00e9 per demanar cita.<\/p>\n<\/div>\n<div class=\"marge_caixa_sup_left\" style=\"font-size: 16px;\"><span style=\"color: #000000;\">\u00a0<\/span><br \/>\n<a href=\"https:\/\/agora.xtec.cat\/esc-elspicots\/wp-content\/uploads\/usu453\/2025\/05\/Sol-licitud-ajuts-escolars-municipals_editableweb25.pdf\">Sol\u00b7licitud<\/a>\u00a0\u00a0 \u00a0 <a href=\"https:\/\/agora.xtec.cat\/esc-elspicots\/wp-content\/uploads\/usu453\/2025\/05\/Bases_ajuts_material_2025-26.pdf\">Bases ajuts material i sortides 2025-26<\/a><\/div>\n<div><\/div>\n<div class=\"marge_caixa_sup_left\" style=\"font-size: 16px;\"><strong><span style=\"color: #ff0000;\">Per con\u00e8ixer la resoluci\u00f3, cal trucar al centre o passar per secretaria de l&#8217;escola<\/span><\/strong>.<\/div>\n<div><\/div>\n<p>Tanmateix, aquelles fam\u00edlies que no estiguin d\u2019acord amb la resoluci\u00f3 us podeu posar en contacte amb l&#8217;\u00c0rea d&#8217;Acci\u00f3 Social de l&#8217;Ajuntament (93.860.72.20).<\/p>\n<\/div>\n<\/div>\n<\/div>\n<\/div>\n<\/td>\n<\/tr>\n<tr style=\"height: 358px;\">\n<td style=\"width: 100%; height: 358px;\">\n<div class=\"marge_caixa_sup_left\" style=\"font-size: 16px;\">\n<div class=\"marge_caixa_sup_left\" style=\"font-size: 16px;\">\n<div class=\"marge_caixa_sup_left\" style=\"font-size: 16px;\">\n<p style=\"font-family: 'Helvetica Neue', Helvetica, Helvetica, Arial, sans-serif; font-size: 16px;\"><strong><span style=\"color: #ff0000;\">NOVETAT! Beques menjador escolars Consell Comarcal 25-26<\/span><\/strong><\/p>\n<p style=\"font-family: 'Helvetica Neue', Helvetica, Helvetica, Arial, sans-serif; font-size: 16px;\">Termini per presentar la sol\u00b7licitud: a partir del 16 de juny i finalitza el 4 de juliol de 2025.<br \/>\nLes sol\u00b7licituds s\u2019hauran de fer de forma te\u00adlem\u00e0tica a trav\u00e9s de la\u00a0<a href=\"https:\/\/www.llicamunt.cat\/serveis-i-tramits\/tramits\/tramits-i-gestions\/instancia-generica\" target=\"_blank\" rel=\"noopener noreferrer\">inst\u00e0ncia gen\u00e8rica del web municipal<\/a>, adjuntant el model de sol\u00b7licitud degudament omplert i signat electr\u00f2nicament, juntament amb la documentaci\u00f3 requerida a les bases de la convocat\u00f2ria. Us podeu ajudar amb aquest fullet\u00f3 informatiu.<\/p>\n<p>Si teniu algun dubte podeu trucar al 93.860.72.20 de l\u2019\u00c0rea d\u2019Acci\u00f3 social com tamb\u00e9 per demanar cita.<\/p>\n<\/div>\n<div class=\"marge_caixa_sup_left\" style=\"font-size: 16px;\"><strong><span style=\"color: #ff0000;\"><a href=\"https:\/\/tauler.seu-e.cat\/detall?idEns=8104190004&amp;idEdicte=8104190004_35563\">Resoluci\u00f3 atorgades i denegades\u00a0<\/a> \u00a0 \u00a0 \u00a0 \u00a0 \u00a0 \u00a0 \u00a0<a href=\"https:\/\/ajutsdemenjador.cat\/estatexpedients\/\">Consulta per IDALU<\/a><\/span><\/strong><\/div>\n<div><\/div>\n<p>Tanmateix, aquelles fam\u00edlies que no estiguin d\u2019acord amb la resoluci\u00f3 us podeu posar en contacte amb l&#8217;\u00c0rea d&#8217;Acci\u00f3 Social de l&#8217;Ajuntament (93.860.72.20).<\/p>\n<p>Bases\u00a0 \u00a0 <a href=\"https:\/\/agora.xtec.cat\/esc-elspicots\/wp-content\/uploads\/usu453\/2025\/06\/AIM_2025_2026_fulleto_informatiu_families.pdf\">Fullet\u00f3 informatiu<\/a>\u00a0 \u00a0 \u00a0 <a href=\"https:\/\/agora.xtec.cat\/esc-elspicots\/wp-content\/uploads\/usu453\/2025\/06\/Sollicitud-ajuts-menjador-25-26.pdf\">Sol\u00b7licitud<\/a><a style=\"font-family: inherit; font-size: 1em;\" href=\"https:\/\/agora.xtec.cat\/esc-elspicots\/wp-content\/uploads\/usu453\/2025\/06\/Sollicitud-ajuts-menjador-25-26.pdf\">\u00a025-26<\/a> <span style=\"font-family: inherit; font-size: 1em;\"> \u00a0 \u00a0 <\/span><a style=\"font-family: inherit; font-size: 1em;\" href=\"https:\/\/www.vallesoriental.cat\/ambits\/2230-politiques-socials\/ajuts-de-menjador-escolar\/convocatoria-ajuts-menjador-escolar-curs-20252026\/\">M\u00e9s informaci\u00f3<\/a><\/p>\n<\/div>\n<\/div>\n<\/td>\n<\/tr>\n<tr style=\"height: 358px;\">\n<td style=\"width: 100%; height: 10px;\">\n<div class=\"marge_caixa_sup_left\" style=\"font-size: 16px;\">\n<div class=\"marge_caixa_sup_left\" style=\"font-size: 16px;\"><\/div>\n<p style=\"font-family: 'Helvetica Neue', Helvetica, Helvetica, Arial, sans-serif; font-size: 16px;\"><strong><span style=\"color: #ff0000;\">NOVETAT! Ajuts per alumnes amb Necessitat Espec\u00edfica de Suport Educatiu (NESE)<\/span><\/strong><\/p>\n<div class=\"marge_caixa_sup_left\" style=\"font-size: 16px;\">\n<p>Termini per presentar la sol\u00b7licitud: del 30 d&#8217;abril a l&#8217;11 de setembre de 2025.<\/p>\n<div>\n<p>* Podeu trucar a secretaria o enviar un correu a l&#8217;escola per demanar hora per realitzar la beca.<\/p>\n<p>Com s&#8217;indica a la convocat\u00f2ria, la sol\u00b7licitud ser\u00e0 solament telem\u00e0tica i es considera presentada en emplenar el formulari en l\u00ednia i obtenir el resguard de presentaci\u00f3. Com a novetat, no s&#8217;haur\u00e0 d&#8217;entregar la sol\u00b7licitud en paper a l&#8217;escola.<\/p>\n<p style=\"font-family: 'Helvetica Neue', Helvetica, Helvetica, Arial, sans-serif; font-size: 16px;\"><a href=\"https:\/\/agora.xtec.cat\/esc-elspicots\/wp-content\/uploads\/usu453\/2025\/05\/Convocatoria.pdf\">Convocat\u00f2ria<\/a> \u00a0 \u00a0<a href=\"https:\/\/educacio.gencat.cat\/ca\/tramits\/tramits-temes\/358-ajuts-ministerio-NEE\">Tr\u00e0mit per sol\u00b7licitar l&#8217;ajut<\/a>\u00a0 Resoluci\u00f3 atorgades i denegades<\/p>\n<\/div>\n<\/div>\n<\/div>\n<\/td>\n<\/tr>\n<\/tbody>\n<\/table>\n<\/div>\n","protected":false},"excerpt":{"rendered":"<p>AJUTS ACTUALS I RESOLUCIONS: NOVETAT! Resoluci\u00f3 beques material i sortides escolars Ajuntament de Lli\u00e7\u00e0 d&#8217;Amunt 25-26 Termini per presentar la sol\u00b7licitud: del 12 al 23 de maig de 2025. Les sol\u00b7licituds es faran \u00fanicament en l\u00ednia a trav\u00e9s del web de l\u2019Ajuntament. Si teniu algun dubte podeu trucar al 93.860.72.20 de l\u2019\u00c0rea d\u2019Acci\u00f3 social com [&hellip;]<\/p>\n","protected":false},"author":1,"featured_media":0,"parent":237,"menu_order":170,"comment_status":"closed","ping_status":"closed","template":"page-templates\/side-menu.php","meta":{"_bbp_topic_count":0,"_bbp_reply_count":0,"_bbp_total_topic_count":0,"_bbp_total_reply_count":0,"_bbp_voice_count":0,"_bbp_anonymous_reply_count":0,"_bbp_topic_count_hidden":0,"_bbp_reply_count_hidden":0,"_bbp_forum_subforum_count":0,"site-sidebar-layout":"default","site-content-layout":"","ast-site-content-layout":"","site-content-style":"default","site-sidebar-style":"default","ast-global-header-display":"","ast-banner-title-visibility":"","ast-main-header-display":"","ast-hfb-above-header-display":"","ast-hfb-below-header-display":"","ast-hfb-mobile-header-display":"","site-post-title":"","ast-breadcrumbs-content":"","ast-featured-img":"","footer-sml-layout":"","theme-transparent-header-meta":"","adv-header-id-meta":"","stick-header-meta":"","header-above-stick-meta":"","header-main-stick-meta":"","header-below-stick-meta":"","astra-migrate-meta-layouts":"default","ast-page-background-enabled":"default","ast-page-background-meta":{"desktop":{"background-color":"var(--ast-global-color-4)","background-image":"","background-repeat":"repeat","background-position":"center center","background-size":"auto","background-attachment":"scroll","background-type":"","background-media":"","overlay-type":"","overlay-color":"","overlay-opacity":"","overlay-gradient":""},"tablet":{"background-color":"","background-image":"","background-repeat":"repeat","background-position":"center center","background-size":"auto","background-attachment":"scroll","background-type":"","background-media":"","overlay-type":"","overlay-color":"","overlay-opacity":"","overlay-gradient":""},"mobile":{"background-color":"","background-image":"","background-repeat":"repeat","background-position":"center center","background-size":"auto","background-attachment":"scroll","background-type":"","background-media":"","overlay-type":"","overlay-color":"","overlay-opacity":"","overlay-gradient":""}},"ast-content-background-meta":{"desktop":{"background-color":"var(--ast-global-color-5)","background-image":"","background-repeat":"repeat","background-position":"center center","background-size":"auto","background-attachment":"scroll","background-type":"","background-media":"","overlay-type":"","overlay-color":"","overlay-opacity":"","overlay-gradient":""},"tablet":{"background-color":"var(--ast-global-color-5)","background-image":"","background-repeat":"repeat","background-position":"center center","background-size":"auto","background-attachment":"scroll","background-type":"","background-media":"","overlay-type":"","overlay-color":"","overlay-opacity":"","overlay-gradient":""},"mobile":{"background-color":"var(--ast-global-color-5)","background-image":"","background-repeat":"repeat","background-position":"center center","background-size":"auto","background-attachment":"scroll","background-type":"","background-media":"","overlay-type":"","overlay-color":"","overlay-opacity":"","overlay-gradient":""}},"footnotes":""},"class_list":["post-568","page","type-page","status-publish","hentry"],"post_mailing_queue_ids":[],"_links":{"self":[{"href":"https:\/\/agora.xtec.cat\/esc-elspicots\/wp-json\/wp\/v2\/pages\/568","targetHints":{"allow":["GET"]}}],"collection":[{"href":"https:\/\/agora.xtec.cat\/esc-elspicots\/wp-json\/wp\/v2\/pages"}],"about":[{"href":"https:\/\/agora.xtec.cat\/esc-elspicots\/wp-json\/wp\/v2\/types\/page"}],"author":[{"embeddable":true,"href":"https:\/\/agora.xtec.cat\/esc-elspicots\/wp-json\/wp\/v2\/users\/1"}],"replies":[{"embeddable":true,"href":"https:\/\/agora.xtec.cat\/esc-elspicots\/wp-json\/wp\/v2\/comments?post=568"}],"version-history":[{"count":5,"href":"https:\/\/agora.xtec.cat\/esc-elspicots\/wp-json\/wp\/v2\/pages\/568\/revisions"}],"predecessor-version":[{"id":7052,"href":"https:\/\/agora.xtec.cat\/esc-elspicots\/wp-json\/wp\/v2\/pages\/568\/revisions\/7052"}],"up":[{"embeddable":true,"href":"https:\/\/agora.xtec.cat\/esc-elspicots\/wp-json\/wp\/v2\/pages\/237"}],"wp:attachment":[{"href":"https:\/\/agora.xtec.cat\/esc-elspicots\/wp-json\/wp\/v2\/media?parent=568"}],"curies":[{"name":"wp","href":"https:\/\/api.w.org\/{rel}","templated":true}]}}