{"id":4903,"date":"2022-04-13T01:26:59","date_gmt":"2022-04-12T23:26:59","guid":{"rendered":"https:\/\/agora.xtec.cat\/esc-elspicots\/?page_id=4903"},"modified":"2026-03-02T12:09:12","modified_gmt":"2026-03-02T11:09:12","slug":"cantata-de-la-clika","status":"publish","type":"page","link":"https:\/\/agora.xtec.cat\/esc-elspicots\/projectes\/cantata-de-la-clika\/","title":{"rendered":"Cantata de La Clika"},"content":{"rendered":"<p>La nostra escola participa des del curs 22-23 amb l&#8217;alumnat de 2n a la <a href=\"https:\/\/laclika.cat\/\">Cantata de La Clika<\/a>.<\/p>\n<p>La Clika \u00e9s un projecte on participen m\u00e9s de 10.000 infants de prop de 300 escoles arreu del territori que canten i ballen les can\u00e7ons preparades.\u00a0Hi ha escoles a les quatre prov\u00edncies catalanes, Andorra, Balears i Catalunya Nord.<\/p>\n<p dir=\"ltr\">Les lletres de les can\u00e7ons parlen de l\u2019amistat i valors universals com l\u2019autoestima, les emocions, l\u2019ecologisme, la cooperaci\u00f3, la igualtat de g\u00e8nere, l\u2019assetjament, cultura popular\u2026<\/p>\n<p dir=\"ltr\">Properament, us informarem del dia i lloc del concert d&#8217;aquest curs 25-26<b>.<\/b><b> <\/b>Estarem encantades que tots els i les alumnes puguin assistir-hi i formar part d&#8217;aquesta viv\u00e8ncia inoblidable que estan preparant amb tant d&#8217;esfor\u00e7.<\/p>\n<p dir=\"ltr\">Els infants estan citats una hora i mitja abans per a fer les proves de so. Des de l&#8217;escola acompanyarem als infants al teatre.<\/p>\n<p>&nbsp;<\/p>\n<p>Pr\u00f2ximament adjuntarem aquesta documentaci\u00f3:<\/p>\n<p>CARTA INFORMATIVA. CANTATA CLIKA 2025-2026<\/p>\n<p>MANUAL PROC\u00c9S DE COMPRA D&#8217;ENTRADES. LA CLIKA 2025-2026<\/p>\n","protected":false},"excerpt":{"rendered":"<p>La nostra escola participa des del curs 22-23 amb l&#8217;alumnat de 2n a la Cantata de La Clika. La Clika \u00e9s un projecte on participen m\u00e9s de 10.000 infants de prop de 300 escoles arreu del territori que canten i ballen les can\u00e7ons preparades.\u00a0Hi ha escoles a les quatre prov\u00edncies catalanes, Andorra, Balears i Catalunya [&hellip;]<\/p>\n","protected":false},"author":1,"featured_media":0,"parent":30,"menu_order":17,"comment_status":"closed","ping_status":"closed","template":"","meta":{"_bbp_topic_count":0,"_bbp_reply_count":0,"_bbp_total_topic_count":0,"_bbp_total_reply_count":0,"_bbp_voice_count":0,"_bbp_anonymous_reply_count":0,"_bbp_topic_count_hidden":0,"_bbp_reply_count_hidden":0,"_bbp_forum_subforum_count":0,"site-sidebar-layout":"default","site-content-layout":"","ast-site-content-layout":"","site-content-style":"default","site-sidebar-style":"default","ast-global-header-display":"","ast-banner-title-visibility":"","ast-main-header-display":"","ast-hfb-above-header-display":"","ast-hfb-below-header-display":"","ast-hfb-mobile-header-display":"","site-post-title":"","ast-breadcrumbs-content":"","ast-featured-img":"","footer-sml-layout":"","theme-transparent-header-meta":"","adv-header-id-meta":"","stick-header-meta":"","header-above-stick-meta":"","header-main-stick-meta":"","header-below-stick-meta":"","astra-migrate-meta-layouts":"default","ast-page-background-enabled":"default","ast-page-background-meta":{"desktop":{"background-color":"var(--ast-global-color-4)","background-image":"","background-repeat":"repeat","background-position":"center center","background-size":"auto","background-attachment":"scroll","background-type":"","background-media":"","overlay-type":"","overlay-color":"","overlay-opacity":"","overlay-gradient":""},"tablet":{"background-color":"","background-image":"","background-repeat":"repeat","background-position":"center center","background-size":"auto","background-attachment":"scroll","background-type":"","background-media":"","overlay-type":"","overlay-color":"","overlay-opacity":"","overlay-gradient":""},"mobile":{"background-color":"","background-image":"","background-repeat":"repeat","background-position":"center center","background-size":"auto","background-attachment":"scroll","background-type":"","background-media":"","overlay-type":"","overlay-color":"","overlay-opacity":"","overlay-gradient":""}},"ast-content-background-meta":{"desktop":{"background-color":"var(--ast-global-color-5)","background-image":"","background-repeat":"repeat","background-position":"center center","background-size":"auto","background-attachment":"scroll","background-type":"","background-media":"","overlay-type":"","overlay-color":"","overlay-opacity":"","overlay-gradient":""},"tablet":{"background-color":"var(--ast-global-color-5)","background-image":"","background-repeat":"repeat","background-position":"center center","background-size":"auto","background-attachment":"scroll","background-type":"","background-media":"","overlay-type":"","overlay-color":"","overlay-opacity":"","overlay-gradient":""},"mobile":{"background-color":"var(--ast-global-color-5)","background-image":"","background-repeat":"repeat","background-position":"center center","background-size":"auto","background-attachment":"scroll","background-type":"","background-media":"","overlay-type":"","overlay-color":"","overlay-opacity":"","overlay-gradient":""}},"footnotes":""},"class_list":["post-4903","page","type-page","status-publish","hentry"],"post_mailing_queue_ids":[],"_links":{"self":[{"href":"https:\/\/agora.xtec.cat\/esc-elspicots\/wp-json\/wp\/v2\/pages\/4903","targetHints":{"allow":["GET"]}}],"collection":[{"href":"https:\/\/agora.xtec.cat\/esc-elspicots\/wp-json\/wp\/v2\/pages"}],"about":[{"href":"https:\/\/agora.xtec.cat\/esc-elspicots\/wp-json\/wp\/v2\/types\/page"}],"author":[{"embeddable":true,"href":"https:\/\/agora.xtec.cat\/esc-elspicots\/wp-json\/wp\/v2\/users\/1"}],"replies":[{"embeddable":true,"href":"https:\/\/agora.xtec.cat\/esc-elspicots\/wp-json\/wp\/v2\/comments?post=4903"}],"version-history":[{"count":5,"href":"https:\/\/agora.xtec.cat\/esc-elspicots\/wp-json\/wp\/v2\/pages\/4903\/revisions"}],"predecessor-version":[{"id":6976,"href":"https:\/\/agora.xtec.cat\/esc-elspicots\/wp-json\/wp\/v2\/pages\/4903\/revisions\/6976"}],"up":[{"embeddable":true,"href":"https:\/\/agora.xtec.cat\/esc-elspicots\/wp-json\/wp\/v2\/pages\/30"}],"wp:attachment":[{"href":"https:\/\/agora.xtec.cat\/esc-elspicots\/wp-json\/wp\/v2\/media?parent=4903"}],"curies":[{"name":"wp","href":"https:\/\/api.w.org\/{rel}","templated":true}]}}