{"id":4844,"date":"2022-04-12T19:28:49","date_gmt":"2022-04-12T17:28:49","guid":{"rendered":"https:\/\/agora.xtec.cat\/esc-elspicots\/?page_id=4844"},"modified":"2026-03-02T12:09:54","modified_gmt":"2026-03-02T11:09:54","slug":"proves-cangur","status":"publish","type":"page","link":"https:\/\/agora.xtec.cat\/esc-elspicots\/projectes\/proves-cangur\/","title":{"rendered":"Proves Cangur"},"content":{"rendered":"<p style=\"font-weight: 400;\">La nostra escola participa a les Proves Cangur des de l&#8217;any 2015 als cursos de 5\u00e8 i 6\u00e8. Aquesta prova t\u00e9 format de concurs, per\u00f2 l\u2019aut\u00e8ntic objectiu \u00e9s que els i les alumnes hi participin i dediquin una estona especial a divertir-se tot resolent 24 reptes plantejats. Els problemes es basen m\u00e9s en el raonament i l\u2019enginy que en coneixements matem\u00e0tics espec\u00edfics i ens serveixen als i les mestres per introduir a l\u2019aula unes matem\u00e0tiques diferents de les habituals i treballar, d\u2019una manera l\u00fadica i innovadora, aspectes referents a les compet\u00e8ncies associades a la resoluci\u00f3 de problemes.<\/p>\n<p style=\"font-weight: 400;\">La prova Cangur \u00e9s una activitat impulsada per l\u2019associaci\u00f3 internacional Le Kangourou sans Fronti\u00e8res per a \u00abdifondre la cultura matem\u00e0tica per tots els mitjans al seu abast i, en particular, per l\u2019organitzaci\u00f3 d\u2019un joc-concurs anual que es desenvolupa el mateix dia en tots els pa\u00efsos participants. En el cas de Catalunya, \u00e9s la Societat Catalana de Matem\u00e0tiques (SCM) qui forma part d&#8217;aquesta associaci\u00f3 internacional i, per aquesta ra\u00f3, \u00e9s l&#8217;entitat titular del Cangur en llengua catalana.<\/p>\n<p style=\"font-weight: 400;\">Cada any m\u00e9s de 24.000 infants de 5\u00e8 i 6\u00e8 de tota Catalunya i m\u00e9s de 93.000 persones a nivell de prim\u00e0ria, ESO i batxillerat <span style=\"font-family: inherit; font-size: 1em;\">participen en aquest concurs matem\u00e0tic.<\/span><\/p>\n<p>Al marge d&#8217;aix\u00f2, l&#8217;1% de les millors puntuacions reben una menci\u00f3 honor\u00edfica.<\/p>\n<p>Cal destacar la participaci\u00f3 d&#8217;alumnat que ha obtingut un excel\u00b7lent lloc a nivell de Catalunya (entre els 6% amb m\u00e9s puntuaci\u00f3) com l&#8217;Adam P. (posici\u00f3 100 a 5\u00e8 i la posici\u00f3 8 a 6\u00e8), l&#8217;\u00c0lex M. (posici\u00f3 45 a 6\u00e8), Maria N. (posici\u00f3 147 a 5\u00e8 i 489 a 6\u00e8), a J\u00falia A. (posici\u00f3 301 a 5\u00e8), Marc V. (posici\u00f3 324 a 5\u00e8),\u00a0\u00a0Izan L. (posici\u00f3 330 a 6\u00e8), el Pau M. i l&#8217;Hugo T. empatats a la posici\u00f3 335 a 6\u00e8, <span style=\"font-family: inherit; font-size: 1em;\">Aaron M. (posici\u00f3 375 <\/span><span style=\"font-family: inherit; font-size: 1em;\">a 5\u00e8), l&#8217;Unai Z. (posici\u00f3 389 a 6\u00e8), l&#8217;Aitor Riba (442 a 6\u00e8), el Guerau (posici\u00f3 557 a 6\u00e8) i el Miguel \u00c1ngel B. (597 a 6\u00e8).<\/span><\/p>\n<p>Hi trobareu tota la informaci\u00f3 i moltes m\u00e9s activitats a web\u00a0<u><a href=\"https:\/\/www.cangur.org\/\" data-saferedirecturl=\"https:\/\/www.google.com\/url?q=https:\/\/www.cangur.org\/&amp;source=gmail&amp;ust=1649868681015000&amp;usg=AOvVaw0nZy1cNDO5nEfzC7MWr62-\">Cangur<\/a>.<\/u><\/p>\n<p><a href=\"https:\/\/agora.xtec.cat\/esc-elspicots\/wp-content\/uploads\/usu453\/2023\/05\/20230523_234433.jpg\"><img loading=\"lazy\" decoding=\"async\" class=\"alignnone size-large wp-image-5744\" src=\"https:\/\/agora.xtec.cat\/esc-elspicots\/wp-content\/uploads\/usu453\/2023\/05\/20230523_234433-1024x799.jpg\" alt=\"\" width=\"1024\" height=\"799\" srcset=\"https:\/\/agora.xtec.cat\/esc-elspicots\/wp-content\/uploads\/usu453\/2023\/05\/20230523_234433-1024x799.jpg 1024w, https:\/\/agora.xtec.cat\/esc-elspicots\/wp-content\/uploads\/usu453\/2023\/05\/20230523_234433-300x234.jpg 300w, https:\/\/agora.xtec.cat\/esc-elspicots\/wp-content\/uploads\/usu453\/2023\/05\/20230523_234433-768x599.jpg 768w, https:\/\/agora.xtec.cat\/esc-elspicots\/wp-content\/uploads\/usu453\/2023\/05\/20230523_234433-1536x1199.jpg 1536w, https:\/\/agora.xtec.cat\/esc-elspicots\/wp-content\/uploads\/usu453\/2023\/05\/20230523_234433.jpg 2048w\" sizes=\"auto, (max-width: 1024px) 100vw, 1024px\" \/><\/a> <a href=\"https:\/\/agora.xtec.cat\/esc-elspicots\/wp-content\/uploads\/usu453\/2023\/05\/PREMIATS-PROVES-CANGUR-scaled-1.jpg\"><img loading=\"lazy\" decoding=\"async\" class=\"alignnone size-large wp-image-5745\" src=\"https:\/\/agora.xtec.cat\/esc-elspicots\/wp-content\/uploads\/usu453\/2023\/05\/PREMIATS-PROVES-CANGUR-scaled-1-768x1024.jpg\" alt=\"\" width=\"768\" height=\"1024\" srcset=\"https:\/\/agora.xtec.cat\/esc-elspicots\/wp-content\/uploads\/usu453\/2023\/05\/PREMIATS-PROVES-CANGUR-scaled-1-768x1024.jpg 768w, https:\/\/agora.xtec.cat\/esc-elspicots\/wp-content\/uploads\/usu453\/2023\/05\/PREMIATS-PROVES-CANGUR-scaled-1-225x300.jpg 225w, https:\/\/agora.xtec.cat\/esc-elspicots\/wp-content\/uploads\/usu453\/2023\/05\/PREMIATS-PROVES-CANGUR-scaled-1-1152x1536.jpg 1152w, https:\/\/agora.xtec.cat\/esc-elspicots\/wp-content\/uploads\/usu453\/2023\/05\/PREMIATS-PROVES-CANGUR-scaled-1-1536x2048.jpg 1536w, https:\/\/agora.xtec.cat\/esc-elspicots\/wp-content\/uploads\/usu453\/2023\/05\/PREMIATS-PROVES-CANGUR-scaled-1.jpg 1920w\" sizes=\"auto, (max-width: 768px) 100vw, 768px\" \/><\/a> <a href=\"https:\/\/agora.xtec.cat\/esc-elspicots\/wp-content\/uploads\/usu453\/2023\/05\/20230523_234423.jpg\"><img loading=\"lazy\" decoding=\"async\" class=\"alignnone size-large wp-image-5746\" src=\"https:\/\/agora.xtec.cat\/esc-elspicots\/wp-content\/uploads\/usu453\/2023\/05\/20230523_234423-825x1024.jpg\" alt=\"\" width=\"825\" height=\"1024\" srcset=\"https:\/\/agora.xtec.cat\/esc-elspicots\/wp-content\/uploads\/usu453\/2023\/05\/20230523_234423-825x1024.jpg 825w, https:\/\/agora.xtec.cat\/esc-elspicots\/wp-content\/uploads\/usu453\/2023\/05\/20230523_234423-242x300.jpg 242w, https:\/\/agora.xtec.cat\/esc-elspicots\/wp-content\/uploads\/usu453\/2023\/05\/20230523_234423-768x953.jpg 768w, https:\/\/agora.xtec.cat\/esc-elspicots\/wp-content\/uploads\/usu453\/2023\/05\/20230523_234423-1238x1536.jpg 1238w, https:\/\/agora.xtec.cat\/esc-elspicots\/wp-content\/uploads\/usu453\/2023\/05\/20230523_234423.jpg 1650w\" sizes=\"auto, (max-width: 825px) 100vw, 825px\" \/><\/a><\/p>\n","protected":false},"excerpt":{"rendered":"<p>La nostra escola participa a les Proves Cangur des de l&#8217;any 2015 als cursos de 5\u00e8 i 6\u00e8. Aquesta prova t\u00e9 format de concurs, per\u00f2 l\u2019aut\u00e8ntic objectiu \u00e9s que els i les alumnes hi participin i dediquin una estona especial a divertir-se tot resolent 24 reptes plantejats. Els problemes es basen m\u00e9s en el raonament [&hellip;]<\/p>\n","protected":false},"author":1,"featured_media":0,"parent":30,"menu_order":19,"comment_status":"closed","ping_status":"closed","template":"","meta":{"_bbp_topic_count":0,"_bbp_reply_count":0,"_bbp_total_topic_count":0,"_bbp_total_reply_count":0,"_bbp_voice_count":0,"_bbp_anonymous_reply_count":0,"_bbp_topic_count_hidden":0,"_bbp_reply_count_hidden":0,"_bbp_forum_subforum_count":0,"site-sidebar-layout":"default","site-content-layout":"","ast-site-content-layout":"","site-content-style":"default","site-sidebar-style":"default","ast-global-header-display":"","ast-banner-title-visibility":"","ast-main-header-display":"","ast-hfb-above-header-display":"","ast-hfb-below-header-display":"","ast-hfb-mobile-header-display":"","site-post-title":"","ast-breadcrumbs-content":"","ast-featured-img":"","footer-sml-layout":"","theme-transparent-header-meta":"","adv-header-id-meta":"","stick-header-meta":"","header-above-stick-meta":"","header-main-stick-meta":"","header-below-stick-meta":"","astra-migrate-meta-layouts":"default","ast-page-background-enabled":"default","ast-page-background-meta":{"desktop":{"background-color":"var(--ast-global-color-4)","background-image":"","background-repeat":"repeat","background-position":"center center","background-size":"auto","background-attachment":"scroll","background-type":"","background-media":"","overlay-type":"","overlay-color":"","overlay-opacity":"","overlay-gradient":""},"tablet":{"background-color":"","background-image":"","background-repeat":"repeat","background-position":"center center","background-size":"auto","background-attachment":"scroll","background-type":"","background-media":"","overlay-type":"","overlay-color":"","overlay-opacity":"","overlay-gradient":""},"mobile":{"background-color":"","background-image":"","background-repeat":"repeat","background-position":"center center","background-size":"auto","background-attachment":"scroll","background-type":"","background-media":"","overlay-type":"","overlay-color":"","overlay-opacity":"","overlay-gradient":""}},"ast-content-background-meta":{"desktop":{"background-color":"var(--ast-global-color-5)","background-image":"","background-repeat":"repeat","background-position":"center center","background-size":"auto","background-attachment":"scroll","background-type":"","background-media":"","overlay-type":"","overlay-color":"","overlay-opacity":"","overlay-gradient":""},"tablet":{"background-color":"var(--ast-global-color-5)","background-image":"","background-repeat":"repeat","background-position":"center center","background-size":"auto","background-attachment":"scroll","background-type":"","background-media":"","overlay-type":"","overlay-color":"","overlay-opacity":"","overlay-gradient":""},"mobile":{"background-color":"var(--ast-global-color-5)","background-image":"","background-repeat":"repeat","background-position":"center center","background-size":"auto","background-attachment":"scroll","background-type":"","background-media":"","overlay-type":"","overlay-color":"","overlay-opacity":"","overlay-gradient":""}},"footnotes":""},"class_list":["post-4844","page","type-page","status-publish","hentry"],"post_mailing_queue_ids":[],"_links":{"self":[{"href":"https:\/\/agora.xtec.cat\/esc-elspicots\/wp-json\/wp\/v2\/pages\/4844","targetHints":{"allow":["GET"]}}],"collection":[{"href":"https:\/\/agora.xtec.cat\/esc-elspicots\/wp-json\/wp\/v2\/pages"}],"about":[{"href":"https:\/\/agora.xtec.cat\/esc-elspicots\/wp-json\/wp\/v2\/types\/page"}],"author":[{"embeddable":true,"href":"https:\/\/agora.xtec.cat\/esc-elspicots\/wp-json\/wp\/v2\/users\/1"}],"replies":[{"embeddable":true,"href":"https:\/\/agora.xtec.cat\/esc-elspicots\/wp-json\/wp\/v2\/comments?post=4844"}],"version-history":[{"count":6,"href":"https:\/\/agora.xtec.cat\/esc-elspicots\/wp-json\/wp\/v2\/pages\/4844\/revisions"}],"predecessor-version":[{"id":6731,"href":"https:\/\/agora.xtec.cat\/esc-elspicots\/wp-json\/wp\/v2\/pages\/4844\/revisions\/6731"}],"up":[{"embeddable":true,"href":"https:\/\/agora.xtec.cat\/esc-elspicots\/wp-json\/wp\/v2\/pages\/30"}],"wp:attachment":[{"href":"https:\/\/agora.xtec.cat\/esc-elspicots\/wp-json\/wp\/v2\/media?parent=4844"}],"curies":[{"name":"wp","href":"https:\/\/api.w.org\/{rel}","templated":true}]}}