{"id":36,"date":"2014-09-18T12:33:11","date_gmt":"2014-09-18T12:33:11","guid":{"rendered":"http:\/\/agora.xtec.cat\/esc-elspicots\/?page_id=36"},"modified":"2026-03-02T12:19:00","modified_gmt":"2026-03-02T11:19:00","slug":"llibres","status":"publish","type":"page","link":"https:\/\/agora.xtec.cat\/esc-elspicots\/atencio-families\/llibres\/","title":{"rendered":"Material educatiu &#8211; Projectes"},"content":{"rendered":"<p><span style=\"font-size: large;\">Per fer front al pagament dels llibres de text, l<\/span><span style=\"font-family: inherit; font-size: large;\">a nostra escola est\u00e0 adherida al projecte &#8220;PFIDE&#8221; promogut per l&#8217;Ajuntament. L&#8217;objectiu d&#8217;aquest programa \u00e9s la gratu\u00eftat de llibres i el material did\u00e0ctic vinculat dels infants de 1r a 6\u00e8.<\/span><\/p>\n<p><span style=\"font-family: inherit; font-size: large;\">Per tal que les fam\u00edlies us pugueu adherir, heu de com<\/span><span style=\"font-family: inherit; font-size: large;\">pletar la sol\u00b7licitud que us farem arribar a inici de curs amb tota la informaci\u00f3 corresponent i fer un pagament de 10\u20ac a l&#8217;escola.<\/span><\/p>\n<table style=\"border-collapse: collapse; width: 65.6354%; height: 217px;\">\n<tbody>\n<tr style=\"height: 31px;\">\n<td style=\"width: 12.115%; height: 31px;\">CURS<\/td>\n<td style=\"width: 26.8994%; height: 31px;\">MATEM\u00c0TIQUES<\/td>\n<td style=\"width: 41.4784%; height: 31px;\">ANGL\u00c8S<\/td>\n<td style=\"width: 17.0431%; height: 31px;\">AGENDA<\/td>\n<\/tr>\n<tr>\n<td style=\"width: 12.115%;\">1r<\/td>\n<td style=\"width: 26.8994%;\">Projecte INNOVAMAT<\/td>\n<td style=\"width: 41.4784%;\">Material did\u00e0ctic Artigal<\/td>\n<td style=\"width: 17.0431%;\">Agenda<\/td>\n<\/tr>\n<tr style=\"height: 32px;\">\n<td style=\"width: 12.115%; height: 32px;\">2n<\/td>\n<td style=\"width: 26.8994%; height: 32px;\">Projecte INNOVAMAT<\/td>\n<td style=\"width: 41.4784%; height: 32px;\">Magic Stone:\u00a0 Super I &amp; Super You<\/td>\n<td style=\"width: 17.0431%; height: 32px;\">Agenda<\/td>\n<\/tr>\n<tr style=\"height: 32px;\">\n<td style=\"width: 12.115%; height: 32px;\">3r<\/td>\n<td style=\"width: 26.8994%; height: 32px;\">Projecte INNOVAMAT<\/td>\n<td style=\"width: 41.4784%; height: 32px;\">Magic Stone:\u00a0 Crazy Restaurant<\/td>\n<td style=\"width: 17.0431%; height: 32px;\">Agenda<\/td>\n<\/tr>\n<tr style=\"height: 32px;\">\n<td style=\"width: 12.115%; height: 32px;\">4t<\/td>\n<td style=\"width: 26.8994%; height: 32px;\">Projecte INNOVAMAT<\/td>\n<td style=\"width: 41.4784%; height: 32px;\">Magic Stone: Jungle Joke<\/td>\n<td style=\"width: 17.0431%; height: 32px;\">Agenda<\/td>\n<\/tr>\n<tr style=\"height: 32px;\">\n<td style=\"width: 12.115%; height: 32px;\">5\u00e8<\/td>\n<td style=\"width: 26.8994%; height: 32px;\">Projecte INNOVAMAT<\/td>\n<td style=\"width: 41.4784%; height: 32px;\">&#8212;&#8212;&#8212;&#8211;<\/td>\n<td style=\"width: 17.0431%; height: 32px;\">Agenda<\/td>\n<\/tr>\n<tr style=\"height: 32px;\">\n<td style=\"width: 12.115%; height: 32px;\">6\u00e8<\/td>\n<td style=\"width: 26.8994%; height: 32px;\">Projecte INNOVAMAT<\/td>\n<td style=\"width: 41.4784%; height: 32px;\">&#8212;&#8212;&#8212;&#8211;<\/td>\n<td style=\"width: 17.0431%; height: 32px;\">Agenda<\/td>\n<\/tr>\n<\/tbody>\n<\/table>\n","protected":false},"excerpt":{"rendered":"<p>Per fer front al pagament dels llibres de text, la nostra escola est\u00e0 adherida al projecte &#8220;PFIDE&#8221; promogut per l&#8217;Ajuntament. L&#8217;objectiu d&#8217;aquest programa \u00e9s la gratu\u00eftat de llibres i el material did\u00e0ctic vinculat dels infants de 1r a 6\u00e8. Per tal que les fam\u00edlies us pugueu adherir, heu de completar la sol\u00b7licitud que us farem [&hellip;]<\/p>\n","protected":false},"author":2,"featured_media":0,"parent":237,"menu_order":4,"comment_status":"closed","ping_status":"closed","template":"","meta":{"_bbp_topic_count":0,"_bbp_reply_count":0,"_bbp_total_topic_count":0,"_bbp_total_reply_count":0,"_bbp_voice_count":0,"_bbp_anonymous_reply_count":0,"_bbp_topic_count_hidden":0,"_bbp_reply_count_hidden":0,"_bbp_forum_subforum_count":0,"site-sidebar-layout":"default","site-content-layout":"","ast-site-content-layout":"","site-content-style":"default","site-sidebar-style":"default","ast-global-header-display":"","ast-banner-title-visibility":"","ast-main-header-display":"","ast-hfb-above-header-display":"","ast-hfb-below-header-display":"","ast-hfb-mobile-header-display":"","site-post-title":"","ast-breadcrumbs-content":"","ast-featured-img":"","footer-sml-layout":"","theme-transparent-header-meta":"","adv-header-id-meta":"","stick-header-meta":"","header-above-stick-meta":"","header-main-stick-meta":"","header-below-stick-meta":"","astra-migrate-meta-layouts":"default","ast-page-background-enabled":"default","ast-page-background-meta":{"desktop":{"background-color":"var(--ast-global-color-4)","background-image":"","background-repeat":"repeat","background-position":"center center","background-size":"auto","background-attachment":"scroll","background-type":"","background-media":"","overlay-type":"","overlay-color":"","overlay-opacity":"","overlay-gradient":""},"tablet":{"background-color":"","background-image":"","background-repeat":"repeat","background-position":"center center","background-size":"auto","background-attachment":"scroll","background-type":"","background-media":"","overlay-type":"","overlay-color":"","overlay-opacity":"","overlay-gradient":""},"mobile":{"background-color":"","background-image":"","background-repeat":"repeat","background-position":"center center","background-size":"auto","background-attachment":"scroll","background-type":"","background-media":"","overlay-type":"","overlay-color":"","overlay-opacity":"","overlay-gradient":""}},"ast-content-background-meta":{"desktop":{"background-color":"var(--ast-global-color-5)","background-image":"","background-repeat":"repeat","background-position":"center center","background-size":"auto","background-attachment":"scroll","background-type":"","background-media":"","overlay-type":"","overlay-color":"","overlay-opacity":"","overlay-gradient":""},"tablet":{"background-color":"var(--ast-global-color-5)","background-image":"","background-repeat":"repeat","background-position":"center center","background-size":"auto","background-attachment":"scroll","background-type":"","background-media":"","overlay-type":"","overlay-color":"","overlay-opacity":"","overlay-gradient":""},"mobile":{"background-color":"var(--ast-global-color-5)","background-image":"","background-repeat":"repeat","background-position":"center center","background-size":"auto","background-attachment":"scroll","background-type":"","background-media":"","overlay-type":"","overlay-color":"","overlay-opacity":"","overlay-gradient":""}},"footnotes":""},"class_list":["post-36","page","type-page","status-publish","hentry"],"post_mailing_queue_ids":[],"_links":{"self":[{"href":"https:\/\/agora.xtec.cat\/esc-elspicots\/wp-json\/wp\/v2\/pages\/36","targetHints":{"allow":["GET"]}}],"collection":[{"href":"https:\/\/agora.xtec.cat\/esc-elspicots\/wp-json\/wp\/v2\/pages"}],"about":[{"href":"https:\/\/agora.xtec.cat\/esc-elspicots\/wp-json\/wp\/v2\/types\/page"}],"author":[{"embeddable":true,"href":"https:\/\/agora.xtec.cat\/esc-elspicots\/wp-json\/wp\/v2\/users\/2"}],"replies":[{"embeddable":true,"href":"https:\/\/agora.xtec.cat\/esc-elspicots\/wp-json\/wp\/v2\/comments?post=36"}],"version-history":[{"count":6,"href":"https:\/\/agora.xtec.cat\/esc-elspicots\/wp-json\/wp\/v2\/pages\/36\/revisions"}],"predecessor-version":[{"id":2582,"href":"https:\/\/agora.xtec.cat\/esc-elspicots\/wp-json\/wp\/v2\/pages\/36\/revisions\/2582"}],"up":[{"embeddable":true,"href":"https:\/\/agora.xtec.cat\/esc-elspicots\/wp-json\/wp\/v2\/pages\/237"}],"wp:attachment":[{"href":"https:\/\/agora.xtec.cat\/esc-elspicots\/wp-json\/wp\/v2\/media?parent=36"}],"curies":[{"name":"wp","href":"https:\/\/api.w.org\/{rel}","templated":true}]}}