{"id":7,"date":"2014-09-17T15:07:41","date_gmt":"2014-09-17T14:07:41","guid":{"rendered":"http:\/\/agora.xtec.cat\/esc-elsalocs\/?page_id=7"},"modified":"2026-04-15T09:32:38","modified_gmt":"2026-04-15T07:32:38","slug":"pagines-dinici","status":"publish","type":"page","link":"https:\/\/agora.xtec.cat\/esc-elsalocs\/","title":{"rendered":"Preinscripci\u00f3 Curs 2026-27 i documentaci\u00f3 d&#8217;inter\u00e8s"},"content":{"rendered":"<h1 style=\"text-align: center;\"><\/h1>\n<h1 style=\"text-align: center;\"><a href=\"https:\/\/drive.google.com\/file\/d\/1_dpNNp2jlanukqnY-Au5YFhjQ2b_ggO-\/view?usp=sharing\"><strong>LLISTA AMB LA PUNTUACI\u00d3 PROVISIONAL\u00a0<\/strong><\/a><\/h1>\n<p>Presentaci\u00f3 de reclamacions del 15 al 20 d&#8217;abril.<\/p>\n<p>&nbsp;<\/p>\n<h4><strong><span style=\"text-decoration: underline;\">Documentaci\u00f3 d&#8217;inter\u00e8s:<\/span><\/strong><\/h4>\n<h6><a href=\"https:\/\/drive.google.com\/file\/d\/1miV8VXsTdGyLBzdLTksrsoH_IPdBlU2D\/view?usp=sharing\">llibret de les portes obertes<\/a><\/h6>\n<h6><strong><a href=\"https:\/\/agora.xtec.cat\/esc-elsalocs\/lescola\/preguntes-frequents\/\">preguntes freq\u00fcents<\/a><\/strong><\/h6>\n<h6><strong><a href=\"https:\/\/drive.google.com\/file\/d\/1ruHBvHcmAD0nvigNKzfbGJD5kgG7tIRz\/view?usp=drive_link\">projecte educatiu<\/a><\/strong><\/h6>\n<h6><a href=\"https:\/\/drive.google.com\/file\/d\/1Om2LRd4A47bfGbhhocsIcq01n6KwdrWn\/view?usp=sharing\">v\u00eddeo escola els alocs 1<\/a><\/h6>\n<h6><a href=\"https:\/\/drive.google.com\/file\/d\/183q4Z4lMSqczzB5gXqq4PgkMzxh5mGKx\/view?usp=sharing\">v\u00eddeo escola els alocs 2<\/a><\/h6>\n<h6>Com s&#8217;apr\u00e8n: <strong><span style=\"color: #ff6600;\"><a style=\"color: #ff6600;\" href=\"https:\/\/drive.google.com\/file\/d\/1hhgv5bIhNw-MLmDhIOtfhbAhCGGfWW6l\/view?usp=sharing\">flexibilitat<\/a><\/span><\/strong>, <a href=\"https:\/\/drive.google.com\/file\/d\/1KPY5-IiypQLQ0GsMrDZydocOONqEkpNn\/view?usp=sharing\"><strong><span style=\"color: #0000ff;\">autonomia<\/span><\/strong><\/a>, <a href=\"https:\/\/drive.google.com\/file\/d\/1_r9YnbuONVWMUSBxDQLHqZ8Wz8ZkCqo0\/view?usp=sharing\"><strong><span style=\"color: #ff00ff;\">consci\u00e8ncia d&#8217;un mateix<\/span><\/strong><\/a>, <strong><a href=\"https:\/\/drive.google.com\/file\/d\/175EajIyAIOhtUDnttz1USdxpSbifejiF\/view?usp=sharing\"><span style=\"color: #ff9900;\">motivaci\u00f3<\/span><\/a> <\/strong>i <span style=\"color: #008000;\"><strong><a style=\"color: #008000;\" href=\"https:\/\/drive.google.com\/file\/d\/1F6M2OZbregYMpBcdUnE3Z4ZyYeZh45-6\/view?usp=sharing\">conversa<\/a><\/strong>.<\/span><\/h6>\n","protected":false},"excerpt":{"rendered":"<p>LLISTA AMB LA PUNTUACI\u00d3 PROVISIONAL\u00a0 Presentaci\u00f3 de reclamacions del 15 al 20 d&#8217;abril. &nbsp; Documentaci\u00f3 d&#8217;inter\u00e8s: llibret de les portes obertes preguntes freq\u00fcents projecte educatiu v\u00eddeo escola els alocs 1 v\u00eddeo escola els alocs 2 Com s&#8217;apr\u00e8n: flexibilitat, autonomia, consci\u00e8ncia d&#8217;un mateix, motivaci\u00f3 i conversa.<\/p>\n","protected":false},"author":1,"featured_media":0,"parent":0,"menu_order":0,"comment_status":"closed","ping_status":"closed","template":"","meta":{"_bbp_topic_count":0,"_bbp_reply_count":0,"_bbp_total_topic_count":0,"_bbp_total_reply_count":0,"_bbp_voice_count":0,"_bbp_anonymous_reply_count":0,"_bbp_topic_count_hidden":0,"_bbp_reply_count_hidden":0,"_bbp_forum_subforum_count":0,"site-sidebar-layout":"default","site-content-layout":"","ast-site-content-layout":"default","site-content-style":"default","site-sidebar-style":"default","ast-global-header-display":"","ast-banner-title-visibility":"","ast-main-header-display":"","ast-hfb-above-header-display":"","ast-hfb-below-header-display":"","ast-hfb-mobile-header-display":"","site-post-title":"","ast-breadcrumbs-content":"","ast-featured-img":"","footer-sml-layout":"","theme-transparent-header-meta":"default","adv-header-id-meta":"","stick-header-meta":"","header-above-stick-meta":"","header-main-stick-meta":"","header-below-stick-meta":"","astra-migrate-meta-layouts":"set","ast-page-background-enabled":"default","ast-page-background-meta":{"desktop":{"background-color":"var(--ast-global-color-4)","background-image":"","background-repeat":"repeat","background-position":"center center","background-size":"auto","background-attachment":"scroll","background-type":"","background-media":"","overlay-type":"","overlay-color":"","overlay-opacity":"","overlay-gradient":""},"tablet":{"background-color":"","background-image":"","background-repeat":"repeat","background-position":"center center","background-size":"auto","background-attachment":"scroll","background-type":"","background-media":"","overlay-type":"","overlay-color":"","overlay-opacity":"","overlay-gradient":""},"mobile":{"background-color":"","background-image":"","background-repeat":"repeat","background-position":"center center","background-size":"auto","background-attachment":"scroll","background-type":"","background-media":"","overlay-type":"","overlay-color":"","overlay-opacity":"","overlay-gradient":""}},"ast-content-background-meta":{"desktop":{"background-color":"var(--ast-global-color-5)","background-image":"","background-repeat":"repeat","background-position":"center center","background-size":"auto","background-attachment":"scroll","background-type":"","background-media":"","overlay-type":"","overlay-color":"","overlay-opacity":"","overlay-gradient":""},"tablet":{"background-color":"var(--ast-global-color-5)","background-image":"","background-repeat":"repeat","background-position":"center center","background-size":"auto","background-attachment":"scroll","background-type":"","background-media":"","overlay-type":"","overlay-color":"","overlay-opacity":"","overlay-gradient":""},"mobile":{"background-color":"var(--ast-global-color-5)","background-image":"","background-repeat":"repeat","background-position":"center center","background-size":"auto","background-attachment":"scroll","background-type":"","background-media":"","overlay-type":"","overlay-color":"","overlay-opacity":"","overlay-gradient":""}},"footnotes":""},"class_list":["post-7","page","type-page","status-publish","hentry"],"post_mailing_queue_ids":[],"_links":{"self":[{"href":"https:\/\/agora.xtec.cat\/esc-elsalocs\/wp-json\/wp\/v2\/pages\/7","targetHints":{"allow":["GET"]}}],"collection":[{"href":"https:\/\/agora.xtec.cat\/esc-elsalocs\/wp-json\/wp\/v2\/pages"}],"about":[{"href":"https:\/\/agora.xtec.cat\/esc-elsalocs\/wp-json\/wp\/v2\/types\/page"}],"author":[{"embeddable":true,"href":"https:\/\/agora.xtec.cat\/esc-elsalocs\/wp-json\/wp\/v2\/users\/1"}],"replies":[{"embeddable":true,"href":"https:\/\/agora.xtec.cat\/esc-elsalocs\/wp-json\/wp\/v2\/comments?post=7"}],"version-history":[{"count":9,"href":"https:\/\/agora.xtec.cat\/esc-elsalocs\/wp-json\/wp\/v2\/pages\/7\/revisions"}],"predecessor-version":[{"id":4656,"href":"https:\/\/agora.xtec.cat\/esc-elsalocs\/wp-json\/wp\/v2\/pages\/7\/revisions\/4656"}],"wp:attachment":[{"href":"https:\/\/agora.xtec.cat\/esc-elsalocs\/wp-json\/wp\/v2\/media?parent=7"}],"curies":[{"name":"wp","href":"https:\/\/api.w.org\/{rel}","templated":true}]}}