{"id":549,"date":"2016-11-08T18:53:02","date_gmt":"2016-11-08T17:53:02","guid":{"rendered":"http:\/\/agora.xtec.cat\/esc-elsalocs\/?page_id=549"},"modified":"2025-09-04T10:15:23","modified_gmt":"2025-09-04T08:15:23","slug":"impresos","status":"publish","type":"page","link":"https:\/\/agora.xtec.cat\/esc-elsalocs\/informacions-generals\/impresos\/","title":{"rendered":"Impresos"},"content":{"rendered":"<h3><strong><span style=\"color: #cc99ff;\">Impresos per consultar i descarregar<\/span><\/strong><\/h3>\n<p>En aquesta p\u00e0gina trobareu els documents per consultar i descarregar i entregar a l&#8217;escola, per\u00f2 tamb\u00e9 els podeu demanar a l&#8217;administraci\u00f3 de l&#8217;escola.<\/p>\n<p><a href=\"https:\/\/drive.google.com\/file\/d\/1_7NGUFTKXv-5xc5MMBDs0k9K4BPdGsbL\/view?usp=sharing\"><strong>Carta comprom\u00eds educatiu<\/strong><\/a><\/p>\n<p>Document que expressa els objectius per assolir un entorn de conviv\u00e8ncia i respecte pel desenvolupament de les activitats educatives.<\/p>\n<p><a href=\"https:\/\/drive.google.com\/file\/d\/1x2Lj1b6-7_6Zubn-WuN4K69W6WkIITXk\/view?usp=sharing\"><b>Incid\u00e8ncies puntuals<\/b><\/a><\/p>\n<p>Notificaci\u00f3 d&#8217;imprevistos que poden comportar canvis en la rutina di\u00e0ria del vostre fill o filla: canvi d\u2019hora de sortir de l\u2019escola, canvi de persona que recull l&#8217;infant i autoritzaci\u00f3 per l&#8217;administraci\u00f3 de medicaments.<\/p>\n<p><a href=\"https:\/\/drive.google.com\/file\/d\/1fBV6wMRx_M7F4cEpibbTGVUDIMmcu9O4\/view?usp=sharing\"><b>Autoritzaci\u00f3 sortir de l&#8217;escola<\/b><\/a><\/p>\n<p>Document que autoritza l&#8217;alumnat a sortir de l&#8217;escola en finalitzar la jornada escolar sense l&#8217;acompanyament d&#8217;una persona adulta.<\/p>\n<p><strong><a href=\"https:\/\/drive.google.com\/file\/d\/1EcKuBwFYGcB8b8f-W75Ap_lUi6ggFxy7\/view?usp=sharing\">Autoritzaci\u00f3 per rentar-se les dents en l&#8217;espai del migdia (nom\u00e9s Educaci\u00f3 Prim\u00e0ria)<\/a><\/strong><\/p>\n<p>Autoritzaci\u00f3 perqu\u00e8 l&#8217;alumnat d&#8217;Educaci\u00f3 Prim\u00e0ria es pugui rentar les dents despr\u00e9s de dinar.<\/p>\n<p><a href=\"https:\/\/drive.google.com\/file\/d\/14IVjo67939YzpaRmhJfr499c5R7cmEjU\/view?usp=sharing\"><b>Quota per material i sortides a Educaci\u00f3 Infantil i Educaci\u00f3 Prim\u00e0ria<\/b><\/a><\/p>\n<p>Document sobre l&#8217;aportaci\u00f3 de les fam\u00edlies d&#8217;E<b>ducaci\u00f3 Infantil i Educaci\u00f3 Prim\u00e0ria<\/b> en concepte de material escolar i sortides del curs actual.<\/p>\n<p><a href=\"https:\/\/drive.google.com\/file\/d\/1ynbN9VNmSKGhIuBauXXcNeWk55vj740e\/view?usp=sharing\"><b>Autoritzaci\u00f3 per fer activitats fora del centre<\/b><\/a><\/p>\n<p>Autoritzaci\u00f3 per a les activitats fora del recinte escolar.<\/p>\n<p><a href=\"https:\/\/drive.google.com\/file\/d\/1ST1EK38g_xgnoQJw95lUMKxK9pRCrJq7\/view?usp=sharing\"><b>Autoritzaci\u00f3 imatge<\/b><\/a><\/p>\n<p>Autoritzaci\u00f3 per a la utilitzaci\u00f3 de fotografies en la p\u00e0gina web de l&#8217;escola i publicacions escolars.<\/p>\n<p><a href=\"https:\/\/drive.google.com\/file\/d\/17qQ76qvKP0jAa0cmhYzElW8QHLSNVLD_\/view?usp=sharing\"><b>Q\u00fcestionari inicial i-3<\/b><\/a><\/p>\n<p>Dades que ens ajuden a con\u00e8ixer millor els infants.<\/p>\n<p><a href=\"http:\/\/www.xtec.cat\/centres\/a8058374\/impresos\/questionari_alumnes_nous.pdf\"><b>Q\u00fcestionari alumnes nous<\/b><\/a><\/p>\n<p>Dades que ens ajuden a con\u00e8ixer millor les nenes i els nens que s&#8217;incorporen a partir d&#8217;i4.<\/p>\n<p><a href=\"https:\/\/drive.google.com\/file\/d\/1agnAR3viuFLcxPOblZy8WNs_asDPNt3d\/view?usp=sharing\"><b>Protocol accidents<\/b><\/a><\/p>\n<p>En cas d&#8217;accident, autoritzaci\u00f3 per les decisions medicoquir\u00fargiques aconsellades pel personal sanitari.<\/p>\n<p><a href=\"http:\/\/www.xtec.cat\/centres\/a8058374\/impresos\/administracio_paracetamol.pdf\"><b>Autoritzaci\u00f3 administraci\u00f3 paracetamol<\/b><\/a><\/p>\n<p>Per administrar el paracetamol als infants a les escoles, cal tenir l&#8217;autoritzaci\u00f3 del pare, mare o tutor.<\/p>\n<div class=\"itanywhere-activator\" style=\"left: 210px; top: 361px; display: none;\" title=\"Google Translator Anywhere\"><\/div>\n<div class=\"itanywhere-activator\" style=\"left: 220px; top: 940px; display: none;\" title=\"Google Translator Anywhere\"><\/div>\n","protected":false},"excerpt":{"rendered":"<p>Impresos per consultar i descarregar En aquesta p\u00e0gina trobareu els documents per consultar i descarregar i entregar a l&#8217;escola, per\u00f2 tamb\u00e9 els podeu demanar a l&#8217;administraci\u00f3 de l&#8217;escola. Carta comprom\u00eds educatiu Document que expressa els objectius per assolir un entorn de conviv\u00e8ncia i respecte pel desenvolupament de les activitats educatives. Incid\u00e8ncies puntuals Notificaci\u00f3 d&#8217;imprevistos que [&hellip;]<\/p>\n","protected":false},"author":1,"featured_media":0,"parent":501,"menu_order":3,"comment_status":"closed","ping_status":"closed","template":"page-templates\/side-menu.php","meta":{"_bbp_topic_count":0,"_bbp_reply_count":0,"_bbp_total_topic_count":0,"_bbp_total_reply_count":0,"_bbp_voice_count":0,"_bbp_anonymous_reply_count":0,"_bbp_topic_count_hidden":0,"_bbp_reply_count_hidden":0,"_bbp_forum_subforum_count":0,"site-sidebar-layout":"default","site-content-layout":"","ast-site-content-layout":"","site-content-style":"default","site-sidebar-style":"default","ast-global-header-display":"","ast-banner-title-visibility":"","ast-main-header-display":"","ast-hfb-above-header-display":"","ast-hfb-below-header-display":"","ast-hfb-mobile-header-display":"","site-post-title":"","ast-breadcrumbs-content":"","ast-featured-img":"","footer-sml-layout":"","theme-transparent-header-meta":"","adv-header-id-meta":"","stick-header-meta":"","header-above-stick-meta":"","header-main-stick-meta":"","header-below-stick-meta":"","astra-migrate-meta-layouts":"default","ast-page-background-enabled":"default","ast-page-background-meta":{"desktop":{"background-color":"var(--ast-global-color-4)","background-image":"","background-repeat":"repeat","background-position":"center center","background-size":"auto","background-attachment":"scroll","background-type":"","background-media":"","overlay-type":"","overlay-color":"","overlay-opacity":"","overlay-gradient":""},"tablet":{"background-color":"","background-image":"","background-repeat":"repeat","background-position":"center center","background-size":"auto","background-attachment":"scroll","background-type":"","background-media":"","overlay-type":"","overlay-color":"","overlay-opacity":"","overlay-gradient":""},"mobile":{"background-color":"","background-image":"","background-repeat":"repeat","background-position":"center center","background-size":"auto","background-attachment":"scroll","background-type":"","background-media":"","overlay-type":"","overlay-color":"","overlay-opacity":"","overlay-gradient":""}},"ast-content-background-meta":{"desktop":{"background-color":"var(--ast-global-color-5)","background-image":"","background-repeat":"repeat","background-position":"center center","background-size":"auto","background-attachment":"scroll","background-type":"","background-media":"","overlay-type":"","overlay-color":"","overlay-opacity":"","overlay-gradient":""},"tablet":{"background-color":"var(--ast-global-color-5)","background-image":"","background-repeat":"repeat","background-position":"center center","background-size":"auto","background-attachment":"scroll","background-type":"","background-media":"","overlay-type":"","overlay-color":"","overlay-opacity":"","overlay-gradient":""},"mobile":{"background-color":"var(--ast-global-color-5)","background-image":"","background-repeat":"repeat","background-position":"center center","background-size":"auto","background-attachment":"scroll","background-type":"","background-media":"","overlay-type":"","overlay-color":"","overlay-opacity":"","overlay-gradient":""}},"footnotes":""},"class_list":["post-549","page","type-page","status-publish","hentry"],"post_mailing_queue_ids":[],"_links":{"self":[{"href":"https:\/\/agora.xtec.cat\/esc-elsalocs\/wp-json\/wp\/v2\/pages\/549","targetHints":{"allow":["GET"]}}],"collection":[{"href":"https:\/\/agora.xtec.cat\/esc-elsalocs\/wp-json\/wp\/v2\/pages"}],"about":[{"href":"https:\/\/agora.xtec.cat\/esc-elsalocs\/wp-json\/wp\/v2\/types\/page"}],"author":[{"embeddable":true,"href":"https:\/\/agora.xtec.cat\/esc-elsalocs\/wp-json\/wp\/v2\/users\/1"}],"replies":[{"embeddable":true,"href":"https:\/\/agora.xtec.cat\/esc-elsalocs\/wp-json\/wp\/v2\/comments?post=549"}],"version-history":[{"count":7,"href":"https:\/\/agora.xtec.cat\/esc-elsalocs\/wp-json\/wp\/v2\/pages\/549\/revisions"}],"predecessor-version":[{"id":5068,"href":"https:\/\/agora.xtec.cat\/esc-elsalocs\/wp-json\/wp\/v2\/pages\/549\/revisions\/5068"}],"up":[{"embeddable":true,"href":"https:\/\/agora.xtec.cat\/esc-elsalocs\/wp-json\/wp\/v2\/pages\/501"}],"wp:attachment":[{"href":"https:\/\/agora.xtec.cat\/esc-elsalocs\/wp-json\/wp\/v2\/media?parent=549"}],"curies":[{"name":"wp","href":"https:\/\/api.w.org\/{rel}","templated":true}]}}