{"id":505,"date":"2016-10-03T13:22:27","date_gmt":"2016-10-03T11:22:27","guid":{"rendered":"http:\/\/agora.xtec.cat\/esc-elsalocs\/?page_id=505"},"modified":"2025-06-19T12:13:40","modified_gmt":"2025-06-19T10:13:40","slug":"ed-infantil-que-cal-portar","status":"publish","type":"page","link":"https:\/\/agora.xtec.cat\/esc-elsalocs\/informacions-generals\/ed-infantil-que-cal-portar\/","title":{"rendered":"Qu\u00e8 cal portar a i4 i i5"},"content":{"rendered":"<p class=\"p1\">En aquesta p\u00e0gina us expliquem el material que cal portar els cursos\u00a0d&#8217;i4 i i5.<\/p>\n<h4><strong><span style=\"color: #cc99ff;\">Material per l&#8217;aula<\/span><\/strong><\/h4>\n<p>Una <strong><span style=\"color: #339966;\">bata<\/span><\/strong> cordada al davant amb goma als punys i goma el\u00e0stica per penjar-la b\u00e9. La bata tornar\u00e0 a casa els divendres i quan es cregui oport\u00fa. Recordeu posar-hi el nom!<\/p>\n<p>Una <strong><span style=\"color: #339966;\">bosseta i tovall\u00f3<\/span><\/strong> per l\u2019esmorzar.<\/p>\n<p>Una <strong><span style=\"color: #339966;\">ampolla<\/span><\/strong>, tipus cantimplora o termo petit. Aquesta cantimplora ha de cabre dins la bosseta de l\u2019esmorzar perqu\u00e8 anir\u00e0 i vindr\u00e0 de l\u2019escola a casa i de casa a l\u2019escola cada dia.<\/p>\n<p>Una <strong><span style=\"color: #339966;\">muda<\/span><\/strong> completa a dins d\u2019una bossa. Les mestres us avisaran per canviar la muda quan canvi\u00ef el temps.<\/p>\n<p>Una capsa de <span style=\"color: #339966;\"><strong>mocadors de paper<\/strong><\/span>. S\u00f3n d&#8217;\u00fas col\u00b7lectiu i en tornarem a demanar quan s&#8217;acabin.<\/p>\n<p>Uns <span style=\"color: #339966;\"><strong>mitjons antilliscants<\/strong><\/span> per anar al gimn\u00e0s marcats amb el nom. Serviran per a l&#8217;activitat de psicomotricitat i dansa. Es quedaran a l&#8217;escola.<\/p>\n<h4><strong><span style=\"color: #cc99ff;\">Material per l&#8217;espai del migdia<\/span><\/strong><\/h4>\n<p class=\"p1\"><span style=\"color: #339966;\"><strong>Tovall\u00f3 de roba i got<\/strong><\/span> de pl\u00e0stic per desar-lo. El proporciona l&#8217;escola.<\/p>\n","protected":false},"excerpt":{"rendered":"<p>En aquesta p\u00e0gina us expliquem el material que cal portar els cursos\u00a0d&#8217;i4 i i5. Material per l&#8217;aula Una bata cordada al davant amb goma als punys i goma el\u00e0stica per penjar-la b\u00e9. La bata tornar\u00e0 a casa els divendres i quan es cregui oport\u00fa. Recordeu posar-hi el nom! Una bosseta i tovall\u00f3 per l\u2019esmorzar. Una [&hellip;]<\/p>\n","protected":false},"author":1,"featured_media":0,"parent":501,"menu_order":4,"comment_status":"closed","ping_status":"closed","template":"page-templates\/side-menu.php","meta":{"_bbp_topic_count":0,"_bbp_reply_count":0,"_bbp_total_topic_count":0,"_bbp_total_reply_count":0,"_bbp_voice_count":0,"_bbp_anonymous_reply_count":0,"_bbp_topic_count_hidden":0,"_bbp_reply_count_hidden":0,"_bbp_forum_subforum_count":0,"site-sidebar-layout":"default","site-content-layout":"","ast-site-content-layout":"","site-content-style":"default","site-sidebar-style":"default","ast-global-header-display":"","ast-banner-title-visibility":"","ast-main-header-display":"","ast-hfb-above-header-display":"","ast-hfb-below-header-display":"","ast-hfb-mobile-header-display":"","site-post-title":"","ast-breadcrumbs-content":"","ast-featured-img":"","footer-sml-layout":"","theme-transparent-header-meta":"","adv-header-id-meta":"","stick-header-meta":"","header-above-stick-meta":"","header-main-stick-meta":"","header-below-stick-meta":"","astra-migrate-meta-layouts":"default","ast-page-background-enabled":"default","ast-page-background-meta":{"desktop":{"background-color":"var(--ast-global-color-4)","background-image":"","background-repeat":"repeat","background-position":"center center","background-size":"auto","background-attachment":"scroll","background-type":"","background-media":"","overlay-type":"","overlay-color":"","overlay-opacity":"","overlay-gradient":""},"tablet":{"background-color":"","background-image":"","background-repeat":"repeat","background-position":"center center","background-size":"auto","background-attachment":"scroll","background-type":"","background-media":"","overlay-type":"","overlay-color":"","overlay-opacity":"","overlay-gradient":""},"mobile":{"background-color":"","background-image":"","background-repeat":"repeat","background-position":"center center","background-size":"auto","background-attachment":"scroll","background-type":"","background-media":"","overlay-type":"","overlay-color":"","overlay-opacity":"","overlay-gradient":""}},"ast-content-background-meta":{"desktop":{"background-color":"var(--ast-global-color-5)","background-image":"","background-repeat":"repeat","background-position":"center center","background-size":"auto","background-attachment":"scroll","background-type":"","background-media":"","overlay-type":"","overlay-color":"","overlay-opacity":"","overlay-gradient":""},"tablet":{"background-color":"var(--ast-global-color-5)","background-image":"","background-repeat":"repeat","background-position":"center center","background-size":"auto","background-attachment":"scroll","background-type":"","background-media":"","overlay-type":"","overlay-color":"","overlay-opacity":"","overlay-gradient":""},"mobile":{"background-color":"var(--ast-global-color-5)","background-image":"","background-repeat":"repeat","background-position":"center center","background-size":"auto","background-attachment":"scroll","background-type":"","background-media":"","overlay-type":"","overlay-color":"","overlay-opacity":"","overlay-gradient":""}},"footnotes":""},"class_list":["post-505","page","type-page","status-publish","hentry"],"post_mailing_queue_ids":[],"_links":{"self":[{"href":"https:\/\/agora.xtec.cat\/esc-elsalocs\/wp-json\/wp\/v2\/pages\/505","targetHints":{"allow":["GET"]}}],"collection":[{"href":"https:\/\/agora.xtec.cat\/esc-elsalocs\/wp-json\/wp\/v2\/pages"}],"about":[{"href":"https:\/\/agora.xtec.cat\/esc-elsalocs\/wp-json\/wp\/v2\/types\/page"}],"author":[{"embeddable":true,"href":"https:\/\/agora.xtec.cat\/esc-elsalocs\/wp-json\/wp\/v2\/users\/1"}],"replies":[{"embeddable":true,"href":"https:\/\/agora.xtec.cat\/esc-elsalocs\/wp-json\/wp\/v2\/comments?post=505"}],"version-history":[{"count":6,"href":"https:\/\/agora.xtec.cat\/esc-elsalocs\/wp-json\/wp\/v2\/pages\/505\/revisions"}],"predecessor-version":[{"id":5072,"href":"https:\/\/agora.xtec.cat\/esc-elsalocs\/wp-json\/wp\/v2\/pages\/505\/revisions\/5072"}],"up":[{"embeddable":true,"href":"https:\/\/agora.xtec.cat\/esc-elsalocs\/wp-json\/wp\/v2\/pages\/501"}],"wp:attachment":[{"href":"https:\/\/agora.xtec.cat\/esc-elsalocs\/wp-json\/wp\/v2\/media?parent=505"}],"curies":[{"name":"wp","href":"https:\/\/api.w.org\/{rel}","templated":true}]}}