{"id":4679,"date":"2024-02-29T13:06:47","date_gmt":"2024-02-29T12:06:47","guid":{"rendered":"https:\/\/agora.xtec.cat\/esc-elsalocs\/?page_id=4679"},"modified":"2026-04-29T16:10:34","modified_gmt":"2026-04-29T14:10:34","slug":"calendari-del-proces-de-preinscripcio","status":"publish","type":"page","link":"https:\/\/agora.xtec.cat\/esc-elsalocs\/preinscripcio-i-matricula-2024-2025\/calendari-del-proces-de-preinscripcio\/","title":{"rendered":"Calendari del proc\u00e9s de preinscripci\u00f3"},"content":{"rendered":"<ul>\n<li><a href=\"https:\/\/drive.google.com\/file\/d\/15n_dsk32DCkPAi4umG0mVdUxOvCabCiA\/view?usp=sharing\">Publicaci\u00f3 de l&#8217;oferta inicial &#8211; 3 de mar\u00e7<\/a><\/li>\n<li>Per\u00edode de preinscripci\u00f3 &#8211; 4 al 18 de mar\u00e7<\/li>\n<li><a href=\"https:\/\/drive.google.com\/file\/d\/1_dpNNp2jlanukqnY-Au5YFhjQ2b_ggO-\/view?usp=sharing\">Publicaci\u00f3 de la llista amb la puntuaci\u00f3 provisional &#8211; 15 d&#8217; abril<\/a><\/li>\n<li>Presentaci\u00f3 de reclamacions &#8211; 15 al 20 d&#8217;abril<\/li>\n<li><a href=\"https:\/\/drive.google.com\/file\/d\/1KtPOOVrubj-FEnqtBVcgyJZ7_HlgIVSE\/view?usp=sharing\">Publicaci\u00f3 de la llista un cop resoltes les reclamacions &#8211; 23 d&#8217;abril<\/a><\/li>\n<li>Sorteig de desempat \u00a0&#8211; <strong>42.129<\/strong><\/li>\n<li><a href=\"https:\/\/drive.google.com\/file\/d\/1BPtyFmDEJz8UaNHywq6R7SMC-O_LoqFN\/view?usp=sharing\">Publicaci\u00f3 de la llista ordenada &#8211; 29 d&#8217;abril<\/a><\/li>\n<li>Publicaci\u00f3 de l&#8217;oferta final &#8211; 10 de juny<\/li>\n<li>Publicaci\u00f3 de la llista d&#8217;admesos &#8211; 10 de juny<\/li>\n<li>llista d&#8217;espera &#8211; 10 de juny<\/li>\n<li>Per\u00edode de matriculaci\u00f3 &#8211; 22 al 30 de juny<\/li>\n<\/ul>\n","protected":false},"excerpt":{"rendered":"<p>Publicaci\u00f3 de l&#8217;oferta inicial &#8211; 3 de mar\u00e7 Per\u00edode de preinscripci\u00f3 &#8211; 4 al 18 de mar\u00e7 Publicaci\u00f3 de la llista amb la puntuaci\u00f3 provisional &#8211; 15 d&#8217; abril Presentaci\u00f3 de reclamacions &#8211; 15 al 20 d&#8217;abril Publicaci\u00f3 de la llista un cop resoltes les reclamacions &#8211; 23 d&#8217;abril Sorteig de desempat \u00a0&#8211; 42.129 Publicaci\u00f3 [&hellip;]<\/p>\n","protected":false},"author":75,"featured_media":0,"parent":4674,"menu_order":1,"comment_status":"closed","ping_status":"closed","template":"","meta":{"_bbp_topic_count":0,"_bbp_reply_count":0,"_bbp_total_topic_count":0,"_bbp_total_reply_count":0,"_bbp_voice_count":0,"_bbp_anonymous_reply_count":0,"_bbp_topic_count_hidden":0,"_bbp_reply_count_hidden":0,"_bbp_forum_subforum_count":0,"site-sidebar-layout":"default","site-content-layout":"","ast-site-content-layout":"default","site-content-style":"default","site-sidebar-style":"default","ast-global-header-display":"","ast-banner-title-visibility":"","ast-main-header-display":"","ast-hfb-above-header-display":"","ast-hfb-below-header-display":"","ast-hfb-mobile-header-display":"","site-post-title":"","ast-breadcrumbs-content":"","ast-featured-img":"","footer-sml-layout":"","theme-transparent-header-meta":"default","adv-header-id-meta":"","stick-header-meta":"","header-above-stick-meta":"","header-main-stick-meta":"","header-below-stick-meta":"","astra-migrate-meta-layouts":"set","ast-page-background-enabled":"default","ast-page-background-meta":{"desktop":{"background-color":"var(--ast-global-color-4)","background-image":"","background-repeat":"repeat","background-position":"center center","background-size":"auto","background-attachment":"scroll","background-type":"","background-media":"","overlay-type":"","overlay-color":"","overlay-opacity":"","overlay-gradient":""},"tablet":{"background-color":"","background-image":"","background-repeat":"repeat","background-position":"center center","background-size":"auto","background-attachment":"scroll","background-type":"","background-media":"","overlay-type":"","overlay-color":"","overlay-opacity":"","overlay-gradient":""},"mobile":{"background-color":"","background-image":"","background-repeat":"repeat","background-position":"center center","background-size":"auto","background-attachment":"scroll","background-type":"","background-media":"","overlay-type":"","overlay-color":"","overlay-opacity":"","overlay-gradient":""}},"ast-content-background-meta":{"desktop":{"background-color":"var(--ast-global-color-5)","background-image":"","background-repeat":"repeat","background-position":"center center","background-size":"auto","background-attachment":"scroll","background-type":"","background-media":"","overlay-type":"","overlay-color":"","overlay-opacity":"","overlay-gradient":""},"tablet":{"background-color":"var(--ast-global-color-5)","background-image":"","background-repeat":"repeat","background-position":"center center","background-size":"auto","background-attachment":"scroll","background-type":"","background-media":"","overlay-type":"","overlay-color":"","overlay-opacity":"","overlay-gradient":""},"mobile":{"background-color":"var(--ast-global-color-5)","background-image":"","background-repeat":"repeat","background-position":"center center","background-size":"auto","background-attachment":"scroll","background-type":"","background-media":"","overlay-type":"","overlay-color":"","overlay-opacity":"","overlay-gradient":""}},"footnotes":""},"class_list":["post-4679","page","type-page","status-publish","hentry"],"post_mailing_queue_ids":[],"_links":{"self":[{"href":"https:\/\/agora.xtec.cat\/esc-elsalocs\/wp-json\/wp\/v2\/pages\/4679","targetHints":{"allow":["GET"]}}],"collection":[{"href":"https:\/\/agora.xtec.cat\/esc-elsalocs\/wp-json\/wp\/v2\/pages"}],"about":[{"href":"https:\/\/agora.xtec.cat\/esc-elsalocs\/wp-json\/wp\/v2\/types\/page"}],"author":[{"embeddable":true,"href":"https:\/\/agora.xtec.cat\/esc-elsalocs\/wp-json\/wp\/v2\/users\/75"}],"replies":[{"embeddable":true,"href":"https:\/\/agora.xtec.cat\/esc-elsalocs\/wp-json\/wp\/v2\/comments?post=4679"}],"version-history":[{"count":7,"href":"https:\/\/agora.xtec.cat\/esc-elsalocs\/wp-json\/wp\/v2\/pages\/4679\/revisions"}],"predecessor-version":[{"id":5361,"href":"https:\/\/agora.xtec.cat\/esc-elsalocs\/wp-json\/wp\/v2\/pages\/4679\/revisions\/5361"}],"up":[{"embeddable":true,"href":"https:\/\/agora.xtec.cat\/esc-elsalocs\/wp-json\/wp\/v2\/pages\/4674"}],"wp:attachment":[{"href":"https:\/\/agora.xtec.cat\/esc-elsalocs\/wp-json\/wp\/v2\/media?parent=4679"}],"curies":[{"name":"wp","href":"https:\/\/api.w.org\/{rel}","templated":true}]}}