{"id":464,"date":"2016-10-03T09:14:01","date_gmt":"2016-10-03T07:14:01","guid":{"rendered":"http:\/\/agora.xtec.cat\/esc-elsalocs\/?page_id=464"},"modified":"2026-02-05T13:18:48","modified_gmt":"2026-02-05T12:18:48","slug":"lequip","status":"publish","type":"page","link":"https:\/\/agora.xtec.cat\/esc-elsalocs\/lescola\/lequip\/","title":{"rendered":"L&#8217;equip"},"content":{"rendered":"<h3><strong>Equip directiu<\/strong><\/h3>\n<p>Direcci\u00f3: Llu\u00eds Rodr\u00edguez i Lago. Mestre de prim\u00e0ria, d&#8217;educaci\u00f3 musical (UB) i psicopedagog (UOC)<\/p>\n<p>Cap d\u2019estudis: Agn\u00e8s Mar\u00ed de la Torre: Mestra d&#8217;atenci\u00f3 a la diversitat i psicopedagoga (Universitat de Vic).<\/p>\n<p>Secret\u00e0ria: X\u00e8nia And\u00fajar Seller. Mestra d&#8217;educaci\u00f3 infantil i prim\u00e0ria (Universitat Ramon Llull) i postgrau d&#8217;arts pl\u00e0stiques i psicomotricitat.<\/p>\n<h3><strong>Equip de debat pedag\u00f2gic<\/strong><\/h3>\n<p>Llu\u00eds Rodr\u00edguez i \u00a0Lago<\/p>\n<p>Agn\u00e8s Mar\u00ed de la Torre<\/p>\n<p>Tere Serra Lleonart<\/p>\n<p>Jennifer Font M\u00e9ndez<\/p>\n<p>Gl\u00f2ria Mart\u00ednez<\/p>\n<p>Helena Bueno<\/p>\n<p>X\u00e8nia And\u00fajar Seller<\/p>\n<h3><strong>equip educatiu organitzat per grups<\/strong><\/h3>\n<p><u>GRUP D&#8217;EDUCACI\u00d3 INFANTIL<\/u><\/p>\n<table style=\"border-collapse: collapse; width: 100%; height: 216px;\">\n<tbody>\n<tr style=\"height: 36px;\">\n<td style=\"width: 50%; height: 36px;\">Tere Serra Lleonart<\/td>\n<td style=\"width: 50%; height: 36px;\">tutora d&#8217;i3 i representant del cicle<\/td>\n<\/tr>\n<tr style=\"height: 36px;\">\n<td style=\"width: 50%; height: 36px;\">\u00c8rika Mayor Iglesias<\/td>\n<td style=\"width: 50%; height: 36px;\">tutora d&#8217;i4<\/td>\n<\/tr>\n<tr style=\"height: 36px;\">\n<td style=\"width: 50%; height: 36px;\">F\u00e0tima Silvestres Meneu<\/td>\n<td style=\"width: 50%; height: 36px;\">tutora d&#8217;i5<\/td>\n<\/tr>\n<tr style=\"height: 36px;\">\n<td style=\"width: 50%; height: 36px;\">Elena Amigo<\/td>\n<td style=\"width: 50%; height: 36px;\">equip d&#8217;educaci\u00f3 infantil<\/td>\n<\/tr>\n<tr style=\"height: 36px;\">\n<td style=\"width: 50%; height: 36px;\">Myl\u00e8ne Maffet Caro<\/td>\n<td style=\"width: 50%; height: 36px;\">equip d&#8217;educaci\u00f3 infantil<\/td>\n<\/tr>\n<tr style=\"height: 37px;\">\n<td style=\"width: 50%; height: 37px;\">X\u00e8nia And\u00fajar Seller<\/td>\n<td style=\"width: 50%; height: 37px;\">equip del cicle inicial i secret\u00e0ria del centre<\/td>\n<\/tr>\n<\/tbody>\n<\/table>\n<p><u>GRUP DE PRIMER I SEGON<\/u><\/p>\n<table style=\"border-collapse: collapse; width: 100%; height: 133px;\">\n<tbody>\n<tr style=\"height: 32px;\">\n<td style=\"width: 50%; height: 32px;\">Helena Bueno i Sanz<\/td>\n<td style=\"width: 50%; height: 32px;\">tutora de primer<\/td>\n<\/tr>\n<tr style=\"height: 32px;\">\n<td style=\"width: 50%; height: 32px;\">Sandra Poquet Abadal<\/td>\n<td style=\"width: 50%; height: 32px;\">tutora de segon i representant del cicle<\/td>\n<\/tr>\n<tr style=\"height: 37px;\">\n<td style=\"width: 50%; height: 37px;\">Maria Anguera Cam\u00f3s<\/td>\n<td style=\"width: 50%; height: 37px;\">equip del cicle inicial<\/td>\n<\/tr>\n<tr style=\"height: 32px;\">\n<td style=\"width: 50%; height: 32px;\">Agn\u00e8s Mar\u00ed de la Torre<\/td>\n<td style=\"width: 50%; height: 32px;\">equip del cicle inicial i cap d&#8217;estudis del centre<\/td>\n<\/tr>\n<\/tbody>\n<\/table>\n<p><u>GRUP DE TERCER I QUART<\/u><\/p>\n<table style=\"border-collapse: collapse; width: 100%; height: 128px;\">\n<tbody>\n<tr style=\"height: 32px;\">\n<td style=\"width: 50%; height: 32px;\">Glenn Monsod Cereno<\/td>\n<td style=\"width: 50%; height: 32px;\">tutor de tercer<\/td>\n<\/tr>\n<tr style=\"height: 32px;\">\n<td style=\"width: 50%; height: 32px;\">Gl\u00f2ria Mart\u00ednez Valero<\/td>\n<td style=\"width: 50%; height: 32px;\">tutora de quart i representant del cicle<\/td>\n<\/tr>\n<tr style=\"height: 32px;\">\n<td style=\"width: 50%; height: 32px;\">Sergi Marbella Alcoceba<\/td>\n<td style=\"width: 50%; height: 32px;\">equip del cicle mitj\u00e0<\/td>\n<\/tr>\n<tr style=\"height: 32px;\">\n<td style=\"width: 50%; height: 32px;\">Montse Lapeyra Farr\u00e9<\/td>\n<td style=\"width: 50%; height: 32px;\"><span style=\"font-family: inherit; font-size: 1em; background-color: #f9f9f9;\">equip de cicle mitj\u00e0 i educaci\u00f3 f\u00edsica de prim\u00e0ria<\/span><\/td>\n<\/tr>\n<\/tbody>\n<\/table>\n<p><u>GRUP DE CINQU\u00c8 I SIS\u00c8<\/u><\/p>\n<table style=\"border-collapse: collapse; width: 100%; height: 128px;\">\n<tbody>\n<tr style=\"height: 32px;\">\n<td style=\"width: 50%; height: 32px;\">Jennifer Font M\u00e9ndez<\/td>\n<td style=\"width: 50%; height: 32px;\">tutora de cinqu\u00e8 i representant del cicle<\/td>\n<\/tr>\n<tr style=\"height: 32px;\">\n<td style=\"width: 50%; height: 32px;\">\u00cdngrid Tena Bellver<\/td>\n<td style=\"width: 50%; height: 32px;\">tutora de sis\u00e8<\/td>\n<\/tr>\n<tr style=\"height: 32px;\">\n<td style=\"width: 50%; height: 32px;\">Llu\u00eds Rodr\u00edguez i Lago<\/td>\n<td style=\"width: 50%; height: 32px;\">equip del cicle superior i direcci\u00f3 del centre<\/td>\n<\/tr>\n<tr style=\"height: 32px;\">\n<td style=\"width: 50%; height: 32px;\">Rebeca Folch M\u00e0rquez<\/td>\n<td style=\"width: 50%; height: 32px;\">equip del cicle superior<\/td>\n<\/tr>\n<\/tbody>\n<\/table>\n<p><span style=\"text-decoration: underline;\">EQUIP ESPEC\u00cdFIC D&#8217;ATENCI\u00d3 A LA DIVERSITAT<\/span><\/p>\n<table style=\"border-collapse: collapse; width: 100.132%; height: 101px;\">\n<tbody>\n<tr style=\"height: 32px;\">\n<td style=\"width: 50%; height: 32px;\">Eva Fern\u00e1ndez Borrego<\/td>\n<td style=\"width: 50%; height: 32px;\">atenci\u00f3 a la diversitat al cicle inicial<\/td>\n<\/tr>\n<tr style=\"height: 32px;\">\n<td style=\"width: 50%; height: 30px;\">M\u00edriam Lirola Corrales<\/td>\n<td style=\"width: 50%; height: 30px;\">atenci\u00f3 a la diversitat al cicle mitj\u00e0<\/td>\n<\/tr>\n<tr style=\"height: 32px;\">\n<td style=\"width: 50%; height: 32px;\">Mari Pau Nieto<\/td>\n<td style=\"width: 50%; height: 32px;\">educadora<\/td>\n<\/tr>\n<tr>\n<td style=\"width: 50%;\">Rebeca Folch M\u00e0rquez<\/td>\n<td style=\"width: 50%;\">atenci\u00f3 a la diversitat al cicle superior<\/td>\n<\/tr>\n<tr>\n<td style=\"width: 50%;\">M\u00f2nica Aquino Baleyto<\/td>\n<td style=\"width: 50%;\">vetlladora<\/td>\n<\/tr>\n<\/tbody>\n<\/table>\n<p><u>ADMINISTRACI\u00d3<\/u><\/p>\n<p>Albert Garriga Sellas<\/p>\n<p><u>CONSERGERIA<\/u><\/p>\n<p>Joan Carles Cordero C\u00e1rdenas<\/p>\n<p>&nbsp;<\/p>\n<p>&nbsp;<\/p>\n<p><strong>\u00a0<\/strong><\/p>\n<p>&nbsp;<\/p>\n<p>&nbsp;<\/p>\n<div class=\"itanywhere-activator\" style=\"left: 250px; top: 1189px; display: none;\" title=\"Google Translator Anywhere\"><\/div>\n","protected":false},"excerpt":{"rendered":"<p>Equip directiu Direcci\u00f3: Llu\u00eds Rodr\u00edguez i Lago. Mestre de prim\u00e0ria, d&#8217;educaci\u00f3 musical (UB) i psicopedagog (UOC) Cap d\u2019estudis: Agn\u00e8s Mar\u00ed de la Torre: Mestra d&#8217;atenci\u00f3 a la diversitat i psicopedagoga (Universitat de Vic). Secret\u00e0ria: X\u00e8nia And\u00fajar Seller. Mestra d&#8217;educaci\u00f3 infantil i prim\u00e0ria (Universitat Ramon Llull) i postgrau d&#8217;arts pl\u00e0stiques i psicomotricitat. Equip de debat pedag\u00f2gic [&hellip;]<\/p>\n","protected":false},"author":1,"featured_media":0,"parent":22,"menu_order":3,"comment_status":"closed","ping_status":"closed","template":"page-templates\/side-menu.php","meta":{"_bbp_topic_count":0,"_bbp_reply_count":0,"_bbp_total_topic_count":0,"_bbp_total_reply_count":0,"_bbp_voice_count":0,"_bbp_anonymous_reply_count":0,"_bbp_topic_count_hidden":0,"_bbp_reply_count_hidden":0,"_bbp_forum_subforum_count":0,"site-sidebar-layout":"default","site-content-layout":"","ast-site-content-layout":"","site-content-style":"default","site-sidebar-style":"default","ast-global-header-display":"","ast-banner-title-visibility":"","ast-main-header-display":"","ast-hfb-above-header-display":"","ast-hfb-below-header-display":"","ast-hfb-mobile-header-display":"","site-post-title":"","ast-breadcrumbs-content":"","ast-featured-img":"","footer-sml-layout":"","theme-transparent-header-meta":"","adv-header-id-meta":"","stick-header-meta":"","header-above-stick-meta":"","header-main-stick-meta":"","header-below-stick-meta":"","astra-migrate-meta-layouts":"default","ast-page-background-enabled":"default","ast-page-background-meta":{"desktop":{"background-color":"var(--ast-global-color-4)","background-image":"","background-repeat":"repeat","background-position":"center center","background-size":"auto","background-attachment":"scroll","background-type":"","background-media":"","overlay-type":"","overlay-color":"","overlay-opacity":"","overlay-gradient":""},"tablet":{"background-color":"","background-image":"","background-repeat":"repeat","background-position":"center center","background-size":"auto","background-attachment":"scroll","background-type":"","background-media":"","overlay-type":"","overlay-color":"","overlay-opacity":"","overlay-gradient":""},"mobile":{"background-color":"","background-image":"","background-repeat":"repeat","background-position":"center center","background-size":"auto","background-attachment":"scroll","background-type":"","background-media":"","overlay-type":"","overlay-color":"","overlay-opacity":"","overlay-gradient":""}},"ast-content-background-meta":{"desktop":{"background-color":"var(--ast-global-color-5)","background-image":"","background-repeat":"repeat","background-position":"center center","background-size":"auto","background-attachment":"scroll","background-type":"","background-media":"","overlay-type":"","overlay-color":"","overlay-opacity":"","overlay-gradient":""},"tablet":{"background-color":"var(--ast-global-color-5)","background-image":"","background-repeat":"repeat","background-position":"center center","background-size":"auto","background-attachment":"scroll","background-type":"","background-media":"","overlay-type":"","overlay-color":"","overlay-opacity":"","overlay-gradient":""},"mobile":{"background-color":"var(--ast-global-color-5)","background-image":"","background-repeat":"repeat","background-position":"center center","background-size":"auto","background-attachment":"scroll","background-type":"","background-media":"","overlay-type":"","overlay-color":"","overlay-opacity":"","overlay-gradient":""}},"footnotes":""},"class_list":["post-464","page","type-page","status-publish","hentry"],"post_mailing_queue_ids":[],"_links":{"self":[{"href":"https:\/\/agora.xtec.cat\/esc-elsalocs\/wp-json\/wp\/v2\/pages\/464","targetHints":{"allow":["GET"]}}],"collection":[{"href":"https:\/\/agora.xtec.cat\/esc-elsalocs\/wp-json\/wp\/v2\/pages"}],"about":[{"href":"https:\/\/agora.xtec.cat\/esc-elsalocs\/wp-json\/wp\/v2\/types\/page"}],"author":[{"embeddable":true,"href":"https:\/\/agora.xtec.cat\/esc-elsalocs\/wp-json\/wp\/v2\/users\/1"}],"replies":[{"embeddable":true,"href":"https:\/\/agora.xtec.cat\/esc-elsalocs\/wp-json\/wp\/v2\/comments?post=464"}],"version-history":[{"count":8,"href":"https:\/\/agora.xtec.cat\/esc-elsalocs\/wp-json\/wp\/v2\/pages\/464\/revisions"}],"predecessor-version":[{"id":5194,"href":"https:\/\/agora.xtec.cat\/esc-elsalocs\/wp-json\/wp\/v2\/pages\/464\/revisions\/5194"}],"up":[{"embeddable":true,"href":"https:\/\/agora.xtec.cat\/esc-elsalocs\/wp-json\/wp\/v2\/pages\/22"}],"wp:attachment":[{"href":"https:\/\/agora.xtec.cat\/esc-elsalocs\/wp-json\/wp\/v2\/media?parent=464"}],"curies":[{"name":"wp","href":"https:\/\/api.w.org\/{rel}","templated":true}]}}