{"id":73,"date":"2014-09-18T14:01:51","date_gmt":"2014-09-18T13:01:51","guid":{"rendered":"http:\/\/agora.xtec.cat\/esc-elpalau\/?page_id=73"},"modified":"2026-02-14T08:46:33","modified_gmt":"2026-02-14T07:46:33","slug":"menjador-escolar","status":"publish","type":"page","link":"https:\/\/agora.xtec.cat\/esc-elpalau\/serveis\/menjador-escolar\/","title":{"rendered":"Menjador escolar"},"content":{"rendered":"<p>L&#8217;AFA gestiona el servei de menjador de l&#8217;escola. L&#8217;empresa contractada actualment \u00e9s Fundaci\u00f3 Pere Tarr\u00e9s i es responsabilitza de tot el seu funcionament.<\/p>\n<p>L&#8217;equip directiu i l&#8217;AFA supervisa les actuacions i vetlla pel car\u00e0cter educatiu del servei. El Consell Escolar del centre aprova la gesti\u00f3 i el funcionament.<\/p>\n<p>L&#8217;escola t\u00e9 cuina pr\u00f2pia i treballa amb producte de proximitat.<\/p>\n<p>Hi ha men\u00fas especials per atendre intoler\u00e0ncies i al\u00b7l\u00e8rgies aliment\u00e0ries.<\/p>\n<p>Cada curs es fan jornades gastron\u00f2miques per apropar als alumnes a les cuines del m\u00f3n.<\/p>\n<p>&nbsp;<\/p>\n<table>\n<tbody>\n<tr>\n<td width=\"293\">QUOTA INFANTS FIXOS<\/td>\n<td width=\"227\">7,54 \u20ac<\/td>\n<\/tr>\n<tr>\n<td width=\"293\">QUOTA INFANTS ESPOR\u00c0DICS<\/td>\n<td width=\"227\">8,29 \u20ac<\/td>\n<\/tr>\n<tr>\n<td width=\"293\">PREU MEN\u00da PROFESSORS I PAS*<\/td>\n<td width=\"227\">4,35 \u20ac<\/td>\n<\/tr>\n<tr>\n<td width=\"293\">QUOTA FALTA\u00a0<strong>AVISADA (abans 9:30)<\/strong><\/td>\n<td width=\"227\">4,77 \u20ac<\/td>\n<\/tr>\n<tr>\n<td width=\"293\">QUOTA FALTA\u00a0<strong>NO AVISADA<\/strong><\/td>\n<td width=\"227\">7,25 \u20ac<\/td>\n<\/tr>\n<\/tbody>\n<\/table>\n<p>&nbsp;<\/p>\n","protected":false},"excerpt":{"rendered":"<p>L&#8217;AFA gestiona el servei de menjador de l&#8217;escola. L&#8217;empresa contractada actualment \u00e9s Fundaci\u00f3 Pere Tarr\u00e9s i es responsabilitza de tot el seu funcionament.<br \/>\nL&#8217;equip directiu i l&#8217;AFA supervisa les actuacions i vetlla pel car\u00e0cter educatiu del servei. El Consell Escolar del centre aprova la gesti\u00f3 i&hellip;  <a href=\"https:\/\/agora.xtec.cat\/esc-elpalau\/serveis\/menjador-escolar\/\" title=\"Read Menjador escolar\">Llegeix m\u00e9s\u00bb<\/a><\/p>\n","protected":false},"author":1,"featured_media":0,"parent":66,"menu_order":0,"comment_status":"closed","ping_status":"closed","template":"page-templates\/side-menu.php","meta":{"_bbp_topic_count":0,"_bbp_reply_count":0,"_bbp_total_topic_count":0,"_bbp_total_reply_count":0,"_bbp_voice_count":0,"_bbp_anonymous_reply_count":0,"_bbp_topic_count_hidden":0,"_bbp_reply_count_hidden":0,"_bbp_forum_subforum_count":0,"footnotes":""},"class_list":["post-73","page","type-page","status-publish","hentry"],"post_mailing_queue_ids":[],"_links":{"self":[{"href":"https:\/\/agora.xtec.cat\/esc-elpalau\/wp-json\/wp\/v2\/pages\/73","targetHints":{"allow":["GET"]}}],"collection":[{"href":"https:\/\/agora.xtec.cat\/esc-elpalau\/wp-json\/wp\/v2\/pages"}],"about":[{"href":"https:\/\/agora.xtec.cat\/esc-elpalau\/wp-json\/wp\/v2\/types\/page"}],"author":[{"embeddable":true,"href":"https:\/\/agora.xtec.cat\/esc-elpalau\/wp-json\/wp\/v2\/users\/1"}],"replies":[{"embeddable":true,"href":"https:\/\/agora.xtec.cat\/esc-elpalau\/wp-json\/wp\/v2\/comments?post=73"}],"version-history":[{"count":7,"href":"https:\/\/agora.xtec.cat\/esc-elpalau\/wp-json\/wp\/v2\/pages\/73\/revisions"}],"predecessor-version":[{"id":4287,"href":"https:\/\/agora.xtec.cat\/esc-elpalau\/wp-json\/wp\/v2\/pages\/73\/revisions\/4287"}],"up":[{"embeddable":true,"href":"https:\/\/agora.xtec.cat\/esc-elpalau\/wp-json\/wp\/v2\/pages\/66"}],"wp:attachment":[{"href":"https:\/\/agora.xtec.cat\/esc-elpalau\/wp-json\/wp\/v2\/media?parent=73"}],"curies":[{"name":"wp","href":"https:\/\/api.w.org\/{rel}","templated":true}]}}

<p>L&#8217;AFA gestiona el servei de menjador de l&#8217;escola. L&#8217;empresa contractada actualment és Fundació Pere Tarrés i es responsabilitza de tot el seu funcionament.</p>
<p>L&#8217;equip directiu i l&#8217;AFA supervisa les actuacions i vetlla pel caràcter educatiu del servei. El Consell Escolar del centre aprova la gestió i el funcionament.</p>
<p>L&#8217;escola té cuina pròpia i treballa amb producte de proximitat.</p>
<p>Hi ha menús especials per atendre intoleràncies i al·lèrgies alimentàries.</p>
<p>Cada curs es fan jornades gastronòmiques per apropar als alumnes a les cuines del món.</p>
<p>&nbsp;</p>
<table>
<tbody>
<tr>
<td width="293">QUOTA INFANTS FIXOS</td>
<td width="227">7,54 €</td>
</tr>
<tr>
<td width="293">QUOTA INFANTS ESPORÀDICS</td>
<td width="227">8,29 €</td>
</tr>
<tr>
<td width="293">PREU MENÚ PROFESSORS I PAS*</td>
<td width="227">4,35 €</td>
</tr>
<tr>
<td width="293">QUOTA FALTA <strong>AVISADA (abans 9:30)</strong></td>
<td width="227">4,77 €</td>
</tr>
<tr>
<td width="293">QUOTA FALTA <strong>NO AVISADA</strong></td>
<td width="227">7,25 €</td>
</tr>
</tbody>
</table>
<p>&nbsp;</p>

<p>L&#8217;AFA gestiona el servei de menjador de l&#8217;escola. L&#8217;empresa contractada actualment és Fundació Pere Tarrés i es responsabilitza de tot el seu funcionament.<br />
L&#8217;equip directiu i l&#8217;AFA supervisa les actuacions i vetlla pel caràcter educatiu del servei. El Consell Escolar del centre aprova la gestió i&hellip;  <a href="https://agora.xtec.cat/esc-elpalau/serveis/menjador-escolar/" title="Read Menjador escolar">Llegeix més»</a></p>
