{"id":462,"date":"2017-03-22T10:51:21","date_gmt":"2017-03-22T09:51:21","guid":{"rendered":"http:\/\/agora.xtec.cat\/esc-elpalau\/?page_id=462"},"modified":"2018-04-03T13:44:22","modified_gmt":"2018-04-03T11:44:22","slug":"projecte-educatiu","status":"publish","type":"page","link":"https:\/\/agora.xtec.cat\/esc-elpalau\/projecte-educatiu\/","title":{"rendered":"Projecte educatiu"},"content":{"rendered":"<p><ins datetime=\"2017-03-22T10:10:29+00:00\"><\/ins><strong><span style=\"color: #0000ff;\"><em>PLANTEJAMENT INSTITUCIONAL<\/em><\/span><\/strong><\/p>\n<p><span style=\"color: #0000ff;\">EL NOSTRE CONTEXT<\/span><br \/>\n<span style=\"color: #000000;\">La nostra escola est\u00e0 situada al centre de la vila de Molins de Rei. Poblaci\u00f3 amb un padr\u00f3 aproximat de 25.200 habitants. L\u2019escola es va construir del juny de 1925 al maig de 1926.<\/span><br \/>\n<span style=\"color: #000000;\"> El 24 d\u2019octubre de 1926, el rei Alfons XIII va procedir a la seva inauguraci\u00f3 i va col\u2022locar la seva \u00faltima pedra. Va \u00e9sser el primer col\u2022legi graduat d\u2019Ensenyament p\u00fablic que va tenir la vila, i un dels m\u00e9s importants de la comarca.<\/span><br \/>\n<span style=\"color: #000000;\"> Amb el temps es van fer algunes ampliacions, fins la remodelaci\u00f3 del curs 1992-1993 i ha quedat com a centre de 2n. cicle d\u2019Ensenyament Infantil i d\u2019Ensenyament Primari.<\/span><br \/>\n<span style=\"color: #000000;\"> Durant el curs 13-14 vam canviar de nom. A petici\u00f3 d\u2019un grup de pares i mares i mitjan\u00e7ant un refer\u00e8ndum on va participar tota la comunitat escolar, va passar a anomenar-se Escola El Palau.<\/span><br \/>\n<span style=\"color: #000000;\"> Durant el curs 2016-2017 es celebren els actes del 90\u00e8 aniversari.<\/span><\/p>\n<p><span style=\"color: #0000ff;\">LA NOSTRA MISSI\u00d3<\/span><br \/>\nL\u2019escola El Palau \u00e9s una escola p\u00fablica, catalana, laica, democr\u00e0tica i participativa.<br \/>\nLa nostra missi\u00f3 \u00e9s proporcionar a l\u2019alumne una formaci\u00f3 acad\u00e8mica i humana que li permeti desenvolupar les seves capacitats per donar resposta a les noves expectatives culturals, socials i tecnol\u00f2giques, i esdevingui aix\u00ed un membre actiu de la societat.<br \/>\nVolem formar persones cr\u00edtiques i creatives, aut\u00f2nomes i amb iniciativa. Capaces d\u2019afrontar situacions noves i encarar-les amb assertivitat i resili\u00e8ncia.<\/p>\n<p><span style=\"color: #0000ff;\">LA NOSTRA VISI\u00d3<\/span><br \/>\nEn els propers anys volem aconseguir una escola:<br \/>\n<span style=\"color: #0000ff;\">\u2713<\/span> que fomenti la participaci\u00f3 de tots els membres de la comunitat educativa a trav\u00e9s d\u2019una organitzaci\u00f3 din\u00e0mica i flexible que permeti que tots els membres participin i siguin responsables de la seva funci\u00f3. Optem per la creaci\u00f3 de canals d\u2019informaci\u00f3 entre tots els membres de la comunitat educativa per afavorir una comunicaci\u00f3 oberta i fluida en totes les direccions.<br \/>\n<span style=\"color: #0000ff;\">\u2713<\/span> oberta i propera: a les fam\u00edlies; fent-les part\u00edcips de la vida dels seus fills a l\u2019escola. I a l\u2019entorn; participant dels diferents projectes i amb les diferents entitats.<br \/>\n<span style=\"color: #0000ff;\">\u2713<\/span> centre de refer\u00e8ncia dins el municipi; assoliment de bons resultats acad\u00e8mics.<br \/>\n<span style=\"color: #0000ff;\">\u2713<\/span> formadora de persones competents.<br \/>\n<span style=\"color: #0000ff;\">\u2713<\/span> que fomenti la creativitat i el treball de les emocions.<br \/>\n<span style=\"color: #0000ff;\">\u2713<\/span> impulsora de la llengua catalana.<\/p>\n<p><span style=\"color: #0000ff;\">ELS NOSTRES VALORS<\/span><br \/>\n<span style=\"color: #0000ff;\">\u2713<\/span> Autoestima, responsabilitat i autonomia<br \/>\n<span style=\"color: #0000ff;\">\u2713<\/span> Respecte als iguals, adults i entorn<br \/>\n<span style=\"color: #0000ff;\">\u2713<\/span> Estima per l\u2019escola<br \/>\n<span style=\"color: #0000ff;\">\u2713<\/span> Empatia amb la diversitat<br \/>\n<span style=\"color: #0000ff;\">\u2713<\/span> Const\u00e0ncia i esfor\u00e7 en el treball<br \/>\n<span style=\"color: #0000ff;\">\u2713<\/span> Participaci\u00f3 i cooperaci\u00f3 amb la comunitat educativa i les institucions.<\/p>\n","protected":false},"excerpt":{"rendered":"<p>PLANTEJAMENT INSTITUCIONAL<br \/>\nEL NOSTRE CONTEXT<br \/>\nLa nostra escola est\u00e0 situada al centre de la vila de Molins de Rei. Poblaci\u00f3 amb un padr\u00f3 aproximat de 25.200 habitants. L\u2019escola es va construir del juny de 1925 al maig de 1926.<br \/>\n El 24 d\u2019octubre de 1926, el rei Alfons&hellip;  <a href=\"https:\/\/agora.xtec.cat\/esc-elpalau\/projecte-educatiu\/\" title=\"Read Projecte educatiu\">Llegeix m\u00e9s\u00bb<\/a><\/p>\n","protected":false},"author":1,"featured_media":0,"parent":0,"menu_order":0,"comment_status":"closed","ping_status":"closed","template":"","meta":{"_bbp_topic_count":0,"_bbp_reply_count":0,"_bbp_total_topic_count":0,"_bbp_total_reply_count":0,"_bbp_voice_count":0,"_bbp_anonymous_reply_count":0,"_bbp_topic_count_hidden":0,"_bbp_reply_count_hidden":0,"_bbp_forum_subforum_count":0,"footnotes":""},"class_list":["post-462","page","type-page","status-publish","hentry"],"post_mailing_queue_ids":[],"_links":{"self":[{"href":"https:\/\/agora.xtec.cat\/esc-elpalau\/wp-json\/wp\/v2\/pages\/462","targetHints":{"allow":["GET"]}}],"collection":[{"href":"https:\/\/agora.xtec.cat\/esc-elpalau\/wp-json\/wp\/v2\/pages"}],"about":[{"href":"https:\/\/agora.xtec.cat\/esc-elpalau\/wp-json\/wp\/v2\/types\/page"}],"author":[{"embeddable":true,"href":"https:\/\/agora.xtec.cat\/esc-elpalau\/wp-json\/wp\/v2\/users\/1"}],"replies":[{"embeddable":true,"href":"https:\/\/agora.xtec.cat\/esc-elpalau\/wp-json\/wp\/v2\/comments?post=462"}],"version-history":[{"count":3,"href":"https:\/\/agora.xtec.cat\/esc-elpalau\/wp-json\/wp\/v2\/pages\/462\/revisions"}],"predecessor-version":[{"id":672,"href":"https:\/\/agora.xtec.cat\/esc-elpalau\/wp-json\/wp\/v2\/pages\/462\/revisions\/672"}],"wp:attachment":[{"href":"https:\/\/agora.xtec.cat\/esc-elpalau\/wp-json\/wp\/v2\/media?parent=462"}],"curies":[{"name":"wp","href":"https:\/\/api.w.org\/{rel}","templated":true}]}}

<p><ins datetime="2017-03-22T10:10:29+00:00"></ins><strong><span style="color: #0000ff;"><em>PLANTEJAMENT INSTITUCIONAL</em></span></strong></p>
<p><span style="color: #0000ff;">EL NOSTRE CONTEXT</span><br />
<span style="color: #000000;">La nostra escola està situada al centre de la vila de Molins de Rei. Població amb un padró aproximat de 25.200 habitants. L’escola es va construir del juny de 1925 al maig de 1926.</span><br />
<span style="color: #000000;"> El 24 d’octubre de 1926, el rei Alfons XIII va procedir a la seva inauguració i va col•locar la seva última pedra. Va ésser el primer col•legi graduat d’Ensenyament públic que va tenir la vila, i un dels més importants de la comarca.</span><br />
<span style="color: #000000;"> Amb el temps es van fer algunes ampliacions, fins la remodelació del curs 1992-1993 i ha quedat com a centre de 2n. cicle d’Ensenyament Infantil i d’Ensenyament Primari.</span><br />
<span style="color: #000000;"> Durant el curs 13-14 vam canviar de nom. A petició d’un grup de pares i mares i mitjançant un referèndum on va participar tota la comunitat escolar, va passar a anomenar-se Escola El Palau.</span><br />
<span style="color: #000000;"> Durant el curs 2016-2017 es celebren els actes del 90è aniversari.</span></p>
<p><span style="color: #0000ff;">LA NOSTRA MISSIÓ</span><br />
L’escola El Palau és una escola pública, catalana, laica, democràtica i participativa.<br />
La nostra missió és proporcionar a l’alumne una formació acadèmica i humana que li permeti desenvolupar les seves capacitats per donar resposta a les noves expectatives culturals, socials i tecnològiques, i esdevingui així un membre actiu de la societat.<br />
Volem formar persones crítiques i creatives, autònomes i amb iniciativa. Capaces d’afrontar situacions noves i encarar-les amb assertivitat i resiliència.</p>
<p><span style="color: #0000ff;">LA NOSTRA VISIÓ</span><br />
En els propers anys volem aconseguir una escola:<br />
<span style="color: #0000ff;">✓</span> que fomenti la participació de tots els membres de la comunitat educativa a través d’una organització dinàmica i flexible que permeti que tots els membres participin i siguin responsables de la seva funció. Optem per la creació de canals d’informació entre tots els membres de la comunitat educativa per afavorir una comunicació oberta i fluida en totes les direccions.<br />
<span style="color: #0000ff;">✓</span> oberta i propera: a les famílies; fent-les partícips de la vida dels seus fills a l’escola. I a l’entorn; participant dels diferents projectes i amb les diferents entitats.<br />
<span style="color: #0000ff;">✓</span> centre de referència dins el municipi; assoliment de bons resultats acadèmics.<br />
<span style="color: #0000ff;">✓</span> formadora de persones competents.<br />
<span style="color: #0000ff;">✓</span> que fomenti la creativitat i el treball de les emocions.<br />
<span style="color: #0000ff;">✓</span> impulsora de la llengua catalana.</p>
<p><span style="color: #0000ff;">ELS NOSTRES VALORS</span><br />
<span style="color: #0000ff;">✓</span> Autoestima, responsabilitat i autonomia<br />
<span style="color: #0000ff;">✓</span> Respecte als iguals, adults i entorn<br />
<span style="color: #0000ff;">✓</span> Estima per l’escola<br />
<span style="color: #0000ff;">✓</span> Empatia amb la diversitat<br />
<span style="color: #0000ff;">✓</span> Constància i esforç en el treball<br />
<span style="color: #0000ff;">✓</span> Participació i cooperació amb la comunitat educativa i les institucions.</p>

<p>PLANTEJAMENT INSTITUCIONAL<br />
EL NOSTRE CONTEXT<br />
La nostra escola està situada al centre de la vila de Molins de Rei. Població amb un padró aproximat de 25.200 habitants. L’escola es va construir del juny de 1925 al maig de 1926.<br />
 El 24 d’octubre de 1926, el rei Alfons&hellip;  <a href="https://agora.xtec.cat/esc-elpalau/projecte-educatiu/" title="Read Projecte educatiu">Llegeix més»</a></p>
