{"id":4058,"date":"2025-02-19T10:53:36","date_gmt":"2025-02-19T09:53:36","guid":{"rendered":"https:\/\/agora.xtec.cat\/esc-elpalau\/?page_id=4058"},"modified":"2026-01-15T09:34:55","modified_gmt":"2026-01-15T08:34:55","slug":"afa","status":"publish","type":"page","link":"https:\/\/agora.xtec.cat\/esc-elpalau\/lescola\/afa\/","title":{"rendered":"AFA"},"content":{"rendered":"<div id=\"text-3\" class=\"widget widget_text\">\n<h4 class=\"widgettitle\"><strong>L\u2019AFA \u00e9s una associaci\u00f3 volunt\u00e0ria i sense afany de lucre, de les fam\u00edlies de la nostra escola, amb l\u2019objectiu general de promoure la participaci\u00f3 i col\u00b7laborar amb les activitats educatives de l\u2019escola.<\/strong><\/h4>\n<div class=\"textwidget\">\n<p>Quota anual per fam\u00edlia: 30 \u20ac<\/p>\n<p><strong>Correu electr\u00f2nic:<\/strong><br \/>\n<a href=\"mailto:afaelpalau@gmail.com\" target=\"_blank\" rel=\"noopener\">afaelpalau@gmail.com<\/a><\/p>\n<p><strong>Instagram: <\/strong><span class=\"atwho-query\">@afaelpalau<\/span><\/p>\n<p>&nbsp;<\/p>\n<\/div>\n<\/div>\n<div id=\"gce_widget-3\" class=\"widget widget_gce_widget\"><\/div>\n<div id=\"socialmedia_widget-3\" class=\"widget widget_socialmedia_widget\"><\/div>\n","protected":false},"excerpt":{"rendered":"<p>L\u2019AFA \u00e9s una associaci\u00f3 volunt\u00e0ria i sense afany de lucre, de les fam\u00edlies de la nostra escola, amb l\u2019objectiu general de promoure la participaci\u00f3 i col\u00b7laborar amb les activitats educatives de l\u2019escola.<\/p>\n<p>Quota anual per fam\u00edlia: 30 \u20ac<br \/>\nCorreu electr\u00f2nic:<br \/>\n<a href=\"mailto:afaelpalau@gmail.com\" target=\"_blank\" rel=\"noopener\">afaelpalau@gmail.com<\/a><br \/>\nInstagram: @afaelpalau<br \/>\n&nbsp;<\/p>\n","protected":false},"author":1,"featured_media":0,"parent":22,"menu_order":7,"comment_status":"closed","ping_status":"closed","template":"","meta":{"_bbp_topic_count":0,"_bbp_reply_count":0,"_bbp_total_topic_count":0,"_bbp_total_reply_count":0,"_bbp_voice_count":0,"_bbp_anonymous_reply_count":0,"_bbp_topic_count_hidden":0,"_bbp_reply_count_hidden":0,"_bbp_forum_subforum_count":0,"footnotes":""},"class_list":["post-4058","page","type-page","status-publish","hentry"],"post_mailing_queue_ids":[],"_links":{"self":[{"href":"https:\/\/agora.xtec.cat\/esc-elpalau\/wp-json\/wp\/v2\/pages\/4058","targetHints":{"allow":["GET"]}}],"collection":[{"href":"https:\/\/agora.xtec.cat\/esc-elpalau\/wp-json\/wp\/v2\/pages"}],"about":[{"href":"https:\/\/agora.xtec.cat\/esc-elpalau\/wp-json\/wp\/v2\/types\/page"}],"author":[{"embeddable":true,"href":"https:\/\/agora.xtec.cat\/esc-elpalau\/wp-json\/wp\/v2\/users\/1"}],"replies":[{"embeddable":true,"href":"https:\/\/agora.xtec.cat\/esc-elpalau\/wp-json\/wp\/v2\/comments?post=4058"}],"version-history":[{"count":6,"href":"https:\/\/agora.xtec.cat\/esc-elpalau\/wp-json\/wp\/v2\/pages\/4058\/revisions"}],"predecessor-version":[{"id":4226,"href":"https:\/\/agora.xtec.cat\/esc-elpalau\/wp-json\/wp\/v2\/pages\/4058\/revisions\/4226"}],"up":[{"embeddable":true,"href":"https:\/\/agora.xtec.cat\/esc-elpalau\/wp-json\/wp\/v2\/pages\/22"}],"wp:attachment":[{"href":"https:\/\/agora.xtec.cat\/esc-elpalau\/wp-json\/wp\/v2\/media?parent=4058"}],"curies":[{"name":"wp","href":"https:\/\/api.w.org\/{rel}","templated":true}]}}

<div id="text-3" class="widget widget_text">
<h4 class="widgettitle"><strong>L’AFA és una associació voluntària i sense afany de lucre, de les famílies de la nostra escola, amb l’objectiu general de promoure la participació i col·laborar amb les activitats educatives de l’escola.</strong></h4>
<div class="textwidget">
<p>Quota anual per família: 30 €</p>
<p><strong>Correu electrònic:</strong><br />
<a href="mailto:afaelpalau@gmail.com" target="_blank" rel="noopener">afaelpalau@gmail.com</a></p>
<p><strong>Instagram: </strong><span class="atwho-query">@afaelpalau</span></p>
<p>&nbsp;</p>
</div>
</div>
<div id="gce_widget-3" class="widget widget_gce_widget"></div>
<div id="socialmedia_widget-3" class="widget widget_socialmedia_widget"></div>

<p>L’AFA és una associació voluntària i sense afany de lucre, de les famílies de la nostra escola, amb l’objectiu general de promoure la participació i col·laborar amb les activitats educatives de l’escola.</p>
<p>Quota anual per família: 30 €<br />
Correu electrònic:<br />
<a href="mailto:afaelpalau@gmail.com" target="_blank" rel="noopener">afaelpalau@gmail.com</a><br />
Instagram: @afaelpalau<br />
&nbsp;</p>
