{"id":26,"date":"2014-09-18T12:24:32","date_gmt":"2014-09-18T10:24:32","guid":{"rendered":"http:\/\/agora.xtec.cat\/esc-elpalau\/?page_id=26"},"modified":"2018-02-07T10:18:38","modified_gmt":"2018-02-07T09:18:38","slug":"historia","status":"publish","type":"page","link":"https:\/\/agora.xtec.cat\/esc-elpalau\/lescola\/historia\/","title":{"rendered":"Hist\u00f2ria"},"content":{"rendered":"<p style=\"text-align: justify;\"><span style=\"color: #000080;\">L\u2019escola El Palau (Alfons XIII) \u00e9s el centre m\u00e9s antic de la vila. Amb 90 anys d\u2019hist\u00f2ria, s\u00f3n molts els molinencs i molinenques que han passat per les seves aules. \u00c9s el centre amb m\u00e9s tradici\u00f3; van comen\u00e7ar les obres de la seva construcci\u00f3 el juny de 1925, i van acabar al cap d\u2019onze mesos, al maig de 1926.<\/span><\/p>\n<p>&nbsp;<\/p>\n<h3 style=\"text-align: justify;\"><a href=\"http:\/\/blocs.xtec.cat\/elpalau\/files\/2017\/02\/Alfons-XIII_opt.jpg\"><img loading=\"lazy\" decoding=\"async\" class=\"aligncenter wp-image-1980 size-full\" src=\"http:\/\/blocs.xtec.cat\/elpalau\/files\/2017\/02\/Alfons-XIII_opt.jpg\" alt=\"alfons-xiii_opt\" width=\"600\" height=\"420\" \/><\/a><\/h3>\n<p style=\"text-align: justify;\"><span style=\"color: #000080;\">El 24 d\u2019octubre de 1926, varen celebrar la cerim\u00f2nia de col\u00b7locaci\u00f3 de l\u2019\u00faltima pedra per part del Rei ALFONSO XIII i del Cap de Govern de l\u2019\u00e8poca, el Gral. Primo de Rivera. Encara que fins els anys 80 eren nomenades popularment com &#8221; els Nacionals&#8221; ja que eren les \u00faniques escoles p\u00fabliques de la localitat, el seu nom \u00e9s ALFONSO XIII &#8220;, en homenatge a la persona que les va inaugurar.<\/span><br \/>\n<span style=\"color: #000080;\"> Va \u00e9sser l\u2019obra m\u00e9s gran realitzada per la corporaci\u00f3 municipal de l\u2019\u00e8poca, i qualificada de &#8220;Soberbio edificio&#8221; i &#8220;Universidad&#8221; pel Excmo. Sr. Ministre d\u2019Educaci\u00f3n Nacional, Sr. D. Jos\u00e9 Rubi\u00f3.<\/span><\/p>\n<h3 style=\"text-align: justify;\"><\/h3>\n<p style=\"text-align: justify;\"><a href=\"http:\/\/blocs.xtec.cat\/elpalau\/files\/2017\/02\/Ref.-5910-2.jpg\"><img loading=\"lazy\" decoding=\"async\" class=\"aligncenter wp-image-1983 size-medium\" src=\"http:\/\/blocs.xtec.cat\/elpalau\/files\/2017\/02\/Ref.-5910-2-212x300.jpg\" alt=\"ref-5910\" width=\"430\" height=\"600\" \/><\/a><\/p>\n<p style=\"text-align: justify;\"><span style=\"color: #000080;\">L\u2019edifici es va ampliar per primera vegada, l\u2019octubre de 1932. Van haver d\u2019\u00e9sser reconstru\u00efdes les teulades pels atacs dels t\u00e8rmits el setembre de 1958.<\/span><\/p>\n<h3 style=\"text-align: justify;\"><\/h3>\n<h5 style=\"text-align: justify;\"><a href=\"http:\/\/blocs.xtec.cat\/elpalau\/files\/2017\/02\/Alfons-XIII-obres-opt-1.jpg\"><img loading=\"lazy\" decoding=\"async\" class=\"aligncenter wp-image-1986 size-medium\" src=\"http:\/\/blocs.xtec.cat\/elpalau\/files\/2017\/02\/Alfons-XIII-obres-opt-1-300x214.jpg\" alt=\"alfons-xiii-obres-opt\" width=\"600\" height=\"430\" \/><\/a><\/h5>\n<p>&nbsp;<\/p>\n<p style=\"text-align: justify;\"><span style=\"color: #000080;\">Per tal de poder adaptar-se al nou concepte d&#8217;escola, l&#8217;any 1992 es remodela i refor\u00e7a tot l&#8217;edifici i es deixa amb l\u2019aspecte actual, que compagina un edifici de l\u00ednies tradicionals, amb uns materials i una distribuci\u00f3 m\u00e9s moderna. S&#8217;instal\u00b7la la calefacci\u00f3 i s&#8217;a\u00eflla la galeria que d\u00f3na al pati amb una estructura de vidre.<\/span><br \/>\n<span style=\"color: #000080;\"> A les aules es renova tot el mobiliari.<\/span><\/p>\n<h3 style=\"text-align: justify;\"><\/h3>\n<h3 style=\"text-align: justify;\"><a href=\"http:\/\/blocs.xtec.cat\/elpalau\/files\/2017\/02\/escola-2.jpg\"><img loading=\"lazy\" decoding=\"async\" class=\"size-full wp-image-1982 aligncenter\" src=\"http:\/\/blocs.xtec.cat\/elpalau\/files\/2017\/02\/escola-2.jpg\" alt=\"escola\" width=\"600\" height=\"480\" \/><\/a><\/h3>\n<p style=\"text-align: justify;\"><span style=\"color: #000080;\">L&#8217;any 2001 v\u00e0rem celebrar amb molta il\u00b7lusi\u00f3 i amb tota la comunitat educativa el 75\u00e8 aniversari de la inauguraci\u00f3 de l&#8217;escola. V\u00e0rem organitzar diversos actes i una exposici\u00f3 fotogr\u00e0fica de la nostra hist\u00f2ria.<\/span><\/p>\n<p style=\"text-align: justify;\"><span style=\"color: #000080;\">En el curs 2011-2012, a petici\u00f3 de l\u2019escola i segons la Resoluci\u00f3 ENS\/2579\/2012, de 15 de novembre, es catalanitza el seu nom i passa a dir-se Escola Alfons XIII.<\/span><\/p>\n<p style=\"text-align: justify;\"><span style=\"color: #000080;\">\u00a0<\/span><\/p>\n<p style=\"text-align: justify;\"><span style=\"color: #000080;\">El curs 2013-14, es va crear una comissi\u00f3 mixta de pares i mestres, per tal d\u2019organitzar tot els proc\u00e9s necessari per canviar el nom de l\u2019escola de forma democr\u00e0tica i participativa. Aquest proc\u00e9s va acabar en unes eleccions en les que va participar tota la comunitat escolar i va escollir com a nova denominaci\u00f3 de l\u2019escola EL Palau. Aquest nom fou ratificat segons la Resoluci\u00f3 de ENS\/2839\/2014 de 12 de desembre.<\/span><br \/>\n<span style=\"color: #000080;\"> Actualment som l\u2019Escola El Palau.<\/span><\/p>\n<p style=\"text-align: justify;\"><span style=\"color: #000080;\">Aquest any celebrem el 90\u00e8 aniversari de l\u2019escola.<\/span><\/p>\n<p>&nbsp;<\/p>\n<h3 style=\"text-align: justify;\"><a href=\"http:\/\/blocs.xtec.cat\/elpalau\/files\/2017\/02\/DSC03070_opt.jpg\"><img loading=\"lazy\" decoding=\"async\" class=\"aligncenter wp-image-1981 size-full\" src=\"http:\/\/blocs.xtec.cat\/elpalau\/files\/2017\/02\/DSC03070_opt.jpg\" alt=\"SONY DSC\" width=\"800\" height=\"532\" \/><\/a><\/h3>\n<p style=\"text-align: justify;\"><span style=\"color: #000080;\">Ara, amb un esperit i unes infraestructures renovades, estem preparats per acceptar els nous reptes, i aix\u00ed poder donar als nostres alumnes una formaci\u00f3 integral en les dimensions personals i socials, propiciant l\u2019autoestima i la valoraci\u00f3 cr\u00edtica alhora que constructiva. Amb esperit de superaci\u00f3 i renovaci\u00f3 constants, ens anem adaptant dia a dia a les noves necessitats educatives i socials.<\/span><\/p>\n<h3 style=\"text-align: justify;\"><\/h3>\n<h3 style=\"text-align: justify;\"><\/h3>\n<h4 style=\"text-align: justify;\"><\/h4>\n<h4 style=\"text-align: justify;\"><\/h4>\n<h4 style=\"text-align: justify;\"><\/h4>\n<h4><\/h4>\n<p>&nbsp;<\/p>\n<p>&nbsp;<\/p>\n","protected":false},"excerpt":{"rendered":"<p>L\u2019escola El Palau (Alfons XIII) \u00e9s el centre m\u00e9s antic de la vila. Amb 90 anys d\u2019hist\u00f2ria, s\u00f3n molts els molinencs i molinenques que han passat per les seves aules. \u00c9s el centre amb m\u00e9s tradici\u00f3; van comen\u00e7ar les obres de la seva construcci\u00f3 el&hellip;  <a href=\"https:\/\/agora.xtec.cat\/esc-elpalau\/lescola\/historia\/\" title=\"Read Hist\u00f2ria\">Llegeix m\u00e9s\u00bb<\/a><\/p>\n","protected":false},"author":1,"featured_media":0,"parent":22,"menu_order":1,"comment_status":"closed","ping_status":"closed","template":"page-templates\/side-menu.php","meta":{"_bbp_topic_count":0,"_bbp_reply_count":0,"_bbp_total_topic_count":0,"_bbp_total_reply_count":0,"_bbp_voice_count":0,"_bbp_anonymous_reply_count":0,"_bbp_topic_count_hidden":0,"_bbp_reply_count_hidden":0,"_bbp_forum_subforum_count":0,"footnotes":""},"class_list":["post-26","page","type-page","status-publish","hentry"],"post_mailing_queue_ids":[],"_links":{"self":[{"href":"https:\/\/agora.xtec.cat\/esc-elpalau\/wp-json\/wp\/v2\/pages\/26","targetHints":{"allow":["GET"]}}],"collection":[{"href":"https:\/\/agora.xtec.cat\/esc-elpalau\/wp-json\/wp\/v2\/pages"}],"about":[{"href":"https:\/\/agora.xtec.cat\/esc-elpalau\/wp-json\/wp\/v2\/types\/page"}],"author":[{"embeddable":true,"href":"https:\/\/agora.xtec.cat\/esc-elpalau\/wp-json\/wp\/v2\/users\/1"}],"replies":[{"embeddable":true,"href":"https:\/\/agora.xtec.cat\/esc-elpalau\/wp-json\/wp\/v2\/comments?post=26"}],"version-history":[{"count":4,"href":"https:\/\/agora.xtec.cat\/esc-elpalau\/wp-json\/wp\/v2\/pages\/26\/revisions"}],"predecessor-version":[{"id":903,"href":"https:\/\/agora.xtec.cat\/esc-elpalau\/wp-json\/wp\/v2\/pages\/26\/revisions\/903"}],"up":[{"embeddable":true,"href":"https:\/\/agora.xtec.cat\/esc-elpalau\/wp-json\/wp\/v2\/pages\/22"}],"wp:attachment":[{"href":"https:\/\/agora.xtec.cat\/esc-elpalau\/wp-json\/wp\/v2\/media?parent=26"}],"curies":[{"name":"wp","href":"https:\/\/api.w.org\/{rel}","templated":true}]}}

Història

<p style="text-align: justify;"><span style="color: #000080;">L’escola El Palau (Alfons XIII) és el centre més antic de la vila. Amb 90 anys d’història, són molts els molinencs i molinenques que han passat per les seves aules. És el centre amb més tradició; van començar les obres de la seva construcció el juny de 1925, i van acabar al cap d’onze mesos, al maig de 1926.</span></p>
<p>&nbsp;</p>
<h3 style="text-align: justify;"><a href="http://blocs.xtec.cat/elpalau/files/2017/02/Alfons-XIII_opt.jpg"><img loading="lazy" decoding="async" class="aligncenter wp-image-1980 size-full" src="http://blocs.xtec.cat/elpalau/files/2017/02/Alfons-XIII_opt.jpg" alt="alfons-xiii_opt" width="600" height="420" /></a></h3>
<p style="text-align: justify;"><span style="color: #000080;">El 24 d’octubre de 1926, varen celebrar la cerimònia de col·locació de l’última pedra per part del Rei ALFONSO XIII i del Cap de Govern de l’època, el Gral. Primo de Rivera. Encara que fins els anys 80 eren nomenades popularment com &#8221; els Nacionals&#8221; ja que eren les úniques escoles públiques de la localitat, el seu nom és ALFONSO XIII &#8220;, en homenatge a la persona que les va inaugurar.</span><br />
<span style="color: #000080;"> Va ésser l’obra més gran realitzada per la corporació municipal de l’època, i qualificada de &#8220;Soberbio edificio&#8221; i &#8220;Universidad&#8221; pel Excmo. Sr. Ministre d’Educación Nacional, Sr. D. José Rubió.</span></p>
<h3 style="text-align: justify;"></h3>
<p style="text-align: justify;"><a href="http://blocs.xtec.cat/elpalau/files/2017/02/Ref.-5910-2.jpg"><img loading="lazy" decoding="async" class="aligncenter wp-image-1983 size-medium" src="http://blocs.xtec.cat/elpalau/files/2017/02/Ref.-5910-2-212x300.jpg" alt="ref-5910" width="430" height="600" /></a></p>
<p style="text-align: justify;"><span style="color: #000080;">L’edifici es va ampliar per primera vegada, l’octubre de 1932. Van haver d’ésser reconstruïdes les teulades pels atacs dels tèrmits el setembre de 1958.</span></p>
<h3 style="text-align: justify;"></h3>
<h5 style="text-align: justify;"><a href="http://blocs.xtec.cat/elpalau/files/2017/02/Alfons-XIII-obres-opt-1.jpg"><img loading="lazy" decoding="async" class="aligncenter wp-image-1986 size-medium" src="http://blocs.xtec.cat/elpalau/files/2017/02/Alfons-XIII-obres-opt-1-300x214.jpg" alt="alfons-xiii-obres-opt" width="600" height="430" /></a></h5>
<p>&nbsp;</p>
<p style="text-align: justify;"><span style="color: #000080;">Per tal de poder adaptar-se al nou concepte d&#8217;escola, l&#8217;any 1992 es remodela i reforça tot l&#8217;edifici i es deixa amb l’aspecte actual, que compagina un edifici de línies tradicionals, amb uns materials i una distribució més moderna. S&#8217;instal·la la calefacció i s&#8217;aïlla la galeria que dóna al pati amb una estructura de vidre.</span><br />
<span style="color: #000080;"> A les aules es renova tot el mobiliari.</span></p>
<h3 style="text-align: justify;"></h3>
<h3 style="text-align: justify;"><a href="http://blocs.xtec.cat/elpalau/files/2017/02/escola-2.jpg"><img loading="lazy" decoding="async" class="size-full wp-image-1982 aligncenter" src="http://blocs.xtec.cat/elpalau/files/2017/02/escola-2.jpg" alt="escola" width="600" height="480" /></a></h3>
<p style="text-align: justify;"><span style="color: #000080;">L&#8217;any 2001 vàrem celebrar amb molta il·lusió i amb tota la comunitat educativa el 75è aniversari de la inauguració de l&#8217;escola. Vàrem organitzar diversos actes i una exposició fotogràfica de la nostra història.</span></p>
<p style="text-align: justify;"><span style="color: #000080;">En el curs 2011-2012, a petició de l’escola i segons la Resolució ENS/2579/2012, de 15 de novembre, es catalanitza el seu nom i passa a dir-se Escola Alfons XIII.</span></p>
<p style="text-align: justify;"><span style="color: #000080;"> </span></p>
<p style="text-align: justify;"><span style="color: #000080;">El curs 2013-14, es va crear una comissió mixta de pares i mestres, per tal d’organitzar tot els procés necessari per canviar el nom de l’escola de forma democràtica i participativa. Aquest procés va acabar en unes eleccions en les que va participar tota la comunitat escolar i va escollir com a nova denominació de l’escola EL Palau. Aquest nom fou ratificat segons la Resolució de ENS/2839/2014 de 12 de desembre.</span><br />
<span style="color: #000080;"> Actualment som l’Escola El Palau.</span></p>
<p style="text-align: justify;"><span style="color: #000080;">Aquest any celebrem el 90è aniversari de l’escola.</span></p>
<p>&nbsp;</p>
<h3 style="text-align: justify;"><a href="http://blocs.xtec.cat/elpalau/files/2017/02/DSC03070_opt.jpg"><img loading="lazy" decoding="async" class="aligncenter wp-image-1981 size-full" src="http://blocs.xtec.cat/elpalau/files/2017/02/DSC03070_opt.jpg" alt="SONY DSC" width="800" height="532" /></a></h3>
<p style="text-align: justify;"><span style="color: #000080;">Ara, amb un esperit i unes infraestructures renovades, estem preparats per acceptar els nous reptes, i així poder donar als nostres alumnes una formació integral en les dimensions personals i socials, propiciant l’autoestima i la valoració crítica alhora que constructiva. Amb esperit de superació i renovació constants, ens anem adaptant dia a dia a les noves necessitats educatives i socials.</span></p>
<h3 style="text-align: justify;"></h3>
<h3 style="text-align: justify;"></h3>
<h4 style="text-align: justify;"></h4>
<h4 style="text-align: justify;"></h4>
<h4 style="text-align: justify;"></h4>
<h4></h4>
<p>&nbsp;</p>
<p>&nbsp;</p>

<p>L’escola El Palau (Alfons XIII) és el centre més antic de la vila. Amb 90 anys d’història, són molts els molinencs i molinenques que han passat per les seves aules. És el centre amb més tradició; van començar les obres de la seva construcció el&hellip;  <a href="https://agora.xtec.cat/esc-elpalau/lescola/historia/" title="Read Història">Llegeix més»</a></p>
