{"id":2579,"date":"2021-05-31T13:36:52","date_gmt":"2021-05-31T11:36:52","guid":{"rendered":"http:\/\/agora.xtec.cat\/esc-elpalau\/?page_id=2579"},"modified":"2022-12-05T16:18:40","modified_gmt":"2022-12-05T15:18:40","slug":"projecte-cueme","status":"publish","type":"page","link":"https:\/\/agora.xtec.cat\/esc-elpalau\/projecte-educatiu\/projecte-cueme\/","title":{"rendered":"Projecte CUEME"},"content":{"rendered":"<p style=\"font-weight: 400;\"><a href=\"https:\/\/agora.xtec.cat\/esc-elpalau\/wp-content\/uploads\/usu1480\/2021\/10\/CUEME.png\"><img loading=\"lazy\" decoding=\"async\" class=\"alignright size-full wp-image-2733\" src=\"https:\/\/agora.xtec.cat\/esc-elpalau\/wp-content\/uploads\/usu1480\/2021\/10\/CUEME.png\" alt=\"\" width=\"978\" height=\"117\" srcset=\"https:\/\/agora.xtec.cat\/esc-elpalau\/wp-content\/uploads\/usu1480\/2021\/10\/CUEME.png 978w, https:\/\/agora.xtec.cat\/esc-elpalau\/wp-content\/uploads\/usu1480\/2021\/10\/CUEME-300x36.png 300w, https:\/\/agora.xtec.cat\/esc-elpalau\/wp-content\/uploads\/usu1480\/2021\/10\/CUEME-768x92.png 768w\" sizes=\"auto, (max-width: 978px) 100vw, 978px\" \/><\/a><\/p>\n<p>&nbsp;<\/p>\n<p>&nbsp;<\/p>\n<p style=\"font-weight: 400;\">Des del curs 20-21 l&#8217;escola participa del <a href=\"https:\/\/www.diba.cat\/es\/web\/cueme\/inici\" data-saferedirecturl=\"https:\/\/www.google.com\/url?q=https:\/\/www.diba.cat\/es\/web\/cueme\/inici&amp;source=gmail&amp;ust=1635496459528000&amp;usg=AFQjCNHXBBCKIVDJIZ4QtkYm3_xANlLdXQ\">Programa Cultura Emprenedora a l\u2019Escola<\/a> (CuEmE). Programa que t\u00e9 per objectiu fomentar els valors de la cultura emprenedora en l\u2019alumnat del cicle superior d&#8217;educaci\u00f3 prim\u00e0ria. Aquest programa est\u00e0 impulsat per la Diputaci\u00f3 de Barcelona, concretament per les Ger\u00e8ncies de Serveis d&#8217;Educaci\u00f3 i de Promoci\u00f3 Econ\u00f2mica i Ocupaci\u00f3.<\/p>\n<p style=\"font-weight: 400;\">El projecte educatiu a l\u2019escola fomenta la cultura emprenedora i l\u2019adquisici\u00f3 de compet\u00e8ncies b\u00e0siques entre els i les alumnes participants,\u00a0els\u00a0quals\u00a0 gestionen una cooperativa escolar amb el recolzament de la comunitat educativa, l&#8217;administraci\u00f3 i altres agents socials de la seva localitat.<\/p>\n","protected":false},"excerpt":{"rendered":"<p><a href=\"https:\/\/agora.xtec.cat\/esc-elpalau\/wp-content\/uploads\/usu1480\/2021\/10\/CUEME.png\"><\/a><br \/>\n&nbsp;<br \/>\n&nbsp;<br \/>\nDes del curs 20-21 l&#8217;escola participa del <a href=\"https:\/\/www.diba.cat\/es\/web\/cueme\/inici\" data-saferedirecturl=\"https:\/\/www.google.com\/url?q=https:\/\/www.diba.cat\/es\/web\/cueme\/inici&amp;source=gmail&amp;ust=1635496459528000&amp;usg=AFQjCNHXBBCKIVDJIZ4QtkYm3_xANlLdXQ\">Programa Cultura Emprenedora a l\u2019Escola<\/a> (CuEmE). Programa que t\u00e9 per objectiu fomentar els valors de la cultura emprenedora en l\u2019alumnat del cicle superior d&#8217;educaci\u00f3 prim\u00e0ria. Aquest programa est\u00e0 impulsat per la Diputaci\u00f3 de Barcelona, concretament&hellip;  <a href=\"https:\/\/agora.xtec.cat\/esc-elpalau\/projecte-educatiu\/projecte-cueme\/\" title=\"Read Projecte CUEME\">Llegeix m\u00e9s\u00bb<\/a><\/p>\n","protected":false},"author":1,"featured_media":0,"parent":462,"menu_order":0,"comment_status":"closed","ping_status":"closed","template":"","meta":{"_bbp_topic_count":0,"_bbp_reply_count":0,"_bbp_total_topic_count":0,"_bbp_total_reply_count":0,"_bbp_voice_count":0,"_bbp_anonymous_reply_count":0,"_bbp_topic_count_hidden":0,"_bbp_reply_count_hidden":0,"_bbp_forum_subforum_count":0,"footnotes":""},"class_list":["post-2579","page","type-page","status-publish","hentry"],"post_mailing_queue_ids":[],"_links":{"self":[{"href":"https:\/\/agora.xtec.cat\/esc-elpalau\/wp-json\/wp\/v2\/pages\/2579","targetHints":{"allow":["GET"]}}],"collection":[{"href":"https:\/\/agora.xtec.cat\/esc-elpalau\/wp-json\/wp\/v2\/pages"}],"about":[{"href":"https:\/\/agora.xtec.cat\/esc-elpalau\/wp-json\/wp\/v2\/types\/page"}],"author":[{"embeddable":true,"href":"https:\/\/agora.xtec.cat\/esc-elpalau\/wp-json\/wp\/v2\/users\/1"}],"replies":[{"embeddable":true,"href":"https:\/\/agora.xtec.cat\/esc-elpalau\/wp-json\/wp\/v2\/comments?post=2579"}],"version-history":[{"count":3,"href":"https:\/\/agora.xtec.cat\/esc-elpalau\/wp-json\/wp\/v2\/pages\/2579\/revisions"}],"predecessor-version":[{"id":3251,"href":"https:\/\/agora.xtec.cat\/esc-elpalau\/wp-json\/wp\/v2\/pages\/2579\/revisions\/3251"}],"up":[{"embeddable":true,"href":"https:\/\/agora.xtec.cat\/esc-elpalau\/wp-json\/wp\/v2\/pages\/462"}],"wp:attachment":[{"href":"https:\/\/agora.xtec.cat\/esc-elpalau\/wp-json\/wp\/v2\/media?parent=2579"}],"curies":[{"name":"wp","href":"https:\/\/api.w.org\/{rel}","templated":true}]}}

<p style="font-weight: 400;"><a href="https://agora.xtec.cat/esc-elpalau/wp-content/uploads/usu1480/2021/10/CUEME.png"><img loading="lazy" decoding="async" class="alignright size-full wp-image-2733" src="https://agora.xtec.cat/esc-elpalau/wp-content/uploads/usu1480/2021/10/CUEME.png" alt="" width="978" height="117" srcset="https://agora.xtec.cat/esc-elpalau/wp-content/uploads/usu1480/2021/10/CUEME.png 978w, https://agora.xtec.cat/esc-elpalau/wp-content/uploads/usu1480/2021/10/CUEME-300x36.png 300w, https://agora.xtec.cat/esc-elpalau/wp-content/uploads/usu1480/2021/10/CUEME-768x92.png 768w" sizes="auto, (max-width: 978px) 100vw, 978px" /></a></p>
<p>&nbsp;</p>
<p>&nbsp;</p>
<p style="font-weight: 400;">Des del curs 20-21 l&#8217;escola participa del <a href="https://www.diba.cat/es/web/cueme/inici" data-saferedirecturl="https://www.google.com/url?q=https://www.diba.cat/es/web/cueme/inici&amp;source=gmail&amp;ust=1635496459528000&amp;usg=AFQjCNHXBBCKIVDJIZ4QtkYm3_xANlLdXQ">Programa Cultura Emprenedora a l’Escola</a> (CuEmE). Programa que té per objectiu fomentar els valors de la cultura emprenedora en l’alumnat del cicle superior d&#8217;educació primària. Aquest programa està impulsat per la Diputació de Barcelona, concretament per les Gerències de Serveis d&#8217;Educació i de Promoció Econòmica i Ocupació.</p>
<p style="font-weight: 400;">El projecte educatiu a l’escola fomenta la cultura emprenedora i l’adquisició de competències bàsiques entre els i les alumnes participants, els quals  gestionen una cooperativa escolar amb el recolzament de la comunitat educativa, l&#8217;administració i altres agents socials de la seva localitat.</p>

<p><a href="https://agora.xtec.cat/esc-elpalau/wp-content/uploads/usu1480/2021/10/CUEME.png"></a><br />
&nbsp;<br />
&nbsp;<br />
Des del curs 20-21 l&#8217;escola participa del <a href="https://www.diba.cat/es/web/cueme/inici" data-saferedirecturl="https://www.google.com/url?q=https://www.diba.cat/es/web/cueme/inici&amp;source=gmail&amp;ust=1635496459528000&amp;usg=AFQjCNHXBBCKIVDJIZ4QtkYm3_xANlLdXQ">Programa Cultura Emprenedora a l’Escola</a> (CuEmE). Programa que té per objectiu fomentar els valors de la cultura emprenedora en l’alumnat del cicle superior d&#8217;educació primària. Aquest programa està impulsat per la Diputació de Barcelona, concretament&hellip;  <a href="https://agora.xtec.cat/esc-elpalau/projecte-educatiu/projecte-cueme/" title="Read Projecte CUEME">Llegeix més»</a></p>
