{"id":22,"date":"2014-09-18T12:19:57","date_gmt":"2014-09-18T11:19:57","guid":{"rendered":"http:\/\/agora.xtec.cat\/esc-elpalau\/?page_id=22"},"modified":"2018-12-10T08:24:09","modified_gmt":"2018-12-10T07:24:09","slug":"lescola","status":"publish","type":"page","link":"https:\/\/agora.xtec.cat\/esc-elpalau\/lescola\/","title":{"rendered":"L&#8217;escola"},"content":{"rendered":"<p>L&#8217;escola El Palau \u00e9s un centre d&#8217;una sola l\u00ed\u00adnia. Aquest fet afavoreix el coneixement i la relaci\u00f3 entre tots els membres de la Comunitat Educativa, tot enfortint els seus vincles.<\/p>\n<p>Escola d&#8217;Educaci\u00f3 Infantil i Prim\u00e0ria depenent del departament d&#8217;Ensenyament de la Generalitat de Catalunya. Consta de 3 unitats d&#8217;Educaci\u00f3 Infantil i 6 unitats d&#8217;Educaci\u00f3 Prim\u00e0ria. Est\u00e0\u00a0 ubicada al centre de la vila de Molins de Rei i data de l&#8217;any 1926. L&#8217;alumnat pertany a les diferents capes socials que formen la poblaci\u00f3.<\/p>\n<p>El curs 2016-2017, l&#8217;escola inicia el desplegament d&#8217;un projecte que implica una oportunitat per innovar, per canviar, per iniciar una nova manera de fer adaptant-nos a les necessitats actuals dels alumnes.<\/p>\n<p>Som una escola que fomenta les responsabilitats repartides, afavorint aix\u00f2\u00ad el sentiment de pertinen\u00e7a al centre i la implicaci\u00f3 dels seus membres. Afavorim la gesti\u00f3 de l&#8217;espai i el temps per tal que sigui garantia de progr\u00e9s. I entenem l&#8217;avaluaci\u00f3 com una funci\u00f3 reguladora dels processos que es duen a terme i tenint com a objectiu principal l&#8217;oferiment d&#8217;una educaci\u00f3 de qualitat.<\/p>\n<p>Com a escola inclusiva cerquem maneres eficaces per oferir a tots els nens i nenes l&#8217;oportunitat de ser membres de les aules ordin\u00e0ries i d&#8217;aprendre dels seus companys, i amb ells, a l&#8217;aula. Tenim com a fita final la participaci\u00f3 i l&#8217;\u00e8xit escolar de tot l&#8217;alumnat.<\/p>\n<p>Som un claustre cohesionat que volem donar forma a tots els canvis iniciats i ho volem fer mantenint la il\u00b7lusi\u00f3, l&#8217;esfor\u00e7 i amb conviv\u00e8ncia amb les fam\u00edlies.<\/p>\n","protected":false},"excerpt":{"rendered":"<p>L&#8217;escola El Palau \u00e9s un centre d&#8217;una sola l\u00ed\u00adnia. Aquest fet afavoreix el coneixement i la relaci\u00f3 entre tots els membres de la Comunitat Educativa, tot enfortint els seus vincles.<br \/>\nEscola d&#8217;Educaci\u00f3 Infantil i Prim\u00e0ria depenent del departament d&#8217;Ensenyament de la Generalitat de Catalunya. Consta de&hellip;  <a href=\"https:\/\/agora.xtec.cat\/esc-elpalau\/lescola\/\" title=\"Read L&#8217;escola\">Llegeix m\u00e9s\u00bb<\/a><\/p>\n","protected":false},"author":1,"featured_media":0,"parent":0,"menu_order":0,"comment_status":"closed","ping_status":"closed","template":"page-templates\/side-menu.php","meta":{"_bbp_topic_count":0,"_bbp_reply_count":0,"_bbp_total_topic_count":0,"_bbp_total_reply_count":0,"_bbp_voice_count":0,"_bbp_anonymous_reply_count":0,"_bbp_topic_count_hidden":0,"_bbp_reply_count_hidden":0,"_bbp_forum_subforum_count":0,"footnotes":""},"class_list":["post-22","page","type-page","status-publish","hentry"],"post_mailing_queue_ids":[],"_links":{"self":[{"href":"https:\/\/agora.xtec.cat\/esc-elpalau\/wp-json\/wp\/v2\/pages\/22","targetHints":{"allow":["GET"]}}],"collection":[{"href":"https:\/\/agora.xtec.cat\/esc-elpalau\/wp-json\/wp\/v2\/pages"}],"about":[{"href":"https:\/\/agora.xtec.cat\/esc-elpalau\/wp-json\/wp\/v2\/types\/page"}],"author":[{"embeddable":true,"href":"https:\/\/agora.xtec.cat\/esc-elpalau\/wp-json\/wp\/v2\/users\/1"}],"replies":[{"embeddable":true,"href":"https:\/\/agora.xtec.cat\/esc-elpalau\/wp-json\/wp\/v2\/comments?post=22"}],"version-history":[{"count":3,"href":"https:\/\/agora.xtec.cat\/esc-elpalau\/wp-json\/wp\/v2\/pages\/22\/revisions"}],"predecessor-version":[{"id":834,"href":"https:\/\/agora.xtec.cat\/esc-elpalau\/wp-json\/wp\/v2\/pages\/22\/revisions\/834"}],"wp:attachment":[{"href":"https:\/\/agora.xtec.cat\/esc-elpalau\/wp-json\/wp\/v2\/media?parent=22"}],"curies":[{"name":"wp","href":"https:\/\/api.w.org\/{rel}","templated":true}]}}

<p>L&#8217;escola El Palau és un centre d&#8217;una sola lí­nia. Aquest fet afavoreix el coneixement i la relació entre tots els membres de la Comunitat Educativa, tot enfortint els seus vincles.</p>
<p>Escola d&#8217;Educació Infantil i Primària depenent del departament d&#8217;Ensenyament de la Generalitat de Catalunya. Consta de 3 unitats d&#8217;Educació Infantil i 6 unitats d&#8217;Educació Primària. Està  ubicada al centre de la vila de Molins de Rei i data de l&#8217;any 1926. L&#8217;alumnat pertany a les diferents capes socials que formen la població.</p>
<p>El curs 2016-2017, l&#8217;escola inicia el desplegament d&#8217;un projecte que implica una oportunitat per innovar, per canviar, per iniciar una nova manera de fer adaptant-nos a les necessitats actuals dels alumnes.</p>
<p>Som una escola que fomenta les responsabilitats repartides, afavorint això­ el sentiment de pertinença al centre i la implicació dels seus membres. Afavorim la gestió de l&#8217;espai i el temps per tal que sigui garantia de progrés. I entenem l&#8217;avaluació com una funció reguladora dels processos que es duen a terme i tenint com a objectiu principal l&#8217;oferiment d&#8217;una educació de qualitat.</p>
<p>Com a escola inclusiva cerquem maneres eficaces per oferir a tots els nens i nenes l&#8217;oportunitat de ser membres de les aules ordinàries i d&#8217;aprendre dels seus companys, i amb ells, a l&#8217;aula. Tenim com a fita final la participació i l&#8217;èxit escolar de tot l&#8217;alumnat.</p>
<p>Som un claustre cohesionat que volem donar forma a tots els canvis iniciats i ho volem fer mantenint la il·lusió, l&#8217;esforç i amb convivència amb les famílies.</p>

<p>L&#8217;escola El Palau és un centre d&#8217;una sola lí­nia. Aquest fet afavoreix el coneixement i la relació entre tots els membres de la Comunitat Educativa, tot enfortint els seus vincles.<br />
Escola d&#8217;Educació Infantil i Primària depenent del departament d&#8217;Ensenyament de la Generalitat de Catalunya. Consta de&hellip;  <a href="https://agora.xtec.cat/esc-elpalau/lescola/" title="Read L&#8217;escola">Llegeix més»</a></p>
