{"id":1551,"date":"2020-03-10T12:20:15","date_gmt":"2020-03-10T11:20:15","guid":{"rendered":"http:\/\/agora.xtec.cat\/esc-elpalau\/?page_id=1551"},"modified":"2021-11-08T10:48:08","modified_gmt":"2021-11-08T09:48:08","slug":"apadrinem-el-nostre-patrimoni","status":"publish","type":"page","link":"https:\/\/agora.xtec.cat\/esc-elpalau\/projecte-educatiu\/projecte-dinnovacio\/apadrinem-el-nostre-patrimoni\/","title":{"rendered":"Apadrinem el nostre Patrimoni"},"content":{"rendered":"<p>&nbsp;<\/p>\n<p><img loading=\"lazy\" decoding=\"async\" class=\"wp-image-1498 aligncenter\" src=\"https:\/\/agora.xtec.cat\/esc-elpalau\/wp-content\/uploads\/usu1480\/2020\/02\/vista-escola_1-e1580899027949-1024x738.jpeg\" alt=\"\" width=\"280\" height=\"202\" srcset=\"https:\/\/agora.xtec.cat\/esc-elpalau\/wp-content\/uploads\/usu1480\/2020\/02\/vista-escola_1-e1580899027949-1024x738.jpeg 1024w, https:\/\/agora.xtec.cat\/esc-elpalau\/wp-content\/uploads\/usu1480\/2020\/02\/vista-escola_1-e1580899027949-300x216.jpeg 300w, https:\/\/agora.xtec.cat\/esc-elpalau\/wp-content\/uploads\/usu1480\/2020\/02\/vista-escola_1-e1580899027949-768x553.jpeg 768w\" sizes=\"auto, (max-width: 280px) 100vw, 280px\" \/><\/p>\n<p><strong>A<\/strong>padrinem el nostre patrimoni \u00e9s un programa que es basa en l\u2019apadrinament d\u2019un element patrimonial per part del centre educatiu, la qual cosa comporta donar-li valor i aprofundir-ne en el coneixement des del punt de vista cultural, alhora, fer que aquest coneixement sigui socialment rellevant; arribi a la mateixa comunitat i a l\u2019entorn de l\u2019escola.<\/p>\n<p><strong>Nosaltres hem decidit apadrinar la nostra escola<\/strong> perqu\u00e8 \u00e9s un edifici emblem\u00e0tic de la Vila de Molins de Rei. T\u00e9 molts anys d\u2019hist\u00f2ria i per aqu\u00ed han passat mares, pares, \u00e0vies i avis dels alumnes que tenim actualment. A l\u2019octubre del 2016 vam celebrar els 90 anys de la nostra escola i vam comen\u00e7ar a con\u00e8ixer una mica la seva hist\u00f2ria, lligada sempre a la hist\u00f2ria de Molins de Rei.<\/p>\n<p>Pensem que aquest projecte encaixa perfectament en la l\u00ednia pedag\u00f2gica que estem construint a la nostre escola, doncs el treballem de forma competencial i podrem aprofundir en el coneixement del nostre centre i en la import\u00e0ncia que ha tingut per la vila. Tamb\u00e9 en podrem fer difusi\u00f3 a tota la comunitat educativa, millorant el sentiment de pertinen\u00e7a al centre.<\/p>\n<p><strong>Qu\u00e8 hem apr\u00e8s?<\/strong><\/p>\n<p>Despr\u00e9s de la visita de la Maria Eug\u00e8nia, van decidir quina era la pedra m\u00e9s antiga de l\u2019escola, que estava situada a la porta del mig, on posava la data de quan van comen\u00e7ar les obres a l\u2019escola; l\u2019any 1922. I van acabar al 1925.<br \/>\nL\u2019any 1926 va ser inaugurada pel monarca Alfons XIII que va donar nom a l\u2019escola. Els terrenys on es va construir l\u2019escola eren camps de conreu.<\/p>\n<p>Sabem que <strong>la nostra escola era de les m\u00e9s modernes d\u2019aquella \u00e8poca<\/strong>: Les classes eren enormes; hi havia uns 50 alumnes per classe. Tamb\u00e9 les finestres eren molt grans perqu\u00e8 hi entr\u00e9s molta llum natural, i perqu\u00e8 marxessin els microbis quan s\u2019obrien per ventilar. D\u2019aquesta manera s\u2019evitaven malalties.<br \/>\nLes parets estaven pintades de verd, perqu\u00e8 consideraven que era un color que aportava tranquil\u00b7litat als nens i nenes.<br \/>\nEls alumnes tenien unes taules que es deien pupitres i anaven de dos en dos. Tenien un calaix de fusta que es podia tancar i hi havia dues cadires enganxades a la taula que formava el pupitre.<br \/>\nEls nens tenien un director i les nenes una directora. Les nenes i els nens estaven separats. Els nens estaven el costat dret i les nenes el costat contrari.<br \/>\nEls professors dels nens eren homes i les nenes tenien professores. Els nens portaven bates blaves i les nenes la portaven de color rosa.<br \/>\nEls nens i les nenes estaven separats per una tanca al pati, no podien jugar junts. Tampoc jugaven als mateixos jocs.<br \/>\nHi havia mestres que pegaven amb el regle.<br \/>\nA les aules hi havia una estufa i la taula del professor o professora estava damunt d\u2019una tarima.<br \/>\nA l\u2019hora del menjador, els nens i les nenes menjaven en horaris diferents. Al cap d\u2019uns anys, ja podien menjar junts.<br \/>\nEl director i el conserge antigament vivien a l&#8217;habitatge de la part superior de l\u2019edifici. Tamb\u00e9 hi vivia una dona que es deia Carmina. Potser era la dona del conserge.<\/p>\n<p>A l\u2019edifici situat davant de l\u2019entrada principal de l\u2019escola hi havia la casa dels mestres. Vivien els professors solters.<br \/>\nEl catal\u00e0 estava prohibit a tota l\u2019escola i tots parlaven castell\u00e0.<\/p>\n<p>A l\u2019any 1930 hi va haver una epid\u00e8mia de termites que van atacar les bigues del sostre i les van haver de canviar. Es va haver de tancar l\u2019escola.<\/p>\n<p>El nom de l\u2019escola Alfons XIII es va canviar a l\u2019any 2014 i es va passar a dir escola el Palau.<\/p>\n<p>&nbsp;<\/p>\n<p><a href=\"https:\/\/youtu.be\/NmputPZrOlg\" target=\"_blank\" rel=\"noopener noreferrer\"><img loading=\"lazy\" decoding=\"async\" class=\"wp-image-1525 aligncenter\" src=\"https:\/\/agora.xtec.cat\/esc-elpalau\/wp-content\/uploads\/usu1480\/2020\/02\/V\u00eddeo-lescola-1.jpg\" alt=\"\" width=\"364\" height=\"205\" srcset=\"https:\/\/agora.xtec.cat\/esc-elpalau\/wp-content\/uploads\/usu1480\/2020\/02\/V\u00eddeo-lescola-1.jpg 770w, https:\/\/agora.xtec.cat\/esc-elpalau\/wp-content\/uploads\/usu1480\/2020\/02\/V\u00eddeo-lescola-1-300x169.jpg 300w, https:\/\/agora.xtec.cat\/esc-elpalau\/wp-content\/uploads\/usu1480\/2020\/02\/V\u00eddeo-lescola-1-768x433.jpg 768w\" sizes=\"auto, (max-width: 364px) 100vw, 364px\" \/><\/a><\/p>\n<p><a href=\"https:\/\/agora.xtec.cat\/esc-elpalau\/wp-content\/uploads\/usu1480\/2020\/02\/Qu\u00e8-hem-apr\u00e8s.pdf\">\u00a0\u00a0\u00a0\u00a0\u00a0\u00a0\u00a0\u00a0\u00a0\u00a0\u00a0\u00a0\u00a0\u00a0<\/a><\/p>\n<p><a href=\"https:\/\/agora.xtec.cat\/esc-elpalau\/wp-content\/uploads\/usu1480\/2020\/02\/Qu%C3%A8-hem-apr%C3%A8s.pdf\">\u00a0 <\/a><\/p>\n<p>&nbsp;<\/p>\n","protected":false},"excerpt":{"rendered":"<p>&nbsp;<\/p>\n<p>Apadrinem el nostre patrimoni \u00e9s un programa que es basa en l\u2019apadrinament d\u2019un element patrimonial per part del centre educatiu, la qual cosa comporta donar-li valor i aprofundir-ne en el coneixement des del punt de vista cultural, alhora, fer que aquest coneixement sigui socialment rellevant;&hellip;  <a href=\"https:\/\/agora.xtec.cat\/esc-elpalau\/projecte-educatiu\/projecte-dinnovacio\/apadrinem-el-nostre-patrimoni\/\" title=\"Read Apadrinem el nostre Patrimoni\">Llegeix m\u00e9s\u00bb<\/a><\/p>\n","protected":false},"author":1,"featured_media":0,"parent":1493,"menu_order":1,"comment_status":"closed","ping_status":"closed","template":"","meta":{"_bbp_topic_count":0,"_bbp_reply_count":0,"_bbp_total_topic_count":0,"_bbp_total_reply_count":0,"_bbp_voice_count":0,"_bbp_anonymous_reply_count":0,"_bbp_topic_count_hidden":0,"_bbp_reply_count_hidden":0,"_bbp_forum_subforum_count":0,"footnotes":""},"class_list":["post-1551","page","type-page","status-publish","hentry"],"post_mailing_queue_ids":[],"_links":{"self":[{"href":"https:\/\/agora.xtec.cat\/esc-elpalau\/wp-json\/wp\/v2\/pages\/1551","targetHints":{"allow":["GET"]}}],"collection":[{"href":"https:\/\/agora.xtec.cat\/esc-elpalau\/wp-json\/wp\/v2\/pages"}],"about":[{"href":"https:\/\/agora.xtec.cat\/esc-elpalau\/wp-json\/wp\/v2\/types\/page"}],"author":[{"embeddable":true,"href":"https:\/\/agora.xtec.cat\/esc-elpalau\/wp-json\/wp\/v2\/users\/1"}],"replies":[{"embeddable":true,"href":"https:\/\/agora.xtec.cat\/esc-elpalau\/wp-json\/wp\/v2\/comments?post=1551"}],"version-history":[{"count":3,"href":"https:\/\/agora.xtec.cat\/esc-elpalau\/wp-json\/wp\/v2\/pages\/1551\/revisions"}],"predecessor-version":[{"id":2755,"href":"https:\/\/agora.xtec.cat\/esc-elpalau\/wp-json\/wp\/v2\/pages\/1551\/revisions\/2755"}],"up":[{"embeddable":true,"href":"https:\/\/agora.xtec.cat\/esc-elpalau\/wp-json\/wp\/v2\/pages\/1493"}],"wp:attachment":[{"href":"https:\/\/agora.xtec.cat\/esc-elpalau\/wp-json\/wp\/v2\/media?parent=1551"}],"curies":[{"name":"wp","href":"https:\/\/api.w.org\/{rel}","templated":true}]}}

<p>&nbsp;</p>
<p><img loading="lazy" decoding="async" class="wp-image-1498 aligncenter" src="https://agora.xtec.cat/esc-elpalau/wp-content/uploads/usu1480/2020/02/vista-escola_1-e1580899027949-1024x738.jpeg" alt="" width="280" height="202" srcset="https://agora.xtec.cat/esc-elpalau/wp-content/uploads/usu1480/2020/02/vista-escola_1-e1580899027949-1024x738.jpeg 1024w, https://agora.xtec.cat/esc-elpalau/wp-content/uploads/usu1480/2020/02/vista-escola_1-e1580899027949-300x216.jpeg 300w, https://agora.xtec.cat/esc-elpalau/wp-content/uploads/usu1480/2020/02/vista-escola_1-e1580899027949-768x553.jpeg 768w" sizes="auto, (max-width: 280px) 100vw, 280px" /></p>
<p><strong>A</strong>padrinem el nostre patrimoni és un programa que es basa en l’apadrinament d’un element patrimonial per part del centre educatiu, la qual cosa comporta donar-li valor i aprofundir-ne en el coneixement des del punt de vista cultural, alhora, fer que aquest coneixement sigui socialment rellevant; arribi a la mateixa comunitat i a l’entorn de l’escola.</p>
<p><strong>Nosaltres hem decidit apadrinar la nostra escola</strong> perquè és un edifici emblemàtic de la Vila de Molins de Rei. Té molts anys d’història i per aquí han passat mares, pares, àvies i avis dels alumnes que tenim actualment. A l’octubre del 2016 vam celebrar els 90 anys de la nostra escola i vam començar a conèixer una mica la seva història, lligada sempre a la història de Molins de Rei.</p>
<p>Pensem que aquest projecte encaixa perfectament en la línia pedagògica que estem construint a la nostre escola, doncs el treballem de forma competencial i podrem aprofundir en el coneixement del nostre centre i en la importància que ha tingut per la vila. També en podrem fer difusió a tota la comunitat educativa, millorant el sentiment de pertinença al centre.</p>
<p><strong>Què hem après?</strong></p>
<p>Després de la visita de la Maria Eugènia, van decidir quina era la pedra més antiga de l’escola, que estava situada a la porta del mig, on posava la data de quan van començar les obres a l’escola; l’any 1922. I van acabar al 1925.<br />
L’any 1926 va ser inaugurada pel monarca Alfons XIII que va donar nom a l’escola. Els terrenys on es va construir l’escola eren camps de conreu.</p>
<p>Sabem que <strong>la nostra escola era de les més modernes d’aquella època</strong>: Les classes eren enormes; hi havia uns 50 alumnes per classe. També les finestres eren molt grans perquè hi entrés molta llum natural, i perquè marxessin els microbis quan s’obrien per ventilar. D’aquesta manera s’evitaven malalties.<br />
Les parets estaven pintades de verd, perquè consideraven que era un color que aportava tranquil·litat als nens i nenes.<br />
Els alumnes tenien unes taules que es deien pupitres i anaven de dos en dos. Tenien un calaix de fusta que es podia tancar i hi havia dues cadires enganxades a la taula que formava el pupitre.<br />
Els nens tenien un director i les nenes una directora. Les nenes i els nens estaven separats. Els nens estaven el costat dret i les nenes el costat contrari.<br />
Els professors dels nens eren homes i les nenes tenien professores. Els nens portaven bates blaves i les nenes la portaven de color rosa.<br />
Els nens i les nenes estaven separats per una tanca al pati, no podien jugar junts. Tampoc jugaven als mateixos jocs.<br />
Hi havia mestres que pegaven amb el regle.<br />
A les aules hi havia una estufa i la taula del professor o professora estava damunt d’una tarima.<br />
A l’hora del menjador, els nens i les nenes menjaven en horaris diferents. Al cap d’uns anys, ja podien menjar junts.<br />
El director i el conserge antigament vivien a l&#8217;habitatge de la part superior de l’edifici. També hi vivia una dona que es deia Carmina. Potser era la dona del conserge.</p>
<p>A l’edifici situat davant de l’entrada principal de l’escola hi havia la casa dels mestres. Vivien els professors solters.<br />
El català estava prohibit a tota l’escola i tots parlaven castellà.</p>
<p>A l’any 1930 hi va haver una epidèmia de termites que van atacar les bigues del sostre i les van haver de canviar. Es va haver de tancar l’escola.</p>
<p>El nom de l’escola Alfons XIII es va canviar a l’any 2014 i es va passar a dir escola el Palau.</p>
<p>&nbsp;</p>
<p><a href="https://youtu.be/NmputPZrOlg" target="_blank" rel="noopener noreferrer"><img loading="lazy" decoding="async" class="wp-image-1525 aligncenter" src="https://agora.xtec.cat/esc-elpalau/wp-content/uploads/usu1480/2020/02/Vídeo-lescola-1.jpg" alt="" width="364" height="205" srcset="https://agora.xtec.cat/esc-elpalau/wp-content/uploads/usu1480/2020/02/Vídeo-lescola-1.jpg 770w, https://agora.xtec.cat/esc-elpalau/wp-content/uploads/usu1480/2020/02/Vídeo-lescola-1-300x169.jpg 300w, https://agora.xtec.cat/esc-elpalau/wp-content/uploads/usu1480/2020/02/Vídeo-lescola-1-768x433.jpg 768w" sizes="auto, (max-width: 364px) 100vw, 364px" /></a></p>
<p><a href="https://agora.xtec.cat/esc-elpalau/wp-content/uploads/usu1480/2020/02/Què-hem-après.pdf">              </a></p>
<p><a href="https://agora.xtec.cat/esc-elpalau/wp-content/uploads/usu1480/2020/02/Qu%C3%A8-hem-apr%C3%A8s.pdf">  </a></p>
<p>&nbsp;</p>

<p>&nbsp;</p>
<p>Apadrinem el nostre patrimoni és un programa que es basa en l’apadrinament d’un element patrimonial per part del centre educatiu, la qual cosa comporta donar-li valor i aprofundir-ne en el coneixement des del punt de vista cultural, alhora, fer que aquest coneixement sigui socialment rellevant;&hellip;  <a href="https://agora.xtec.cat/esc-elpalau/projecte-educatiu/projecte-dinnovacio/apadrinem-el-nostre-patrimoni/" title="Read Apadrinem el nostre Patrimoni">Llegeix més»</a></p>
