{"id":886,"date":"2015-02-19T12:24:58","date_gmt":"2015-02-19T11:24:58","guid":{"rendered":"http:\/\/agora.xtec.cat\/esc-elgegantdelrec\/?page_id=886"},"modified":"2026-02-17T09:18:25","modified_gmt":"2026-02-17T08:18:25","slug":"pagina-inici","status":"publish","type":"page","link":"https:\/\/agora.xtec.cat\/esc-elgegantdelrec\/","title":{"rendered":"INICI"},"content":{"rendered":"\n<h5 class=\"wp-block-heading has-text-align-center\"><span style=\"text-decoration: underline;\"><span style=\"color: #008000; text-decoration: underline;\"><strong>Per entrar al centre \u00e9s molt important tenir CITA PR\u00c8VIA<\/strong><\/span><\/span><\/h5>\n\n\n\n<h5 class=\"wp-block-heading has-text-align-center\"><span style=\"color: #008000;\"><strong>Per qualse<\/strong><\/span><span style=\"color: #008000;\"><strong>vol dub<\/strong><\/span><span style=\"color: #008000;\"><strong>te contacteu amb la direcci\u00f3 del centre:<\/strong><\/span><\/h5>\n\n\n\n<h5 class=\"wp-block-heading has-text-align-center\"><span style=\"color: #008000;\"><strong>podeu escriure al correu electr\u00f2nic&nbsp;<\/strong><\/span><\/h5>\n\n\n\n<h5 class=\"wp-block-heading has-text-align-center\"><span style=\"color: #008000;\"><strong>b7008298@xtec.cat <\/strong><\/span><\/h5>\n\n\n\n<h5 class=\"wp-block-heading has-text-align-center\"><span style=\"color: #008000;\">Tamb\u00e9 podeu trucar al tel\u00e8fon 972232127 <\/span><\/h5>\n\n\n\n<h5 class=\"wp-block-heading has-text-align-center\"><span style=\"color: #008000;\">o al 681310698<\/span><\/h5>\n\n\n\n<p>&nbsp;<\/p>\n","protected":false},"excerpt":{"rendered":"<p>Per entrar al centre \u00e9s molt important tenir CITA PR\u00c8VIA Per qualsevol dubte contacteu amb la direcci\u00f3 del centre: podeu escriure al correu electr\u00f2nic&nbsp; b7008298@xtec.cat Tamb\u00e9 podeu trucar al tel\u00e8fon 972232127 o al 681310698 &nbsp;<\/p>\n","protected":false},"author":1,"featured_media":0,"parent":0,"menu_order":0,"comment_status":"closed","ping_status":"closed","template":"","meta":{"_bbp_topic_count":0,"_bbp_reply_count":0,"_bbp_total_topic_count":0,"_bbp_total_reply_count":0,"_bbp_voice_count":0,"_bbp_anonymous_reply_count":0,"_bbp_topic_count_hidden":0,"_bbp_reply_count_hidden":0,"_bbp_forum_subforum_count":0,"site-sidebar-layout":"default","site-content-layout":"","ast-site-content-layout":"default","site-content-style":"default","site-sidebar-style":"default","ast-global-header-display":"","ast-banner-title-visibility":"","ast-main-header-display":"","ast-hfb-above-header-display":"","ast-hfb-below-header-display":"","ast-hfb-mobile-header-display":"","site-post-title":"","ast-breadcrumbs-content":"","ast-featured-img":"","footer-sml-layout":"","theme-transparent-header-meta":"default","adv-header-id-meta":"","stick-header-meta":"","header-above-stick-meta":"","header-main-stick-meta":"","header-below-stick-meta":"","astra-migrate-meta-layouts":"set","ast-page-background-enabled":"default","ast-page-background-meta":{"desktop":{"background-color":"var(--ast-global-color-4)","background-image":"","background-repeat":"repeat","background-position":"center center","background-size":"auto","background-attachment":"scroll","background-type":"","background-media":"","overlay-type":"","overlay-color":"","overlay-opacity":"","overlay-gradient":""},"tablet":{"background-color":"","background-image":"","background-repeat":"repeat","background-position":"center center","background-size":"auto","background-attachment":"scroll","background-type":"","background-media":"","overlay-type":"","overlay-color":"","overlay-opacity":"","overlay-gradient":""},"mobile":{"background-color":"","background-image":"","background-repeat":"repeat","background-position":"center center","background-size":"auto","background-attachment":"scroll","background-type":"","background-media":"","overlay-type":"","overlay-color":"","overlay-opacity":"","overlay-gradient":""}},"ast-content-background-meta":{"desktop":{"background-color":"var(--ast-global-color-5)","background-image":"","background-repeat":"repeat","background-position":"center center","background-size":"auto","background-attachment":"scroll","background-type":"","background-media":"","overlay-type":"","overlay-color":"","overlay-opacity":"","overlay-gradient":""},"tablet":{"background-color":"var(--ast-global-color-5)","background-image":"","background-repeat":"repeat","background-position":"center center","background-size":"auto","background-attachment":"scroll","background-type":"","background-media":"","overlay-type":"","overlay-color":"","overlay-opacity":"","overlay-gradient":""},"mobile":{"background-color":"var(--ast-global-color-5)","background-image":"","background-repeat":"repeat","background-position":"center center","background-size":"auto","background-attachment":"scroll","background-type":"","background-media":"","overlay-type":"","overlay-color":"","overlay-opacity":"","overlay-gradient":""}},"footnotes":""},"class_list":["post-886","page","type-page","status-publish","hentry"],"post_mailing_queue_ids":[],"_links":{"self":[{"href":"https:\/\/agora.xtec.cat\/esc-elgegantdelrec\/wp-json\/wp\/v2\/pages\/886","targetHints":{"allow":["GET"]}}],"collection":[{"href":"https:\/\/agora.xtec.cat\/esc-elgegantdelrec\/wp-json\/wp\/v2\/pages"}],"about":[{"href":"https:\/\/agora.xtec.cat\/esc-elgegantdelrec\/wp-json\/wp\/v2\/types\/page"}],"author":[{"embeddable":true,"href":"https:\/\/agora.xtec.cat\/esc-elgegantdelrec\/wp-json\/wp\/v2\/users\/1"}],"replies":[{"embeddable":true,"href":"https:\/\/agora.xtec.cat\/esc-elgegantdelrec\/wp-json\/wp\/v2\/comments?post=886"}],"version-history":[{"count":6,"href":"https:\/\/agora.xtec.cat\/esc-elgegantdelrec\/wp-json\/wp\/v2\/pages\/886\/revisions"}],"predecessor-version":[{"id":25497,"href":"https:\/\/agora.xtec.cat\/esc-elgegantdelrec\/wp-json\/wp\/v2\/pages\/886\/revisions\/25497"}],"wp:attachment":[{"href":"https:\/\/agora.xtec.cat\/esc-elgegantdelrec\/wp-json\/wp\/v2\/media?parent=886"}],"curies":[{"name":"wp","href":"https:\/\/api.w.org\/{rel}","templated":true}]}}