{"id":26,"date":"2014-09-18T12:24:32","date_gmt":"2014-09-18T11:24:32","guid":{"rendered":"http:\/\/agora.xtec.cat\/esc-eeejoanriu\/?page_id=26"},"modified":"2018-02-17T17:54:24","modified_gmt":"2018-02-17T16:54:24","slug":"historia","status":"publish","type":"page","link":"https:\/\/agora.xtec.cat\/esc-eeejoanriu\/lescola\/historia\/","title":{"rendered":"Hist\u00f2ria"},"content":{"rendered":"<h4 style=\"text-align: justify;\"><\/h4>\n<p style=\"text-align: justify;\"><strong><a href=\"http:\/\/agora.xtec.cat\/esc-eeejoanriu\/wp-content\/uploads\/usu1550\/2014\/09\/ANTIGA-1.jpg\"><img loading=\"lazy\" decoding=\"async\" class=\"wp-image-693 alignright\" src=\"http:\/\/agora.xtec.cat\/esc-eeejoanriu\/wp-content\/uploads\/usu1550\/2014\/09\/ANTIGA-1.jpg\" alt=\"antiga-1\" width=\"187\" height=\"154\" srcset=\"https:\/\/agora.xtec.cat\/esc-eeejoanriu\/wp-content\/uploads\/usu1550\/2014\/09\/ANTIGA-1.jpg 408w, https:\/\/agora.xtec.cat\/esc-eeejoanriu\/wp-content\/uploads\/usu1550\/2014\/09\/ANTIGA-1-300x247.jpg 300w\" sizes=\"auto, (max-width: 187px) 100vw, 187px\" \/><\/a><\/strong>L\u2019any 1980 es va crear el Centre Joan Riu, per tal d\u2019atendre a nens i nenes amb greus pluridiscapacitats de les comarques gironines. Aquest projecte es va materialitzar gr\u00e0cies a una donaci\u00f3 de la fam\u00edlia Riu juntament amb Caixa de Girona. L\u2019any 1988 el Centre es va convertir en Fundaci\u00f3 Privada Joan Riu depenent de l\u2019Obra Social de Caixa de Girona.<\/p>\n<p style=\"text-align: justify;\">L\u2019any 1991 amb la regularitzaci\u00f3 i el desplegament de l\u2019educaci\u00f3 especial, la Fundaci\u00f3 Joan Riu va crear l\u2019Escola d\u2019Educaci\u00f3 Especial Joan Riu concertada amb el Departament d\u2019Ensenyament de la Generalitat de Catalunya. A partir d\u2019aquell moment la Fundaci\u00f3 Joan Riu va tenir dos serveis diferenciats i alhora relacionats: l\u2019Escola d\u2019Educaci\u00f3 Especial i la Residencia Infantil, on s\u2019atenien tant a alumnes d\u2019escola com als que compartien escola i resid\u00e8ncia.<\/p>\n<p style=\"text-align: justify;\">L\u2019any 1992, el Departament de Benestar Social, de la Generalitat de Catalunya, va crear un Servei residencial i un d\u2019Atenci\u00f3 Especialitzada de dia (CAE), per a persones adultes greument afectades, i que va afavorir la continu\u00eftat dels adolescents que finalitzaven l\u2019etapa escolar al Centre Joan Riu.<\/p>\n<p style=\"text-align: justify;\">Aquesta situaci\u00f3 va fer que es cre\u00e9s el Consorci Sant Gregori, format pel Departament de Benestar Social, Caixa de Girona &#8211; obra social -, Fundaci\u00f3 Privada Joan Riu i el Departament d\u2019Educaci\u00f3, com a \u00d2rgan gestor del conjunt de serveis. M\u00e9s tard, amb la desaparici\u00f3 de Caixa de Girona, La Caixa assumeix les compet\u00e8ncies.<\/p>\n<p style=\"text-align: justify;\">Al llarg dels darrers anys s\u2019han fet obres de millora i concretament l\u2019any 2010 es va estrenar l\u2019escola i la residencia infantil al nou edifici.<\/p>\n<p style=\"text-align: justify;\"><img loading=\"lazy\" decoding=\"async\" class=\"wp-image-694 aligncenter\" src=\"http:\/\/agora.xtec.cat\/esc-eeejoanriu\/wp-content\/uploads\/usu1550\/2014\/09\/IMG_8263.jpg\" alt=\"img_8263\" width=\"276\" height=\"145\" srcset=\"https:\/\/agora.xtec.cat\/esc-eeejoanriu\/wp-content\/uploads\/usu1550\/2014\/09\/IMG_8263.jpg 437w, https:\/\/agora.xtec.cat\/esc-eeejoanriu\/wp-content\/uploads\/usu1550\/2014\/09\/IMG_8263-300x158.jpg 300w\" sizes=\"auto, (max-width: 276px) 100vw, 276px\" \/><\/p>\n<p style=\"text-align: justify;\">\n","protected":false},"excerpt":{"rendered":"<p>L\u2019any 1980 es va crear el Centre Joan Riu, per tal d\u2019atendre a nens i nenes amb greus pluridiscapacitats de les comarques gironines. Aquest projecte es va materialitzar gr\u00e0cies a una donaci\u00f3 de la fam\u00edlia Riu juntament amb Caixa de Girona. L\u2019any 1988 el Centre es va convertir en Fundaci\u00f3 Privada Joan Riu depenent de [&hellip;]<\/p>\n","protected":false},"author":1,"featured_media":0,"parent":22,"menu_order":20,"comment_status":"closed","ping_status":"closed","template":"page-templates\/side-menu.php","meta":{"_bbp_topic_count":0,"_bbp_reply_count":0,"_bbp_total_topic_count":0,"_bbp_total_reply_count":0,"_bbp_voice_count":0,"_bbp_anonymous_reply_count":0,"_bbp_topic_count_hidden":0,"_bbp_reply_count_hidden":0,"_bbp_forum_subforum_count":0,"site-sidebar-layout":"default","site-content-layout":"","ast-site-content-layout":"","site-content-style":"default","site-sidebar-style":"default","ast-global-header-display":"","ast-banner-title-visibility":"","ast-main-header-display":"","ast-hfb-above-header-display":"","ast-hfb-below-header-display":"","ast-hfb-mobile-header-display":"","site-post-title":"","ast-breadcrumbs-content":"","ast-featured-img":"","footer-sml-layout":"","theme-transparent-header-meta":"","adv-header-id-meta":"","stick-header-meta":"","header-above-stick-meta":"","header-main-stick-meta":"","header-below-stick-meta":"","astra-migrate-meta-layouts":"default","ast-page-background-enabled":"default","ast-page-background-meta":{"desktop":{"background-color":"var(--ast-global-color-4)","background-image":"","background-repeat":"repeat","background-position":"center center","background-size":"auto","background-attachment":"scroll","background-type":"","background-media":"","overlay-type":"","overlay-color":"","overlay-opacity":"","overlay-gradient":""},"tablet":{"background-color":"","background-image":"","background-repeat":"repeat","background-position":"center center","background-size":"auto","background-attachment":"scroll","background-type":"","background-media":"","overlay-type":"","overlay-color":"","overlay-opacity":"","overlay-gradient":""},"mobile":{"background-color":"","background-image":"","background-repeat":"repeat","background-position":"center center","background-size":"auto","background-attachment":"scroll","background-type":"","background-media":"","overlay-type":"","overlay-color":"","overlay-opacity":"","overlay-gradient":""}},"ast-content-background-meta":{"desktop":{"background-color":"var(--ast-global-color-5)","background-image":"","background-repeat":"repeat","background-position":"center center","background-size":"auto","background-attachment":"scroll","background-type":"","background-media":"","overlay-type":"","overlay-color":"","overlay-opacity":"","overlay-gradient":""},"tablet":{"background-color":"var(--ast-global-color-5)","background-image":"","background-repeat":"repeat","background-position":"center center","background-size":"auto","background-attachment":"scroll","background-type":"","background-media":"","overlay-type":"","overlay-color":"","overlay-opacity":"","overlay-gradient":""},"mobile":{"background-color":"var(--ast-global-color-5)","background-image":"","background-repeat":"repeat","background-position":"center center","background-size":"auto","background-attachment":"scroll","background-type":"","background-media":"","overlay-type":"","overlay-color":"","overlay-opacity":"","overlay-gradient":""}},"footnotes":""},"class_list":["post-26","page","type-page","status-publish","hentry"],"post_mailing_queue_ids":[],"_links":{"self":[{"href":"https:\/\/agora.xtec.cat\/esc-eeejoanriu\/wp-json\/wp\/v2\/pages\/26","targetHints":{"allow":["GET"]}}],"collection":[{"href":"https:\/\/agora.xtec.cat\/esc-eeejoanriu\/wp-json\/wp\/v2\/pages"}],"about":[{"href":"https:\/\/agora.xtec.cat\/esc-eeejoanriu\/wp-json\/wp\/v2\/types\/page"}],"author":[{"embeddable":true,"href":"https:\/\/agora.xtec.cat\/esc-eeejoanriu\/wp-json\/wp\/v2\/users\/1"}],"replies":[{"embeddable":true,"href":"https:\/\/agora.xtec.cat\/esc-eeejoanriu\/wp-json\/wp\/v2\/comments?post=26"}],"version-history":[{"count":4,"href":"https:\/\/agora.xtec.cat\/esc-eeejoanriu\/wp-json\/wp\/v2\/pages\/26\/revisions"}],"predecessor-version":[{"id":697,"href":"https:\/\/agora.xtec.cat\/esc-eeejoanriu\/wp-json\/wp\/v2\/pages\/26\/revisions\/697"}],"up":[{"embeddable":true,"href":"https:\/\/agora.xtec.cat\/esc-eeejoanriu\/wp-json\/wp\/v2\/pages\/22"}],"wp:attachment":[{"href":"https:\/\/agora.xtec.cat\/esc-eeejoanriu\/wp-json\/wp\/v2\/media?parent=26"}],"curies":[{"name":"wp","href":"https:\/\/api.w.org\/{rel}","templated":true}]}}