{"id":19298,"date":"2025-10-23T13:39:13","date_gmt":"2025-10-23T11:39:13","guid":{"rendered":"https:\/\/agora.xtec.cat\/esc-eeejoanriu\/?page_id=19298"},"modified":"2026-04-23T14:11:53","modified_gmt":"2026-04-23T12:11:53","slug":"afa-2","status":"publish","type":"page","link":"https:\/\/agora.xtec.cat\/esc-eeejoanriu\/afa-2\/","title":{"rendered":"AFA"},"content":{"rendered":"<p><img loading=\"lazy\" decoding=\"async\" class=\"alignnone size-full wp-image-19299\" src=\"https:\/\/agora.xtec.cat\/esc-eeejoanriu\/wp-content\/uploads\/usu1550\/2025\/10\/Imatge1.jpg\" alt=\"\" width=\"249\" height=\"72\" \/>\u00a0 \u00a0 \u00a0 \u00a0 \u00a0 \u00a0 \u00a0 \u00a0 \u00a0 \u00a0 \u00a0 \u00a0 \u00a0 \u00a0 \u00a0 \u00a0 \u00a0 \u00a0 \u00a0 \u00a0 \u00a0 \u00a0 \u00a0 \u00a0 \u00a0 \u00a0 \u00a0 \u00a0 \u00a0 \u00a0 \u00a0 \u00a0 \u00a0 \u00a0 \u00a0 \u00a0 \u00a0 \u00a0 \u00a0 \u00a0 \u00a0 \u00a0 \u00a0 \u00a0 \u00a0 \u00a0 \u00a0 \u00a0 \u00a0 \u00a0 \u00a0 \u00a0 \u00a0 \u00a0 \u00a0 <img loading=\"lazy\" decoding=\"async\" class=\"alignnone wp-image-19300 size-full\" src=\"https:\/\/agora.xtec.cat\/esc-eeejoanriu\/wp-content\/uploads\/usu1550\/2025\/10\/Imatge2-e1761219135614.jpg\" alt=\"\" width=\"152\" height=\"138\" \/>\u00a0 <img loading=\"lazy\" decoding=\"async\" class=\"alignnone wp-image-19301 \" src=\"https:\/\/agora.xtec.cat\/esc-eeejoanriu\/wp-content\/uploads\/usu1550\/2025\/10\/Imatge3-e1761219191854.png\" alt=\"\" width=\"163\" height=\"141\" \/><\/p>\n<p><strong>NOVEMBRE 2025<\/strong><\/p>\n<p>Agra\u00efm a l&#8217;AFA de l&#8217;escola que ens ha regalat una nova plastificadora !<\/p>\n<p><a href=\"https:\/\/agora.xtec.cat\/esc-eeejoanriu\/wp-content\/uploads\/usu1550\/2025\/11\/VID-20251113-WA0001.mp4\" target=\"_blank\" rel=\"noopener\"><img loading=\"lazy\" decoding=\"async\" class=\"alignnone wp-image-19418 size-medium\" src=\"https:\/\/agora.xtec.cat\/esc-eeejoanriu\/wp-content\/uploads\/usu1550\/2025\/11\/plastificadora-294x300.png\" alt=\"\" width=\"294\" height=\"300\" srcset=\"https:\/\/agora.xtec.cat\/esc-eeejoanriu\/wp-content\/uploads\/usu1550\/2025\/11\/plastificadora-294x300.png 294w, https:\/\/agora.xtec.cat\/esc-eeejoanriu\/wp-content\/uploads\/usu1550\/2025\/11\/plastificadora.png 567w\" sizes=\"auto, (max-width: 294px) 100vw, 294px\" \/>\u00a0<\/a><\/p>\n<p>Hola fam\u00edlies!<\/p>\n<p>Des de l\u2019Associaci\u00f3 de Fam\u00edlies d\u2019Alumnes, AFA Joan Riu, us volem donar la benvinguda al nou curs 2025-2026! Comencem amb moltes ganes i il\u00b7lusi\u00f3 per treballar junts i oferir als nostres fills i filles un entorn on puguin cr\u00e9ixer, aprendre i gaudir.<\/p>\n<p>Una salutaci\u00f3 especial per a les fam\u00edlies que us incorporeu aquest any a l\u2019escola. Ens agradaria molt que us anim\u00e9ssiu a participar i a implicar-vos en aquesta comunitat educativa. Entre tots fem escola!<\/p>\n<p>Us convidem a formar part activa de l\u2019AFA, un espai clau per enfortir el vincle entre escola i fam\u00edlies. La vostra implicaci\u00f3 \u00e9s molt valuosa i \u00e9s per aix\u00f2 que us animem a donar un cop de m\u00e0 en les activitats que organitzem al llarg del curs. Tot suma! Qualsevol ajuda, per petita que sigui, \u00e9s molt benvinguda i fa possible que l\u2019escola sigui encara m\u00e9s rica i acollidora, un lloc m\u00e9s viu per als nostres infants i joves.<\/p>\n<p>Aprofitem per recordar-vos que aquest curs s\u2019incorpora el xandall escolar, que ser\u00e0 de car\u00e0cter obligatori per a les sortides i les sessions de piscina. Ens ajudar\u00e0 a identificar millor els nens i nenes fora de l\u2019escola i a refor\u00e7ar el sentiment de grup.<\/p>\n<p>Moltes gr\u00e0cies per ser-hi, per la vostra col\u00b7laboraci\u00f3 i per ser part essencial d\u2019aquesta gran fam\u00edlia que \u00e9s l\u2019escola. Us desitgem un molt bon inici de curs!<\/p>\n<p>Una abra\u00e7ada,<\/p>\n<p>La Junta de l\u2019AFA Joan Riu<\/p>\n<p>El divendres 17 d&#8217;octubre l&#8217;<strong>AFA\u00a0<\/strong> de l&#8217;escola fa la primera trobada per parlar de les activitats del curs.<\/p>\n<p><img loading=\"lazy\" decoding=\"async\" class=\"alignnone wp-image-19193 \" src=\"https:\/\/agora.xtec.cat\/esc-eeejoanriu\/wp-content\/uploads\/usu1550\/2025\/10\/www-2-e1761219514761.jpg\" alt=\"\" width=\"314\" height=\"335\" srcset=\"https:\/\/agora.xtec.cat\/esc-eeejoanriu\/wp-content\/uploads\/usu1550\/2025\/10\/www-2-e1761219514761.jpg 336w, https:\/\/agora.xtec.cat\/esc-eeejoanriu\/wp-content\/uploads\/usu1550\/2025\/10\/www-2-e1761219514761-281x300.jpg 281w\" sizes=\"auto, (max-width: 314px) 100vw, 314px\" \/> \u00a0<img loading=\"lazy\" decoding=\"async\" class=\"alignnone size-full wp-image-19194\" src=\"https:\/\/agora.xtec.cat\/esc-eeejoanriu\/wp-content\/uploads\/usu1550\/2025\/10\/www.jpg\" alt=\"\" width=\"392\" height=\"336\" srcset=\"https:\/\/agora.xtec.cat\/esc-eeejoanriu\/wp-content\/uploads\/usu1550\/2025\/10\/www.jpg 392w, https:\/\/agora.xtec.cat\/esc-eeejoanriu\/wp-content\/uploads\/usu1550\/2025\/10\/www-300x257.jpg 300w\" sizes=\"auto, (max-width: 392px) 100vw, 392px\" \/><\/p>\n","protected":false},"excerpt":{"rendered":"<p>\u00a0 \u00a0 \u00a0 \u00a0 \u00a0 \u00a0 \u00a0 \u00a0 \u00a0 \u00a0 \u00a0 \u00a0 \u00a0 \u00a0 \u00a0 \u00a0 \u00a0 \u00a0 \u00a0 \u00a0 \u00a0 \u00a0 \u00a0 \u00a0 \u00a0 \u00a0 \u00a0 \u00a0 \u00a0 \u00a0 \u00a0 \u00a0 \u00a0 \u00a0 \u00a0 \u00a0 \u00a0 \u00a0 \u00a0 \u00a0 \u00a0 \u00a0 \u00a0 \u00a0 \u00a0 \u00a0 \u00a0 \u00a0 \u00a0 \u00a0 \u00a0 \u00a0 \u00a0 \u00a0 \u00a0 [&hellip;]<\/p>\n","protected":false},"author":1,"featured_media":0,"parent":0,"menu_order":0,"comment_status":"closed","ping_status":"closed","template":"","meta":{"_bbp_topic_count":0,"_bbp_reply_count":0,"_bbp_total_topic_count":0,"_bbp_total_reply_count":0,"_bbp_voice_count":0,"_bbp_anonymous_reply_count":0,"_bbp_topic_count_hidden":0,"_bbp_reply_count_hidden":0,"_bbp_forum_subforum_count":0,"site-sidebar-layout":"default","site-content-layout":"","ast-site-content-layout":"default","site-content-style":"default","site-sidebar-style":"default","ast-global-header-display":"","ast-banner-title-visibility":"","ast-main-header-display":"","ast-hfb-above-header-display":"","ast-hfb-below-header-display":"","ast-hfb-mobile-header-display":"","site-post-title":"","ast-breadcrumbs-content":"","ast-featured-img":"","footer-sml-layout":"","theme-transparent-header-meta":"","adv-header-id-meta":"","stick-header-meta":"","header-above-stick-meta":"","header-main-stick-meta":"","header-below-stick-meta":"","astra-migrate-meta-layouts":"set","ast-page-background-enabled":"default","ast-page-background-meta":{"desktop":{"background-color":"var(--ast-global-color-4)","background-image":"","background-repeat":"repeat","background-position":"center center","background-size":"auto","background-attachment":"scroll","background-type":"","background-media":"","overlay-type":"","overlay-color":"","overlay-opacity":"","overlay-gradient":""},"tablet":{"background-color":"","background-image":"","background-repeat":"repeat","background-position":"center center","background-size":"auto","background-attachment":"scroll","background-type":"","background-media":"","overlay-type":"","overlay-color":"","overlay-opacity":"","overlay-gradient":""},"mobile":{"background-color":"","background-image":"","background-repeat":"repeat","background-position":"center center","background-size":"auto","background-attachment":"scroll","background-type":"","background-media":"","overlay-type":"","overlay-color":"","overlay-opacity":"","overlay-gradient":""}},"ast-content-background-meta":{"desktop":{"background-color":"var(--ast-global-color-5)","background-image":"","background-repeat":"repeat","background-position":"center center","background-size":"auto","background-attachment":"scroll","background-type":"","background-media":"","overlay-type":"","overlay-color":"","overlay-opacity":"","overlay-gradient":""},"tablet":{"background-color":"var(--ast-global-color-5)","background-image":"","background-repeat":"repeat","background-position":"center center","background-size":"auto","background-attachment":"scroll","background-type":"","background-media":"","overlay-type":"","overlay-color":"","overlay-opacity":"","overlay-gradient":""},"mobile":{"background-color":"var(--ast-global-color-5)","background-image":"","background-repeat":"repeat","background-position":"center center","background-size":"auto","background-attachment":"scroll","background-type":"","background-media":"","overlay-type":"","overlay-color":"","overlay-opacity":"","overlay-gradient":""}},"footnotes":""},"class_list":["post-19298","page","type-page","status-publish","hentry"],"post_mailing_queue_ids":[],"_links":{"self":[{"href":"https:\/\/agora.xtec.cat\/esc-eeejoanriu\/wp-json\/wp\/v2\/pages\/19298","targetHints":{"allow":["GET"]}}],"collection":[{"href":"https:\/\/agora.xtec.cat\/esc-eeejoanriu\/wp-json\/wp\/v2\/pages"}],"about":[{"href":"https:\/\/agora.xtec.cat\/esc-eeejoanriu\/wp-json\/wp\/v2\/types\/page"}],"author":[{"embeddable":true,"href":"https:\/\/agora.xtec.cat\/esc-eeejoanriu\/wp-json\/wp\/v2\/users\/1"}],"replies":[{"embeddable":true,"href":"https:\/\/agora.xtec.cat\/esc-eeejoanriu\/wp-json\/wp\/v2\/comments?post=19298"}],"version-history":[{"count":4,"href":"https:\/\/agora.xtec.cat\/esc-eeejoanriu\/wp-json\/wp\/v2\/pages\/19298\/revisions"}],"predecessor-version":[{"id":20497,"href":"https:\/\/agora.xtec.cat\/esc-eeejoanriu\/wp-json\/wp\/v2\/pages\/19298\/revisions\/20497"}],"wp:attachment":[{"href":"https:\/\/agora.xtec.cat\/esc-eeejoanriu\/wp-json\/wp\/v2\/media?parent=19298"}],"curies":[{"name":"wp","href":"https:\/\/api.w.org\/{rel}","templated":true}]}}