{"id":593,"date":"2020-04-28T17:52:14","date_gmt":"2020-04-28T15:52:14","guid":{"rendered":"https:\/\/agora.xtec.cat\/esc-educacioespecial-aremi\/?page_id=593"},"modified":"2020-05-18T17:57:30","modified_gmt":"2020-05-18T15:57:30","slug":"comunicacio","status":"publish","type":"page","link":"https:\/\/agora.xtec.cat\/esc-educacioespecial-aremi\/projectes\/projecte-talento-aspace\/comunicacio\/","title":{"rendered":"Comunicaci\u00f3"},"content":{"rendered":"<p>El Centre d&#8217;Educaci\u00f3 AREMI participa del projecte TALENTO de la Confederaci\u00f3 ASPACE &#8221; Sistemas de Comunicaci\u00f3n y Autonomia Personal&#8221; des del curs 2016\/17.<\/p>\n<p>El grup de treball est\u00e0 format per professionals (logopedes, majorit\u00e0riament) de set associacions de Catalunya (APPC Tarragona, ASPACE Baleares, ESCLAT, NEXE Fundaci\u00f3, PRODIS, Fundaci\u00f3 MARESME, AREMI) i l&#8217;EBM (Escola Bressol Municipal) Trencad\u00eds.<\/p>\n<p>L\u2019objectiu general d&#8217;aquesta \u00faltima edici\u00f3 ha estat el desenvolupament d&#8217;un protocol per a l\u2019avaluaci\u00f3 de la comunicaci\u00f3 i la presa de decisions quant a les necessitats especials de comunicaci\u00f3. El grup ha realitzat una cerca de diferents eines d\u2019avaluaci\u00f3, proc\u00e9s de selecci\u00f3 de les m\u00e9s id\u00f2nies per avaluar alumnat i usuaris i, utilitzaci\u00f3 de les mateixes.<\/p>\n<p>El fruit de tot aquest treball \u00e9s la recopilaci\u00f3 de dades i avaluacions utilitzant dues eines per a l&#8217;avaluaci\u00f3 de la compet\u00e8ncia comunicativa -Hitos per a la comunicaci\u00f3 i Matriu de comunicaci\u00f3-. Tamb\u00e9 s&#8217;ha redactat un article i\/o pon\u00e8ncia sobre la implementaci\u00f3 d&#8217;aquestes dues eines d&#8217;avaluaci\u00f3 que havia de ser presentada a les confer\u00e8ncies ISAAC 2020 potsposades per al 2021.<\/p>\n<p>&nbsp;<\/p>\n<p>&nbsp;<\/p>\n","protected":false},"excerpt":{"rendered":"<p>El Centre d&#8217;Educaci\u00f3 AREMI participa del projecte TALENTO de la Confederaci\u00f3 ASPACE &#8221; Sistemas de Comunicaci\u00f3n y Autonomia Personal&#8221; des del curs 2016\/17.<br \/>\nEl grup de treball est\u00e0 format per professionals (logopedes, majorit\u00e0riament) de set associacions de Catalunya (APPC Tarragona, ASPACE Baleares, ESCLAT, NEXE Fundaci\u00f3, PRODIS,&hellip;  <a href=\"https:\/\/agora.xtec.cat\/esc-educacioespecial-aremi\/projectes\/projecte-talento-aspace\/comunicacio\/\" title=\"Read Comunicaci\u00f3\">Llegeix m\u00e9s\u00bb<\/a><\/p>\n","protected":false},"author":1,"featured_media":0,"parent":591,"menu_order":0,"comment_status":"closed","ping_status":"closed","template":"page-templates\/side-menu.php","meta":{"_bbp_topic_count":0,"_bbp_reply_count":0,"_bbp_total_topic_count":0,"_bbp_total_reply_count":0,"_bbp_voice_count":0,"_bbp_anonymous_reply_count":0,"_bbp_topic_count_hidden":0,"_bbp_reply_count_hidden":0,"_bbp_forum_subforum_count":0,"footnotes":""},"class_list":["post-593","page","type-page","status-publish","hentry"],"post_mailing_queue_ids":[],"_links":{"self":[{"href":"https:\/\/agora.xtec.cat\/esc-educacioespecial-aremi\/wp-json\/wp\/v2\/pages\/593","targetHints":{"allow":["GET"]}}],"collection":[{"href":"https:\/\/agora.xtec.cat\/esc-educacioespecial-aremi\/wp-json\/wp\/v2\/pages"}],"about":[{"href":"https:\/\/agora.xtec.cat\/esc-educacioespecial-aremi\/wp-json\/wp\/v2\/types\/page"}],"author":[{"embeddable":true,"href":"https:\/\/agora.xtec.cat\/esc-educacioespecial-aremi\/wp-json\/wp\/v2\/users\/1"}],"replies":[{"embeddable":true,"href":"https:\/\/agora.xtec.cat\/esc-educacioespecial-aremi\/wp-json\/wp\/v2\/comments?post=593"}],"version-history":[{"count":3,"href":"https:\/\/agora.xtec.cat\/esc-educacioespecial-aremi\/wp-json\/wp\/v2\/pages\/593\/revisions"}],"predecessor-version":[{"id":782,"href":"https:\/\/agora.xtec.cat\/esc-educacioespecial-aremi\/wp-json\/wp\/v2\/pages\/593\/revisions\/782"}],"up":[{"embeddable":true,"href":"https:\/\/agora.xtec.cat\/esc-educacioespecial-aremi\/wp-json\/wp\/v2\/pages\/591"}],"wp:attachment":[{"href":"https:\/\/agora.xtec.cat\/esc-educacioespecial-aremi\/wp-json\/wp\/v2\/media?parent=593"}],"curies":[{"name":"wp","href":"https:\/\/api.w.org\/{rel}","templated":true}]}}