{"id":585,"date":"2020-04-28T17:48:30","date_gmt":"2020-04-28T15:48:30","guid":{"rendered":"https:\/\/agora.xtec.cat\/esc-educacioespecial-aremi\/?page_id=585"},"modified":"2024-02-29T11:56:15","modified_gmt":"2024-02-29T10:56:15","slug":"projecte-comu-de-lectura","status":"publish","type":"page","link":"https:\/\/agora.xtec.cat\/esc-educacioespecial-aremi\/projectes\/projecte-comu-de-lectura\/","title":{"rendered":"Projecte de Lectura"},"content":{"rendered":"<p>El\u00a0 Projecte\u00a0 de Lectura \u00e9s una proposta oberta a tot l\u2019alumnat de la nostra Escola, on es treballa\u00a0 el desenvolupament de les compet\u00e8ncies b\u00e0siques del curr\u00edculum,\u00a0 concretament\u00a0 les que es refereixen a l\u2019\u00e0mbit ling\u00fc\u00edstic, dins les dimensions comunicatives -tant pel que fa a la vessant comprensiva com a l\u2019expressiva-.<\/p>\n<p>D\u2019acord al Projecte Ling\u00fc\u00edstic de Centre som una escola que d\u00f3na valor a la lectura, a l\u2019explicaci\u00f3 de contes i hist\u00f2ries que afavoreixen en l\u2019alumnat l\u2019atenci\u00f3, l\u2019escolta activa, l\u2019aparici\u00f3 de conductes comunicatives, l\u2019adquisici\u00f3 de nou vocabulari, l\u2019acc\u00e9s a coneixements de manera atractiva i la cohesi\u00f3 de grup.<\/p>\n<p>Aquest curs 2023-24\u00a0 el Projecte com\u00fa de Lectura, en el context de la tem\u00e0tica de l\u2019Escola referent als Somnis,\u00a0d\u00f3na rellev\u00e0ncia als relats de contes i hist\u00f2ries fant\u00e0stiques relacionades amb els somnis. Cada hist\u00f2ria proposa un viatge all\u00e0 on\u00a0 la imaginaci\u00f3 vulgui anar.<\/p>\n<p>La Comissi\u00f3 dinamitzar\u00e0 les propostes comuns de lectura a tota l&#8217;Escola, duent a terme les actuacions programades per a una bona implementaci\u00f3 del Projecte de Lectura, i vetllant per unes bones pr\u00e0ctiques educatives relacionades amb els contes i hist\u00f2ries.<\/p>\n","protected":false},"excerpt":{"rendered":"<p>El\u00a0 Projecte\u00a0 de Lectura \u00e9s una proposta oberta a tot l\u2019alumnat de la nostra Escola, on es treballa\u00a0 el desenvolupament de les compet\u00e8ncies b\u00e0siques del curr\u00edculum,\u00a0 concretament\u00a0 les que es refereixen a l\u2019\u00e0mbit ling\u00fc\u00edstic, dins les dimensions comunicatives -tant pel que fa a la vessant&hellip;  <a href=\"https:\/\/agora.xtec.cat\/esc-educacioespecial-aremi\/projectes\/projecte-comu-de-lectura\/\" title=\"Read Projecte de Lectura\">Llegeix m\u00e9s\u00bb<\/a><\/p>\n","protected":false},"author":1,"featured_media":0,"parent":583,"menu_order":0,"comment_status":"closed","ping_status":"closed","template":"page-templates\/side-menu.php","meta":{"_bbp_topic_count":0,"_bbp_reply_count":0,"_bbp_total_topic_count":0,"_bbp_total_reply_count":0,"_bbp_voice_count":0,"_bbp_anonymous_reply_count":0,"_bbp_topic_count_hidden":0,"_bbp_reply_count_hidden":0,"_bbp_forum_subforum_count":0,"footnotes":""},"class_list":["post-585","page","type-page","status-publish","hentry"],"post_mailing_queue_ids":[],"_links":{"self":[{"href":"https:\/\/agora.xtec.cat\/esc-educacioespecial-aremi\/wp-json\/wp\/v2\/pages\/585","targetHints":{"allow":["GET"]}}],"collection":[{"href":"https:\/\/agora.xtec.cat\/esc-educacioespecial-aremi\/wp-json\/wp\/v2\/pages"}],"about":[{"href":"https:\/\/agora.xtec.cat\/esc-educacioespecial-aremi\/wp-json\/wp\/v2\/types\/page"}],"author":[{"embeddable":true,"href":"https:\/\/agora.xtec.cat\/esc-educacioespecial-aremi\/wp-json\/wp\/v2\/users\/1"}],"replies":[{"embeddable":true,"href":"https:\/\/agora.xtec.cat\/esc-educacioespecial-aremi\/wp-json\/wp\/v2\/comments?post=585"}],"version-history":[{"count":4,"href":"https:\/\/agora.xtec.cat\/esc-educacioespecial-aremi\/wp-json\/wp\/v2\/pages\/585\/revisions"}],"predecessor-version":[{"id":2494,"href":"https:\/\/agora.xtec.cat\/esc-educacioespecial-aremi\/wp-json\/wp\/v2\/pages\/585\/revisions\/2494"}],"up":[{"embeddable":true,"href":"https:\/\/agora.xtec.cat\/esc-educacioespecial-aremi\/wp-json\/wp\/v2\/pages\/583"}],"wp:attachment":[{"href":"https:\/\/agora.xtec.cat\/esc-educacioespecial-aremi\/wp-json\/wp\/v2\/media?parent=585"}],"curies":[{"name":"wp","href":"https:\/\/api.w.org\/{rel}","templated":true}]}}