{"id":73,"date":"2014-09-18T14:01:51","date_gmt":"2014-09-18T14:01:51","guid":{"rendered":"http:\/\/agora.xtec.cat\/esc-dolorsmarti\/?page_id=73"},"modified":"2026-03-28T09:22:05","modified_gmt":"2026-03-28T08:22:05","slug":"menjador-escolar","status":"publish","type":"page","link":"https:\/\/agora.xtec.cat\/esc-dolorsmarti\/serveis\/menjador-escolar\/","title":{"rendered":"Menjador escolar"},"content":{"rendered":"<h4 style=\"text-align: center;\"><span style=\"color: #000000;\">El curs 25-26 l&#8217;empresa encarregada de gestionar el menjador escolar continuar\u00e0 sent <a style=\"color: #000000;\" href=\"https:\/\/www.7itria.cat\/\">Fundesplai.<\/a><\/span><\/h4>\n<h4><span style=\"color: #000000;\">A continuaci\u00f3 podreu saber m\u00e9s del seu projecte educatiu i dels passos a fer per realitzar la inscripci\u00f3.<\/span><\/h4>\n<h4 style=\"text-align: center;\"><strong><span style=\"color: #000000;\"><a style=\"color: #000000;\" href=\"https:\/\/drive.google.com\/file\/d\/1_sgiu2JleP8YIJxOfV_XJ7mWQ4gbE-0A\/view?usp=sharing\">SERVIM-NOS COM A CASA<\/a><\/span><\/strong><\/h4>\n<h4 style=\"text-align: center;\"><strong><span style=\"color: #000000;\"><a style=\"color: #000000;\" href=\"https:\/\/drive.google.com\/file\/d\/1YP4-DWFdEm5hCTmLoKfHh3uFGWcQPllL\/view?usp=drive_link\">PROCEDIMENT INSCRIPCI\u00d3 MENJADOR ESCOLAR<\/a><\/span><\/strong><\/h4>\n<h5 style=\"text-align: center;\"><span style=\"color: #000000;\"><a style=\"font-size: 1.4375em; font-weight: bold; color: #000000;\" href=\"https:\/\/drive.google.com\/file\/d\/1HlAtbd5N0-rWNlsYIQrnrnEDaQecfQTV\/view?usp=sharing\">PETITS CANVIS PER MENJAR MILLOR<\/a><\/span><\/h5>\n<p>&nbsp;<\/p>\n<ul>\n<li><a href=\"https:\/\/drive.google.com\/file\/d\/1geqXoqdugJqgAYFI4PiD90Zt3xDdFPl2\/view?usp=sharing\">MEN\u00da 1r trimestre<\/a><\/li>\n<li><a href=\"https:\/\/drive.google.com\/file\/d\/1nMOXoIx-nfokBKVKupeozMOwAQuObeuP\/view?usp=sharing\">MEN\u00da 1r trimestre amb derivacions<\/a><\/li>\n<li><a href=\"https:\/\/drive.google.com\/file\/d\/1C-eTYBaWsqGxZLuVcRFbZ_eoz3xvblS8\/view?usp=sharing\">MEN\u00da 2n trimestre<\/a><\/li>\n<li><a href=\"https:\/\/drive.google.com\/file\/d\/1GB4iVLBhwLm7ge9AabqGNe0l-LLc0-Sc\/view?usp=sharing\">MEN\u00da 2n trimestre amb derivacions<\/a><\/li>\n<li><a href=\"https:\/\/drive.google.com\/file\/d\/1IR36RzFdqfoJRJZUnLYsMSOhlim58eio\/view?usp=sharing\">MEN\u00da 3r trimestre<\/a><\/li>\n<li><a href=\"https:\/\/drive.google.com\/file\/d\/1GvvGnK_KxFTJcBPAyullPTLjT_gcIwoP\/view?usp=sharing\">MEN\u00da 3r trimestre amb derivacions<\/a><\/li>\n<\/ul>\n<p>&nbsp;<\/p>\n<h3><\/h3>\n<p><span style=\"color: #000000;\"><strong>PREU ALUMNE FIX: 7.54\u20ac (a partir d&#8217;un dia a la setmana) \/ PREU ALUMNE EVENTUAL: 8.29\u20ac<\/strong><\/span><\/p>\n<h3><img loading=\"lazy\" decoding=\"async\" class=\"size-full wp-image-16233 alignleft\" src=\"https:\/\/agora.xtec.cat\/esc-dolorsmarti\/wp-content\/uploads\/usu930\/2022\/09\/atencio.png\" alt=\"\" width=\"197\" height=\"180\" \/><\/h3>\n<h3><\/h3>\n<h2><span style=\"color: #800000;\">ELS ALUMNES ESPOR\u00c0DICS HAN D&#8217;AVISAR PER WHATSAPP 671756199 A LA COORDINADORA (PAQUI) QUE ES QUEDEN A DINAR, ABANS DE LES 10h.<\/span><\/h2>\n","protected":false},"excerpt":{"rendered":"<p>El curs 25-26 l&#8217;empresa encarregada de gestionar el menjador escolar continuar\u00e0 sent Fundesplai. A continuaci\u00f3 podreu saber m\u00e9s del seu projecte educatiu i dels passos a fer per realitzar la inscripci\u00f3. SERVIM-NOS COM A CASA PROCEDIMENT INSCRIPCI\u00d3 MENJADOR ESCOLAR PETITS CANVIS PER MENJAR MILLOR &nbsp; MEN\u00da 1r trimestre MEN\u00da 1r trimestre amb derivacions MEN\u00da 2n [&hellip;]<\/p>\n","protected":false},"author":2,"featured_media":0,"parent":66,"menu_order":30,"comment_status":"closed","ping_status":"closed","template":"","meta":{"_bbp_topic_count":0,"_bbp_reply_count":0,"_bbp_total_topic_count":0,"_bbp_total_reply_count":0,"_bbp_voice_count":0,"_bbp_anonymous_reply_count":0,"_bbp_topic_count_hidden":0,"_bbp_reply_count_hidden":0,"_bbp_forum_subforum_count":0,"site-sidebar-layout":"default","site-content-layout":"","ast-site-content-layout":"default","site-content-style":"default","site-sidebar-style":"default","ast-global-header-display":"","ast-banner-title-visibility":"","ast-main-header-display":"","ast-hfb-above-header-display":"","ast-hfb-below-header-display":"","ast-hfb-mobile-header-display":"","site-post-title":"","ast-breadcrumbs-content":"","ast-featured-img":"","footer-sml-layout":"","theme-transparent-header-meta":"default","adv-header-id-meta":"","stick-header-meta":"","header-above-stick-meta":"","header-main-stick-meta":"","header-below-stick-meta":"","astra-migrate-meta-layouts":"set","ast-page-background-enabled":"default","ast-page-background-meta":{"desktop":{"background-color":"var(--ast-global-color-4)","background-image":"","background-repeat":"repeat","background-position":"center center","background-size":"auto","background-attachment":"scroll","background-type":"","background-media":"","overlay-type":"","overlay-color":"","overlay-opacity":"","overlay-gradient":""},"tablet":{"background-color":"","background-image":"","background-repeat":"repeat","background-position":"center center","background-size":"auto","background-attachment":"scroll","background-type":"","background-media":"","overlay-type":"","overlay-color":"","overlay-opacity":"","overlay-gradient":""},"mobile":{"background-color":"","background-image":"","background-repeat":"repeat","background-position":"center center","background-size":"auto","background-attachment":"scroll","background-type":"","background-media":"","overlay-type":"","overlay-color":"","overlay-opacity":"","overlay-gradient":""}},"ast-content-background-meta":{"desktop":{"background-color":"var(--ast-global-color-5)","background-image":"","background-repeat":"repeat","background-position":"center center","background-size":"auto","background-attachment":"scroll","background-type":"","background-media":"","overlay-type":"","overlay-color":"","overlay-opacity":"","overlay-gradient":""},"tablet":{"background-color":"var(--ast-global-color-5)","background-image":"","background-repeat":"repeat","background-position":"center center","background-size":"auto","background-attachment":"scroll","background-type":"","background-media":"","overlay-type":"","overlay-color":"","overlay-opacity":"","overlay-gradient":""},"mobile":{"background-color":"var(--ast-global-color-5)","background-image":"","background-repeat":"repeat","background-position":"center center","background-size":"auto","background-attachment":"scroll","background-type":"","background-media":"","overlay-type":"","overlay-color":"","overlay-opacity":"","overlay-gradient":""}},"footnotes":""},"class_list":["post-73","page","type-page","status-publish","hentry"],"post_mailing_queue_ids":[],"_links":{"self":[{"href":"https:\/\/agora.xtec.cat\/esc-dolorsmarti\/wp-json\/wp\/v2\/pages\/73","targetHints":{"allow":["GET"]}}],"collection":[{"href":"https:\/\/agora.xtec.cat\/esc-dolorsmarti\/wp-json\/wp\/v2\/pages"}],"about":[{"href":"https:\/\/agora.xtec.cat\/esc-dolorsmarti\/wp-json\/wp\/v2\/types\/page"}],"author":[{"embeddable":true,"href":"https:\/\/agora.xtec.cat\/esc-dolorsmarti\/wp-json\/wp\/v2\/users\/2"}],"replies":[{"embeddable":true,"href":"https:\/\/agora.xtec.cat\/esc-dolorsmarti\/wp-json\/wp\/v2\/comments?post=73"}],"version-history":[{"count":7,"href":"https:\/\/agora.xtec.cat\/esc-dolorsmarti\/wp-json\/wp\/v2\/pages\/73\/revisions"}],"predecessor-version":[{"id":19318,"href":"https:\/\/agora.xtec.cat\/esc-dolorsmarti\/wp-json\/wp\/v2\/pages\/73\/revisions\/19318"}],"up":[{"embeddable":true,"href":"https:\/\/agora.xtec.cat\/esc-dolorsmarti\/wp-json\/wp\/v2\/pages\/66"}],"wp:attachment":[{"href":"https:\/\/agora.xtec.cat\/esc-dolorsmarti\/wp-json\/wp\/v2\/media?parent=73"}],"curies":[{"name":"wp","href":"https:\/\/api.w.org\/{rel}","templated":true}]}}