{"id":73,"date":"2014-09-18T14:01:51","date_gmt":"2014-09-18T14:01:51","guid":{"rendered":"http:\/\/agora.xtec.cat\/esc-dms\/?page_id=73"},"modified":"2026-04-13T13:47:03","modified_gmt":"2026-04-13T11:47:03","slug":"menjador-escolar","status":"publish","type":"page","link":"https:\/\/agora.xtec.cat\/esc-dms\/serveis\/menjador-escolar\/","title":{"rendered":"ESPAI MIGDIA"},"content":{"rendered":"<p style=\"text-align: justify;\"><strong>COM \u00c9S L\u2019ESPAI MIGDIA?<\/strong><\/p>\n<p style=\"text-align: justify;\">\u2022 Els infants gaudeixen d\u2019un menjar ecol\u00f2gic i de proximitat en diferents horaris, segons els tallers que desenvolupen. Els m\u00e9s petits normalment mengen al 1r torn, i els m\u00e9s grans, al 2n i 3r torn.<\/p>\n<p style=\"text-align: justify;\">\u2022 Els patis de l\u2019escola estan dinamitzats per les monitores del migdia cada dia de la setmana.<\/p>\n<p style=\"text-align: justify;\">\u2022 Les classes d\u2019I4 a 2n fan 1 taller setmanal i es divideixen en 3 grups de 12 infants. Les classes de 3r a 6\u00e8 fan 2 tallers setmanals i es divideixen en 4 grups de 12 infants cadasc\u00fa.<\/p>\n<p style=\"text-align: justify;\">\u2022 La biblioteca estar\u00e0 oberta durant l\u2019espai de migdia i els nens i nenes hi aniran per torns de grup de conviv\u00e8ncia.<\/p>\n<p style=\"text-align: justify;\"><strong>Com ens comuniquem amb l\u2019espai migdia?<\/strong><br \/>\nEl Carles Ram\u00edrez \u00e9s l\u2019administrador i coordinador de l\u2019espai migdia i us podeu comunicar amb ell de 3 formes:<br \/>\n\u2713 Al despatx de l\u2019administraci\u00f3 del menjador escolar, de 9 a 10 hores<br \/>\n\u2713 Per tel\u00e8fon: 93 252 15 93<br \/>\n\u2713 Per e-mail: migdiadms@monserdasantapau.cat<\/p>\n<h4><a href=\"https:\/\/drive.google.com\/file\/d\/1ebGChO5XCIv-l6Asspv0SjJ9BwogACsq\/view?usp=sharing\" target=\"_blank\" rel=\"noopener\">PROGRAMACI\u00d3 TALLERS MIGDIA<\/a><\/h4>\n<p>Hi ha un coordinador de monitors que es reuneix mensualment amb tot l&#8217;equip per debatre aspectes pedag\u00f2gics i funcionals de l&#8217;espai migdia.<\/p>\n<p>Ells, s\u00f3n els encarregats de proposar els objectius a treballar al menjador i del seu assoliment.<\/p>\n<p>Els tallers s&#8217;avaluen trimestralment a Prim\u00e0ria i semestralment a I4 i I5 a trav\u00e9s d&#8217;un informe a les fam\u00edlies.<a href=\"https:\/\/picasaweb.google.com\/114608818661057504538\/MenjadorEscolar#slideshow\/6274622663602871186\" target=\"_blank\" rel=\"noopener noreferrer\"><img loading=\"lazy\" decoding=\"async\" class=\"alignright wp-image-620\" src=\"http:\/\/agora.xtec.cat\/esc-dms\/wp-content\/uploads\/usu439\/2016\/04\/DSC02133.jpg\" alt=\"DSC02133\" width=\"394\" height=\"295\" srcset=\"https:\/\/agora.xtec.cat\/esc-dms\/wp-content\/uploads\/usu439\/2016\/04\/DSC02133.jpg 448w, https:\/\/agora.xtec.cat\/esc-dms\/wp-content\/uploads\/usu439\/2016\/04\/DSC02133-300x225.jpg 300w, https:\/\/agora.xtec.cat\/esc-dms\/wp-content\/uploads\/usu439\/2016\/04\/DSC02133-200x150.jpg 200w\" sizes=\"auto, (max-width: 394px) 100vw, 394px\" \/><\/a><\/p>\n<p>L&#8217;alumnat d&#8217;I3 disposa d&#8217;una agenda de menjador que la monitora omple di\u00e0riament per mantenir les fam\u00edlies ben informades.<\/p>\n<h4><a href=\"https:\/\/drive.google.com\/file\/d\/1F0CNrUSAXEq1d5b4K0ONQGHpDDatnPJB\/view?usp=sharing\" target=\"_blank\" rel=\"noopener noreferrer\">MEN\u00daS DEL TRIMESTRE<\/a><\/h4>\n<p>&nbsp;<\/p>\n<h5><a href=\"http:\/\/agora.xtec.cat\/esc-dms\/general\/espai-migdia\/\" target=\"_blank\" rel=\"noopener noreferrer\">Qu\u00e8 \u00e9s l&#8217;espai migdia? Preguntes freq\u00fcents. Monitors.<\/a><\/h5>\n<p>&nbsp;<\/p>\n<h5 style=\"text-align: left;\"><a href=\"http:\/\/educa.barcelona\/2017\/06\/01\/malbaratament-alimentari-de-la-consciencia-laccio\/\" target=\"_blank\" rel=\"noopener noreferrer\">Malbaratament alimentari. De la consci\u00e8ncia a l&#8217;acci\u00f3.<\/a><\/h5>\n<h5><strong><a href=\"https:\/\/drive.google.com\/file\/d\/1IQ1QKGxMVrMLmsY1kwGPZgSTAjq8V49e\/view?usp=sharing\" target=\"_blank\" rel=\"noopener\">7 i Tria: Projecte Servim-nos com a casa.<\/a><\/strong><\/h5>\n<h5><a href=\"https:\/\/drive.google.com\/file\/d\/10oNjyxGoes5fhvdWetlY43EedrHvLJmu\/view?usp=sharing\" target=\"_blank\" rel=\"noopener\">Ajuntament de Barcelona: Men\u00fas escolars m\u00e9s sans i sostenibles. Guia de transformaci\u00f3.<\/a><\/h5>\n","protected":false},"excerpt":{"rendered":"<p>COM \u00c9S L\u2019ESPAI MIGDIA? \u2022 Els infants gaudeixen d\u2019un menjar ecol\u00f2gic i de proximitat en diferents horaris, segons els tallers que desenvolupen. Els m\u00e9s petits normalment mengen al 1r torn, i els m\u00e9s grans, al 2n i 3r torn. \u2022 Els patis de l\u2019escola estan dinamitzats per les monitores del migdia cada dia de la [&hellip;]<\/p>\n","protected":false},"author":2,"featured_media":0,"parent":66,"menu_order":0,"comment_status":"closed","ping_status":"closed","template":"","meta":{"_bbp_topic_count":0,"_bbp_reply_count":0,"_bbp_total_topic_count":0,"_bbp_total_reply_count":0,"_bbp_voice_count":0,"_bbp_anonymous_reply_count":0,"_bbp_topic_count_hidden":0,"_bbp_reply_count_hidden":0,"_bbp_forum_subforum_count":0,"site-sidebar-layout":"default","site-content-layout":"","ast-site-content-layout":"default","site-content-style":"default","site-sidebar-style":"default","ast-global-header-display":"","ast-banner-title-visibility":"","ast-main-header-display":"","ast-hfb-above-header-display":"","ast-hfb-below-header-display":"","ast-hfb-mobile-header-display":"","site-post-title":"","ast-breadcrumbs-content":"","ast-featured-img":"","footer-sml-layout":"","theme-transparent-header-meta":"default","adv-header-id-meta":"","stick-header-meta":"","header-above-stick-meta":"","header-main-stick-meta":"","header-below-stick-meta":"","astra-migrate-meta-layouts":"set","ast-page-background-enabled":"default","ast-page-background-meta":{"desktop":{"background-color":"var(--ast-global-color-4)","background-image":"","background-repeat":"repeat","background-position":"center center","background-size":"auto","background-attachment":"scroll","background-type":"","background-media":"","overlay-type":"","overlay-color":"","overlay-opacity":"","overlay-gradient":""},"tablet":{"background-color":"","background-image":"","background-repeat":"repeat","background-position":"center center","background-size":"auto","background-attachment":"scroll","background-type":"","background-media":"","overlay-type":"","overlay-color":"","overlay-opacity":"","overlay-gradient":""},"mobile":{"background-color":"","background-image":"","background-repeat":"repeat","background-position":"center center","background-size":"auto","background-attachment":"scroll","background-type":"","background-media":"","overlay-type":"","overlay-color":"","overlay-opacity":"","overlay-gradient":""}},"ast-content-background-meta":{"desktop":{"background-color":"var(--ast-global-color-5)","background-image":"","background-repeat":"repeat","background-position":"center center","background-size":"auto","background-attachment":"scroll","background-type":"","background-media":"","overlay-type":"","overlay-color":"","overlay-opacity":"","overlay-gradient":""},"tablet":{"background-color":"var(--ast-global-color-5)","background-image":"","background-repeat":"repeat","background-position":"center center","background-size":"auto","background-attachment":"scroll","background-type":"","background-media":"","overlay-type":"","overlay-color":"","overlay-opacity":"","overlay-gradient":""},"mobile":{"background-color":"var(--ast-global-color-5)","background-image":"","background-repeat":"repeat","background-position":"center center","background-size":"auto","background-attachment":"scroll","background-type":"","background-media":"","overlay-type":"","overlay-color":"","overlay-opacity":"","overlay-gradient":""}},"footnotes":""},"class_list":["post-73","page","type-page","status-publish","hentry"],"post_mailing_queue_ids":[],"_links":{"self":[{"href":"https:\/\/agora.xtec.cat\/esc-dms\/wp-json\/wp\/v2\/pages\/73","targetHints":{"allow":["GET"]}}],"collection":[{"href":"https:\/\/agora.xtec.cat\/esc-dms\/wp-json\/wp\/v2\/pages"}],"about":[{"href":"https:\/\/agora.xtec.cat\/esc-dms\/wp-json\/wp\/v2\/types\/page"}],"author":[{"embeddable":true,"href":"https:\/\/agora.xtec.cat\/esc-dms\/wp-json\/wp\/v2\/users\/2"}],"replies":[{"embeddable":true,"href":"https:\/\/agora.xtec.cat\/esc-dms\/wp-json\/wp\/v2\/comments?post=73"}],"version-history":[{"count":6,"href":"https:\/\/agora.xtec.cat\/esc-dms\/wp-json\/wp\/v2\/pages\/73\/revisions"}],"predecessor-version":[{"id":13150,"href":"https:\/\/agora.xtec.cat\/esc-dms\/wp-json\/wp\/v2\/pages\/73\/revisions\/13150"}],"up":[{"embeddable":true,"href":"https:\/\/agora.xtec.cat\/esc-dms\/wp-json\/wp\/v2\/pages\/66"}],"wp:attachment":[{"href":"https:\/\/agora.xtec.cat\/esc-dms\/wp-json\/wp\/v2\/media?parent=73"}],"curies":[{"name":"wp","href":"https:\/\/api.w.org\/{rel}","templated":true}]}}