{"id":22,"date":"2014-09-18T12:19:57","date_gmt":"2014-09-18T12:19:57","guid":{"rendered":"http:\/\/agora.xtec.cat\/esc-dms\/?page_id=22"},"modified":"2022-11-29T15:18:41","modified_gmt":"2022-11-29T14:18:41","slug":"lescola","status":"publish","type":"page","link":"https:\/\/agora.xtec.cat\/esc-dms\/lescola\/","title":{"rendered":"L&#8217;ESCOLA"},"content":{"rendered":"<p><strong>TRETS D&#8217;IDENTITAT<\/strong><\/p>\n<p>L&#8217;escola Dolors Monserd\u00e0-Santapau \u00e9s una escola p\u00fablica d&#8217;educaci\u00f3 infantil i prim\u00e0ria (de 3 a 12 anys) i com a tal laica i catalana.<\/p>\n<p>Consta de :<br \/>\n7 aules de parvulari: 3 aules de\u00a0 I3 , 2 de I4 i 2 de I5.<br \/>\n12 aules de prim\u00e0ria de 1r fins a 6\u00e8 (dues l\u00ednies).<\/p>\n<p>L&#8217;horari lectiu d&#8217;aquest curs \u00e9s de 9 del mat\u00ed a 2\/4 d&#8217;una del migdia i de 3 a 2\/4 de 5 de la tarda.<\/p>\n<p>El nostre Projecte Educatiu defineix l&#8217;escola com una entitat que es posiciona en relaci\u00f3 amb els valors democr\u00e0tics, respectuosa amb el medi ambient, oberta al coneixement i on els i les nostres alumnes se senten acollits i estimats.<br \/>\nLes activitats es realitzen en un marc de toler\u00e0ncia i respecte, i no s\u00f3n mai discriminat\u00f2ries ni per ra\u00f3 de sexe, ni en funci\u00f3 de l&#8217;entorn social i cultural de l&#8217;alumnat.<\/p>\n<p>L&#8217;escola educa:<br \/>\nEn el respecte, la solidaritat, la responsabilitat, l&#8217;autonomia, la toler\u00e0ncia, la difer\u00e8ncia, la sociabilitat, la cooperaci\u00f3, l&#8217;empatia, les emocions, i en molts d&#8217;altres valors.<br \/>\nEn el saber i el saber fer, respectant els diferents ritmes d&#8217;aprenentatge i la diversitat cultural de l&#8217;alumnat, de les fam\u00edlies i del professorat.<br \/>\nAmb la finalitat d&#8217; aconseguir:<br \/>\nLa formaci\u00f3 integral de l&#8217;alumnat.<br \/>\nL&#8217;adquisici\u00f3 de les compet\u00e8ncies b\u00e0siques de les etapes d&#8217;educaci\u00f3 infantil i prim\u00e0ria.<br \/>\nEls h\u00e0bits intel\u00b7lectuals i de treball.<br \/>\nCiutadans compromesos, reflexius, cr\u00edtics i responsables en el present i el futur.<\/p>\n<p>&nbsp;<\/p>\n","protected":false},"excerpt":{"rendered":"<p>TRETS D&#8217;IDENTITAT L&#8217;escola Dolors Monserd\u00e0-Santapau \u00e9s una escola p\u00fablica d&#8217;educaci\u00f3 infantil i prim\u00e0ria (de 3 a 12 anys) i com a tal laica i catalana. Consta de : 7 aules de parvulari: 3 aules de\u00a0 I3 , 2 de I4 i 2 de I5. 12 aules de prim\u00e0ria de 1r fins a 6\u00e8 (dues l\u00ednies). [&hellip;]<\/p>\n","protected":false},"author":2,"featured_media":0,"parent":0,"menu_order":0,"comment_status":"closed","ping_status":"closed","template":"page-templates\/side-menu.php","meta":{"_bbp_topic_count":0,"_bbp_reply_count":0,"_bbp_total_topic_count":0,"_bbp_total_reply_count":0,"_bbp_voice_count":0,"_bbp_anonymous_reply_count":0,"_bbp_topic_count_hidden":0,"_bbp_reply_count_hidden":0,"_bbp_forum_subforum_count":0,"site-sidebar-layout":"default","site-content-layout":"","ast-site-content-layout":"","site-content-style":"default","site-sidebar-style":"default","ast-global-header-display":"","ast-banner-title-visibility":"","ast-main-header-display":"","ast-hfb-above-header-display":"","ast-hfb-below-header-display":"","ast-hfb-mobile-header-display":"","site-post-title":"","ast-breadcrumbs-content":"","ast-featured-img":"","footer-sml-layout":"","theme-transparent-header-meta":"","adv-header-id-meta":"","stick-header-meta":"","header-above-stick-meta":"","header-main-stick-meta":"","header-below-stick-meta":"","astra-migrate-meta-layouts":"default","ast-page-background-enabled":"default","ast-page-background-meta":{"desktop":{"background-color":"var(--ast-global-color-4)","background-image":"","background-repeat":"repeat","background-position":"center center","background-size":"auto","background-attachment":"scroll","background-type":"","background-media":"","overlay-type":"","overlay-color":"","overlay-opacity":"","overlay-gradient":""},"tablet":{"background-color":"","background-image":"","background-repeat":"repeat","background-position":"center center","background-size":"auto","background-attachment":"scroll","background-type":"","background-media":"","overlay-type":"","overlay-color":"","overlay-opacity":"","overlay-gradient":""},"mobile":{"background-color":"","background-image":"","background-repeat":"repeat","background-position":"center center","background-size":"auto","background-attachment":"scroll","background-type":"","background-media":"","overlay-type":"","overlay-color":"","overlay-opacity":"","overlay-gradient":""}},"ast-content-background-meta":{"desktop":{"background-color":"var(--ast-global-color-5)","background-image":"","background-repeat":"repeat","background-position":"center center","background-size":"auto","background-attachment":"scroll","background-type":"","background-media":"","overlay-type":"","overlay-color":"","overlay-opacity":"","overlay-gradient":""},"tablet":{"background-color":"var(--ast-global-color-5)","background-image":"","background-repeat":"repeat","background-position":"center center","background-size":"auto","background-attachment":"scroll","background-type":"","background-media":"","overlay-type":"","overlay-color":"","overlay-opacity":"","overlay-gradient":""},"mobile":{"background-color":"var(--ast-global-color-5)","background-image":"","background-repeat":"repeat","background-position":"center center","background-size":"auto","background-attachment":"scroll","background-type":"","background-media":"","overlay-type":"","overlay-color":"","overlay-opacity":"","overlay-gradient":""}},"footnotes":""},"class_list":["post-22","page","type-page","status-publish","hentry"],"post_mailing_queue_ids":[],"_links":{"self":[{"href":"https:\/\/agora.xtec.cat\/esc-dms\/wp-json\/wp\/v2\/pages\/22","targetHints":{"allow":["GET"]}}],"collection":[{"href":"https:\/\/agora.xtec.cat\/esc-dms\/wp-json\/wp\/v2\/pages"}],"about":[{"href":"https:\/\/agora.xtec.cat\/esc-dms\/wp-json\/wp\/v2\/types\/page"}],"author":[{"embeddable":true,"href":"https:\/\/agora.xtec.cat\/esc-dms\/wp-json\/wp\/v2\/users\/2"}],"replies":[{"embeddable":true,"href":"https:\/\/agora.xtec.cat\/esc-dms\/wp-json\/wp\/v2\/comments?post=22"}],"version-history":[{"count":4,"href":"https:\/\/agora.xtec.cat\/esc-dms\/wp-json\/wp\/v2\/pages\/22\/revisions"}],"predecessor-version":[{"id":10583,"href":"https:\/\/agora.xtec.cat\/esc-dms\/wp-json\/wp\/v2\/pages\/22\/revisions\/10583"}],"wp:attachment":[{"href":"https:\/\/agora.xtec.cat\/esc-dms\/wp-json\/wp\/v2\/media?parent=22"}],"curies":[{"name":"wp","href":"https:\/\/api.w.org\/{rel}","templated":true}]}}