{"id":187,"date":"2015-11-05T14:08:14","date_gmt":"2015-11-05T13:08:14","guid":{"rendered":"http:\/\/agora.xtec.cat\/esc-dms\/?page_id=187"},"modified":"2026-01-27T21:33:26","modified_gmt":"2026-01-27T20:33:26","slug":"t","status":"publish","type":"page","link":"https:\/\/agora.xtec.cat\/esc-dms\/lescola\/t\/","title":{"rendered":"Equip docent i personal del centre"},"content":{"rendered":"<p><b>EDUCACI\u00d3 INFANTIL<\/b><\/p>\n<table style=\"width: 100%;\">\n<tbody>\n<tr>\n<td style=\"width: 22.1914%;\"><b>GRUP\u00a0<\/b><\/td>\n<td style=\"width: 30.6518%;\"><b>TUTORA\u00a0<\/b><\/td>\n<td style=\"width: 47.018%;\" colspan=\"2\"><b>MONITORA MIGDIA<\/b><\/td>\n<\/tr>\n<tr>\n<td style=\"width: 22.1914%;\"><b>I3A\u00a0<\/b><\/td>\n<td style=\"width: 30.6518%;\"><span style=\"font-weight: 400;\">Anna Vives\u00a0<\/span><\/td>\n<td style=\"width: 26.6297%;\"><span style=\"font-weight: 400;\">Bego\u00f1a Mart\u00ednez\u00a0<\/span><\/td>\n<td style=\"width: 20.3883%;\" rowspan=\"2\"><span style=\"font-weight: 400;\">Nerea Abrego<\/span><\/td>\n<\/tr>\n<tr>\n<td style=\"width: 22.1914%;\"><b>I3B\u00a0<\/b><\/td>\n<td style=\"width: 30.6518%;\"><span style=\"font-weight: 400;\">Carlota Tejero\u00a0<\/span><\/td>\n<td style=\"width: 26.6297%;\"><span style=\"font-weight: 400;\">Susana Fumanal<\/span><\/td>\n<\/tr>\n<tr>\n<td style=\"width: 22.1914%;\"><b>I4A\u00a0<\/b><\/td>\n<td style=\"width: 30.6518%;\"><span style=\"font-weight: 400;\">Guiomar Dom\u00e8nech\u00a0<\/span><\/td>\n<td style=\"width: 26.6297%;\"><span style=\"font-weight: 400;\">Sara Garc\u00eda<\/span><\/td>\n<td style=\"width: 20.3883%;\" rowspan=\"4\"><\/td>\n<\/tr>\n<tr>\n<td style=\"width: 22.1914%;\"><b>I4B\u00a0<\/b><\/td>\n<td style=\"width: 30.6518%;\"><span style=\"font-weight: 400;\">Neus Cabrero\u00a0<\/span><\/td>\n<td style=\"width: 26.6297%;\"><span style=\"font-weight: 400;\">Andrea Beneyto<\/span><\/td>\n<\/tr>\n<tr>\n<td style=\"width: 22.1914%;\"><b>I5A\u00a0<\/b><\/td>\n<td style=\"width: 30.6518%;\"><span style=\"font-weight: 400;\">Laia Reverter\u00a0<\/span><\/td>\n<td style=\"width: 26.6297%;\"><span style=\"font-weight: 400;\">N\u00faria Puigfabregas<\/span><\/td>\n<\/tr>\n<tr>\n<td style=\"width: 22.1914%;\"><b>I5B\u00a0<\/b><\/td>\n<td style=\"width: 30.6518%;\"><span style=\"font-weight: 400;\">Maria Marin\u00a0<\/span><\/td>\n<td style=\"width: 26.6297%;\"><span style=\"font-weight: 400;\">Anna Must\u00e9<\/span><\/td>\n<\/tr>\n<tr>\n<td style=\"width: 22.1914%;\" rowspan=\"4\"><b>Altres mestres\u00a0<\/b><\/td>\n<td style=\"width: 77.6698%;\" colspan=\"3\"><span style=\"font-weight: 400;\">Paller Viladomat<\/span><\/td>\n<\/tr>\n<tr>\n<td style=\"width: 77.6698%;\" colspan=\"3\"><span style=\"font-weight: 400;\">Marta Werner<\/span><\/td>\n<\/tr>\n<tr>\n<td style=\"width: 77.6698%;\" colspan=\"3\"><span style=\"font-weight: 400;\">Isabel March<\/span><\/td>\n<\/tr>\n<tr>\n<td style=\"width: 77.6698%;\" colspan=\"3\"><span style=\"font-weight: 400;\">Helena Caballero (SENSEI)<\/span><\/td>\n<\/tr>\n<tr>\n<td style=\"width: 22.1914%;\"><b>TEI\u2019s\u00a0<\/b><\/td>\n<td style=\"width: 77.6698%;\" colspan=\"3\"><span style=\"font-weight: 400;\">Nonna Llensa\/Marta T\u00fanez\u00a0<\/span><\/td>\n<\/tr>\n<\/tbody>\n<\/table>\n<p>&nbsp;<\/p>\n<p><b>EDUCACI\u00d3 PRIM\u00c0RIA: CICLE INICIAL\u00a0<\/b><\/p>\n<table style=\"width: 100%; height: 527px;\">\n<tbody>\n<tr style=\"height: 51px;\">\n<td style=\"height: 51px; width: 22.4688%;\"><b>GRUP<\/b><\/td>\n<td style=\"height: 51px; width: 30.5132%;\"><b>TUTORA<\/b><\/td>\n<td style=\"height: 51px; width: 47.018%;\" colspan=\"2\"><b>MONITOR\/A MIGDIA<\/b><\/td>\n<\/tr>\n<tr style=\"height: 68px;\">\n<td style=\"height: 68px; width: 22.4688%;\"><b>1rA<\/b><\/td>\n<td style=\"height: 68px; width: 30.5132%;\"><span style=\"font-weight: 400;\">Clara Art\u00e9s<\/span><\/td>\n<td style=\"height: 68px; width: 24.6879%;\"><span style=\"font-weight: 400;\">Jan Freixas<\/span><\/td>\n<td style=\"height: 136px; width: 22.3301%;\" rowspan=\"2\"><\/td>\n<\/tr>\n<tr style=\"height: 68px;\">\n<td style=\"height: 68px; width: 22.4688%;\"><b>1rB\u00a0<\/b><\/td>\n<td style=\"height: 68px; width: 30.5132%;\"><span style=\"font-weight: 400;\">Laia del Blanco\u00a0<\/span><\/td>\n<td style=\"height: 68px; width: 24.6879%;\"><span style=\"font-weight: 400;\">Ona Tanganelli<\/span><\/td>\n<\/tr>\n<tr style=\"height: 68px;\">\n<td style=\"height: 68px; width: 22.4688%;\"><b>2nA\u00a0<\/b><\/td>\n<td style=\"height: 68px; width: 30.5132%;\"><span style=\"font-weight: 400;\">Elisenda Nicolau\u00a0<\/span><\/td>\n<td style=\"height: 68px; width: 24.6879%;\"><span style=\"font-weight: 400;\">Marc Ebri<\/span><\/td>\n<td style=\"height: 136px; width: 22.3301%;\" rowspan=\"2\"><span style=\"font-weight: 400;\">Irene Morales<\/span><\/td>\n<\/tr>\n<tr style=\"height: 68px;\">\n<td style=\"height: 68px; width: 22.4688%;\"><b>2nB\u00a0<\/b><\/td>\n<td style=\"height: 68px; width: 30.5132%;\"><span style=\"font-weight: 400;\">Bet Aragall<\/span><\/td>\n<td style=\"height: 68px; width: 24.6879%;\"><span style=\"font-weight: 400;\">J\u00falia Franquesa<\/span><\/td>\n<\/tr>\n<tr style=\"height: 68px;\">\n<td style=\"height: 204px; width: 22.4688%;\" rowspan=\"3\"><b>Altres mestres\u00a0<\/b><\/td>\n<td style=\"height: 68px; width: 77.5312%;\" colspan=\"3\"><span style=\"font-weight: 400;\">Paller Viladomat<\/span><\/td>\n<\/tr>\n<tr style=\"height: 68px;\">\n<td style=\"height: 68px; width: 77.5312%;\" colspan=\"3\"><span style=\"font-weight: 400;\">Agn\u00e9s Santal\u00f3 (SENSEI)<\/span><\/td>\n<\/tr>\n<tr style=\"height: 68px;\">\n<td style=\"height: 68px; width: 77.5312%;\" colspan=\"3\"><span style=\"font-weight: 400;\">Naila Fern\u00e1ndez<\/span><\/td>\n<\/tr>\n<\/tbody>\n<\/table>\n<p>&nbsp;<\/p>\n<p><b>EDUCACI\u00d3 PRIM\u00c0RIA: CICLE MITJ\u00c0\u00a0<\/b><\/p>\n<table style=\"width: 100%;\">\n<tbody>\n<tr>\n<td style=\"width: 23.301%;\"><b>GRUP\u00a0<\/b><\/td>\n<td style=\"width: 35.7836%;\"><b>TUTOR\/A\u00a0<\/b><\/td>\n<td style=\"width: 40.9154%;\"><b>MONITOR\/A MIGDIA<\/b><\/td>\n<\/tr>\n<tr>\n<td style=\"width: 23.301%;\"><b>3rA\u00a0<\/b><\/td>\n<td style=\"width: 35.7836%;\"><span style=\"font-weight: 400;\">Anna Rodr\u00edguez\u00a0<\/span><\/td>\n<td style=\"width: 40.9154%;\"><span style=\"font-weight: 400;\">Maria Carreras<\/span><\/td>\n<\/tr>\n<tr>\n<td style=\"width: 23.301%;\"><b>3rB\u00a0<\/b><\/td>\n<td style=\"width: 35.7836%;\"><span style=\"font-weight: 400;\">Ariadna Vi\u00f1als\u00a0<\/span><\/td>\n<td style=\"width: 40.9154%;\"><span style=\"font-weight: 400;\">Mireia Cort\u00e9s<\/span><\/td>\n<\/tr>\n<tr>\n<td style=\"width: 23.301%;\"><b>4tA\u00a0<\/b><\/td>\n<td style=\"width: 35.7836%;\"><span style=\"font-weight: 400;\">Mariona Mill\u00e0\u00a0<\/span><\/td>\n<td style=\"width: 40.9154%;\"><span style=\"font-weight: 400;\">Alba Gallego<\/span><\/td>\n<\/tr>\n<tr>\n<td style=\"width: 23.301%;\"><b>4tB\u00a0<\/b><\/td>\n<td style=\"width: 35.7836%;\"><span style=\"font-weight: 400;\">Vicen\u00e7 Cano\u00a0<\/span><\/td>\n<td style=\"width: 40.9154%;\"><span style=\"font-weight: 400;\">S\u00f3nia P\u00e9rez<\/span><\/td>\n<\/tr>\n<tr>\n<td style=\"width: 23.301%;\"><b>Altres mestres\u00a0<\/b><\/td>\n<td style=\"width: 35.7836%;\"><span style=\"font-weight: 400;\">Marta Laguna<\/span><\/td>\n<td style=\"width: 40.9154%;\"><\/td>\n<\/tr>\n<\/tbody>\n<\/table>\n<p>&nbsp;<\/p>\n<p><b>EDUCACI\u00d3 PRIM\u00c0RIA: CICLE SUPERIOR<\/b><\/p>\n<table style=\"width: 100%;\">\n<tbody>\n<tr>\n<td style=\"width: 23.1623%;\"><b>GRUP\u00a0<\/b><\/td>\n<td style=\"width: 37.7254%;\"><strong>TUTOR\/A\u00a0<\/strong><\/td>\n<td style=\"width: 39.251%;\"><strong>MONITOR\/A MIGDIA<\/strong><\/td>\n<\/tr>\n<tr>\n<td style=\"width: 23.1623%;\"><b>5\u00e8A\u00a0<\/b><\/td>\n<td style=\"width: 37.7254%;\"><span style=\"font-weight: 400;\">David Sort<\/span><\/td>\n<td style=\"width: 39.251%;\"><span style=\"font-weight: 400;\">Nina de Boer<\/span><\/td>\n<\/tr>\n<tr>\n<td style=\"width: 23.1623%;\"><b>5\u00e8B\u00a0<\/b><\/td>\n<td style=\"width: 37.7254%;\"><span style=\"font-weight: 400;\">Romina Puig\u00a0<\/span><\/td>\n<td style=\"width: 39.251%;\"><span style=\"font-weight: 400;\">\u00c8lia Mayn\u00e9s<\/span><\/td>\n<\/tr>\n<tr>\n<td style=\"width: 23.1623%;\"><b>6\u00e8A\u00a0<\/b><\/td>\n<td style=\"width: 37.7254%;\"><span style=\"font-weight: 400;\">Magda Esteban\u00a0<\/span><\/td>\n<td style=\"width: 39.251%;\"><span style=\"font-weight: 400;\">Joan Arisa<\/span><\/td>\n<\/tr>\n<tr>\n<td style=\"width: 23.1623%;\"><b>6\u00e8B\u00a0<\/b><\/td>\n<td style=\"width: 37.7254%;\"><span style=\"font-weight: 400;\">M\u00f3nica Ortega\u00a0<\/span><\/td>\n<td style=\"width: 39.251%;\"><span style=\"font-weight: 400;\">Cristina Aguado<\/span><\/td>\n<\/tr>\n<tr>\n<td style=\"width: 23.1623%;\" rowspan=\"2\"><b>Altres mestres\u00a0<\/b><\/td>\n<td style=\"width: 76.9764%;\" colspan=\"2\"><span style=\"font-weight: 400;\">Carla Fern\u00e1ndez (SENSEI)<\/span><\/td>\n<\/tr>\n<tr>\n<td style=\"width: 76.9764%;\" colspan=\"2\"><span style=\"font-weight: 400;\">Naila Fern\u00e1ndez<\/span><\/td>\n<\/tr>\n<\/tbody>\n<\/table>\n<p>&nbsp;<\/p>\n<p><b>MESTRES ESPECIALISTES\u00a0<\/b><\/p>\n<table style=\"width: 100%;\">\n<tbody>\n<tr>\n<td style=\"width: 26.491%;\"><b>Educaci\u00f3 Musical\u00a0<\/b><\/td>\n<td style=\"width: 25.6588%;\"><span style=\"font-weight: 400;\">Oscar Sanoguera<\/span><\/td>\n<td style=\"width: 47.7115%;\"><\/td>\n<\/tr>\n<tr>\n<td style=\"width: 26.491%;\"><b>Educaci\u00f3 F\u00edsica\u00a0<\/b><\/td>\n<td style=\"width: 25.6588%;\"><span style=\"font-weight: 400;\">Tom\u00e1s Fern\u00e1ndez\u00a0<\/span><\/td>\n<td style=\"width: 47.7115%;\"><span style=\"font-weight: 400;\">Jessica Garc\u00eda<\/span><\/td>\n<\/tr>\n<tr>\n<td style=\"width: 26.491%;\"><b>Llengua Anglesa\u00a0<\/b><\/td>\n<td style=\"width: 25.6588%;\"><span style=\"font-weight: 400;\">Anna Sirvent\u00a0<\/span><\/td>\n<td style=\"width: 47.7115%;\"><span style=\"font-weight: 400;\">Marina Mena<\/span><\/td>\n<\/tr>\n<tr>\n<td style=\"width: 26.491%;\"><b>SIEI\u00a0<\/b><\/td>\n<td style=\"width: 25.6588%;\"><span style=\"font-weight: 400;\">Ruth Pons\u00a0<\/span><\/td>\n<td style=\"width: 47.7115%;\"><span style=\"font-weight: 400;\">Amparo Ruiz<\/span><\/td>\n<\/tr>\n<tr>\n<td style=\"width: 26.491%;\"><b>Educaci\u00f3 Especial\u00a0<\/b><\/td>\n<td style=\"width: 25.6588%;\"><span style=\"font-weight: 400;\">Marta Laguna\u00a0<\/span><\/td>\n<td style=\"width: 47.7115%;\"><span style=\"font-weight: 400;\">Isabel March<\/span><\/td>\n<\/tr>\n<\/tbody>\n<\/table>\n<p>&nbsp;<\/p>\n<table style=\"width: 100%;\">\n<tbody>\n<tr>\n<td style=\"width: 21.6771%;\" colspan=\"3\"><b>EQUIP DIRECTIU<\/b><\/td>\n<\/tr>\n<tr>\n<td style=\"width: 2.49653%;\"><b>Directora\u00a0<\/b><\/td>\n<td style=\"width: 19.1805%;\" colspan=\"2\"><span style=\"font-weight: 400;\">Cristina Bertran<\/span><\/td>\n<\/tr>\n<tr>\n<td style=\"width: 2.49653%;\"><b>Cap d\u2019estudis\u00a0<\/b><\/td>\n<td style=\"width: 19.1805%;\" colspan=\"2\"><span style=\"font-weight: 400;\">J\u00falia Juanet<\/span><\/td>\n<\/tr>\n<tr>\n<td style=\"width: 2.49653%;\"><b>Secret\u00e0ria<\/b><\/td>\n<td style=\"width: 19.1805%;\" colspan=\"2\"><span style=\"font-weight: 400;\">Romina Puig<\/span><\/td>\n<\/tr>\n<\/tbody>\n<\/table>\n<p>&nbsp;<\/p>\n<table style=\"width: 100%;\">\n<tbody>\n<tr>\n<td style=\"width: 100%;\" colspan=\"3\"><b>PERSONAL D\u2019ADMINISTRACI\u00d3 I SERVEIS<\/b><\/td>\n<\/tr>\n<tr>\n<td style=\"width: 28.1553%;\"><b>Aux. Administrativa\u00a0<\/b><\/td>\n<td style=\"width: 63.6616%;\"><span style=\"font-weight: 400;\">Cristina D\u00edaz<\/span><\/td>\n<td style=\"width: 8.18308%;\"><\/td>\n<\/tr>\n<tr>\n<td style=\"width: 28.1553%;\"><b>Conserge\u00a0<\/b><\/td>\n<td style=\"width: 63.6616%;\"><span style=\"font-weight: 400;\">Ana M\u00aa Fern\u00e1ndez<\/span><\/td>\n<td style=\"width: 8.18308%;\"><\/td>\n<\/tr>\n<\/tbody>\n<\/table>\n<p>&nbsp;<\/p>\n<p><b>COORDINADOR DE L\u2019ESPAI DEL MIGDIA<\/b><span style=\"font-weight: 400;\">: Carles Ram\u00edrez.<\/span><\/p>\n<p>&nbsp;<\/p>\n<p><b>TALLERISTES DE L\u2019ESPAI DEL MIGDIA:<\/b><b>\u00a0<\/b><\/p>\n<p><b>Dansa a I4 i I5<\/b><span style=\"font-weight: 400;\">: Mercedes Biel\u00a0<\/span><\/p>\n<p><b>Pl\u00e0stica a 1r i 2n<\/b><span style=\"font-weight: 400;\">: Marina Aguil\u00f3\u00a0<\/span><\/p>\n<p><b>Cant Coral a 3r: <\/b><span style=\"font-weight: 400;\">Sheila Garcia \/ J\u00falia Oliv\u00e9s\u00a0<\/span><\/p>\n<p><b>Medi ambient a 3r i 4t<\/b><span style=\"font-weight: 400;\">: N\u00faria Gra\u00f1a\u00a0<\/span><\/p>\n<p><b>Escacs a 4t<\/b><span style=\"font-weight: 400;\">: Carles Moy\u00e0\u00a0<\/span><\/p>\n<p><b>Circ 5\u00e8<\/b><span style=\"font-weight: 400;\">: Gerardo Casali\u00a0<\/span><\/p>\n<p><b>Audiovisuals 5\u00e8 i 6\u00e8: <\/b><span style=\"font-weight: 400;\">Ricard Such\u00a0<\/span><\/p>\n<p><b>Teatre 6\u00e8 <\/b><span style=\"font-weight: 400;\">Nicolau Bass\u00f3\u00a0<\/span><\/p>\n<p><b>Bibliotec\u00e0ria: <\/b><span style=\"font-weight: 400;\">Aida P\u00e9rez<\/span><\/p>\n","protected":false},"excerpt":{"rendered":"<p>EDUCACI\u00d3 INFANTIL GRUP\u00a0 TUTORA\u00a0 MONITORA MIGDIA I3A\u00a0 Anna Vives\u00a0 Bego\u00f1a Mart\u00ednez\u00a0 Nerea Abrego I3B\u00a0 Carlota Tejero\u00a0 Susana Fumanal I4A\u00a0 Guiomar Dom\u00e8nech\u00a0 Sara Garc\u00eda I4B\u00a0 Neus Cabrero\u00a0 Andrea Beneyto I5A\u00a0 Laia Reverter\u00a0 N\u00faria Puigfabregas I5B\u00a0 Maria Marin\u00a0 Anna Must\u00e9 Altres mestres\u00a0 Paller Viladomat Marta Werner Isabel March Helena Caballero (SENSEI) TEI\u2019s\u00a0 Nonna Llensa\/Marta T\u00fanez\u00a0 &nbsp; EDUCACI\u00d3 [&hellip;]<\/p>\n","protected":false},"author":1,"featured_media":0,"parent":22,"menu_order":40,"comment_status":"closed","ping_status":"closed","template":"","meta":{"_bbp_topic_count":0,"_bbp_reply_count":0,"_bbp_total_topic_count":0,"_bbp_total_reply_count":0,"_bbp_voice_count":0,"_bbp_anonymous_reply_count":0,"_bbp_topic_count_hidden":0,"_bbp_reply_count_hidden":0,"_bbp_forum_subforum_count":0,"site-sidebar-layout":"default","site-content-layout":"","ast-site-content-layout":"default","site-content-style":"default","site-sidebar-style":"default","ast-global-header-display":"","ast-banner-title-visibility":"","ast-main-header-display":"","ast-hfb-above-header-display":"","ast-hfb-below-header-display":"","ast-hfb-mobile-header-display":"","site-post-title":"","ast-breadcrumbs-content":"","ast-featured-img":"","footer-sml-layout":"","theme-transparent-header-meta":"default","adv-header-id-meta":"","stick-header-meta":"","header-above-stick-meta":"","header-main-stick-meta":"","header-below-stick-meta":"","astra-migrate-meta-layouts":"set","ast-page-background-enabled":"default","ast-page-background-meta":{"desktop":{"background-color":"var(--ast-global-color-4)","background-image":"","background-repeat":"repeat","background-position":"center center","background-size":"auto","background-attachment":"scroll","background-type":"","background-media":"","overlay-type":"","overlay-color":"","overlay-opacity":"","overlay-gradient":""},"tablet":{"background-color":"","background-image":"","background-repeat":"repeat","background-position":"center center","background-size":"auto","background-attachment":"scroll","background-type":"","background-media":"","overlay-type":"","overlay-color":"","overlay-opacity":"","overlay-gradient":""},"mobile":{"background-color":"","background-image":"","background-repeat":"repeat","background-position":"center center","background-size":"auto","background-attachment":"scroll","background-type":"","background-media":"","overlay-type":"","overlay-color":"","overlay-opacity":"","overlay-gradient":""}},"ast-content-background-meta":{"desktop":{"background-color":"var(--ast-global-color-5)","background-image":"","background-repeat":"repeat","background-position":"center center","background-size":"auto","background-attachment":"scroll","background-type":"","background-media":"","overlay-type":"","overlay-color":"","overlay-opacity":"","overlay-gradient":""},"tablet":{"background-color":"var(--ast-global-color-5)","background-image":"","background-repeat":"repeat","background-position":"center center","background-size":"auto","background-attachment":"scroll","background-type":"","background-media":"","overlay-type":"","overlay-color":"","overlay-opacity":"","overlay-gradient":""},"mobile":{"background-color":"var(--ast-global-color-5)","background-image":"","background-repeat":"repeat","background-position":"center center","background-size":"auto","background-attachment":"scroll","background-type":"","background-media":"","overlay-type":"","overlay-color":"","overlay-opacity":"","overlay-gradient":""}},"footnotes":""},"class_list":["post-187","page","type-page","status-publish","hentry"],"post_mailing_queue_ids":[],"_links":{"self":[{"href":"https:\/\/agora.xtec.cat\/esc-dms\/wp-json\/wp\/v2\/pages\/187","targetHints":{"allow":["GET"]}}],"collection":[{"href":"https:\/\/agora.xtec.cat\/esc-dms\/wp-json\/wp\/v2\/pages"}],"about":[{"href":"https:\/\/agora.xtec.cat\/esc-dms\/wp-json\/wp\/v2\/types\/page"}],"author":[{"embeddable":true,"href":"https:\/\/agora.xtec.cat\/esc-dms\/wp-json\/wp\/v2\/users\/1"}],"replies":[{"embeddable":true,"href":"https:\/\/agora.xtec.cat\/esc-dms\/wp-json\/wp\/v2\/comments?post=187"}],"version-history":[{"count":8,"href":"https:\/\/agora.xtec.cat\/esc-dms\/wp-json\/wp\/v2\/pages\/187\/revisions"}],"predecessor-version":[{"id":12994,"href":"https:\/\/agora.xtec.cat\/esc-dms\/wp-json\/wp\/v2\/pages\/187\/revisions\/12994"}],"up":[{"embeddable":true,"href":"https:\/\/agora.xtec.cat\/esc-dms\/wp-json\/wp\/v2\/pages\/22"}],"wp:attachment":[{"href":"https:\/\/agora.xtec.cat\/esc-dms\/wp-json\/wp\/v2\/media?parent=187"}],"curies":[{"name":"wp","href":"https:\/\/api.w.org\/{rel}","templated":true}]}}