{"id":650,"date":"2024-11-12T19:50:25","date_gmt":"2024-11-12T18:50:25","guid":{"rendered":"https:\/\/agora.xtec.cat\/esc-copons\/?page_id=650"},"modified":"2024-11-13T19:45:59","modified_gmt":"2024-11-13T18:45:59","slug":"avaluacio","status":"publish","type":"page","link":"https:\/\/agora.xtec.cat\/esc-copons\/avaluacio\/","title":{"rendered":"Avaluaci\u00f3"},"content":{"rendered":"\n<p>Per tal d\u2019avaluar la implementaci\u00f3 de l\u2019Estrat\u00e8gia digital al nostre centre, amb la realitzaci\u00f3 de la Mem\u00f2ria Anual de&nbsp; ZER la comissi\u00f3 digital \u00e9s on recollir\u00e0 la valoraci\u00f3 de l\u2019assoliment dels criteris, dels indicadors, de les activitats i dels objectius previstos per a cada curs en el que desenvoluparem el desplegament de la nostra Estrat\u00e8gia Digital de Centre.<\/p>\n\n\n\n<p>Cada responsable \u00e9s qui far\u00e0 la mem\u00f2ria del que s\u2019ha assolit i del que no s\u2019ha assolit, i redactar\u00e0 les propostes de millora.<\/p>\n\n\n\n<p>A partir d\u2019aqu\u00ed, la comissi\u00f3 modificar\u00e0 l\u2019ECD pel que queda de temps d\u2019implementaci\u00f3, si s\u2019escau, per tal de garantir una veritable implantaci\u00f3 dels criteris, les activitats i els objectius previstos.<\/p>\n\n\n\n<p>Quan tot el proc\u00e9s acabi, es podr\u00e0 avaluar i fins i tot millorar depenent de la consecuci\u00f3 dels objectius establerts i planificats. En aquest punt, s\u2019haur\u00e0 de comen\u00e7ar un proc\u00e9s de reflexi\u00f3 per avaluar tota l\u2019EDC. No cal oblidar que la finalitat principal del curr\u00edculum en relaci\u00f3 a l\u2019estrat\u00e8gia digital \u00e9s l\u2019adquisici\u00f3 d\u2019un conjunt de coneixements, destreses, actituds i aptituds que facilitin l\u2019aprofitament de les eines de les tecnologies de la informaci\u00f3 i la comunicaci\u00f3 en la seva interacci\u00f3 present i futura amb l\u2019entorn social.<\/p>\n","protected":false},"excerpt":{"rendered":"<p>Per tal d\u2019avaluar la implementaci\u00f3 de l\u2019Estrat\u00e8gia digital al nostre centre, amb la realitzaci\u00f3 de la Mem\u00f2ria Anual de&nbsp; ZER la comissi\u00f3 digital \u00e9s on recollir\u00e0 la valoraci\u00f3 de l\u2019assoliment dels criteris, dels indicadors, de les activitats i dels objectius previstos per a cada curs&hellip;  <a href=\"https:\/\/agora.xtec.cat\/esc-copons\/avaluacio\/\" title=\"Read Avaluaci\u00f3\">Llegeix m\u00e9s\u00bb<\/a><\/p>\n","protected":false},"author":1,"featured_media":0,"parent":0,"menu_order":0,"comment_status":"closed","ping_status":"close","template":"","meta":{"footnotes":""},"class_list":["post-650","page","type-page","status-publish","hentry"],"post_mailing_queue_ids":[],"_links":{"self":[{"href":"https:\/\/agora.xtec.cat\/esc-copons\/wp-json\/wp\/v2\/pages\/650","targetHints":{"allow":["GET"]}}],"collection":[{"href":"https:\/\/agora.xtec.cat\/esc-copons\/wp-json\/wp\/v2\/pages"}],"about":[{"href":"https:\/\/agora.xtec.cat\/esc-copons\/wp-json\/wp\/v2\/types\/page"}],"author":[{"embeddable":true,"href":"https:\/\/agora.xtec.cat\/esc-copons\/wp-json\/wp\/v2\/users\/1"}],"replies":[{"embeddable":true,"href":"https:\/\/agora.xtec.cat\/esc-copons\/wp-json\/wp\/v2\/comments?post=650"}],"version-history":[{"count":2,"href":"https:\/\/agora.xtec.cat\/esc-copons\/wp-json\/wp\/v2\/pages\/650\/revisions"}],"predecessor-version":[{"id":673,"href":"https:\/\/agora.xtec.cat\/esc-copons\/wp-json\/wp\/v2\/pages\/650\/revisions\/673"}],"wp:attachment":[{"href":"https:\/\/agora.xtec.cat\/esc-copons\/wp-json\/wp\/v2\/media?parent=650"}],"curies":[{"name":"wp","href":"https:\/\/api.w.org\/{rel}","templated":true}]}}

Avaluació

<p>Per tal d’avaluar la implementació de l’Estratègia digital al nostre centre, amb la realització de la Memòria Anual de&nbsp; ZER la comissió digital és on recollirà la valoració de l’assoliment dels criteris, dels indicadors, de les activitats i dels objectius previstos per a cada curs en el que desenvoluparem el desplegament de la nostra Estratègia Digital de Centre.</p>



<p>Cada responsable és qui farà la memòria del que s’ha assolit i del que no s’ha assolit, i redactarà les propostes de millora.</p>



<p>A partir d’aquí, la comissió modificarà l’ECD pel que queda de temps d’implementació, si s’escau, per tal de garantir una veritable implantació dels criteris, les activitats i els objectius previstos.</p>



<p>Quan tot el procés acabi, es podrà avaluar i fins i tot millorar depenent de la consecució dels objectius establerts i planificats. En aquest punt, s’haurà de començar un procés de reflexió per avaluar tota l’EDC. No cal oblidar que la finalitat principal del currículum en relació a l’estratègia digital és l’adquisició d’un conjunt de coneixements, destreses, actituds i aptituds que facilitin l’aprofitament de les eines de les tecnologies de la informació i la comunicació en la seva interacció present i futura amb l’entorn social.</p>

<p>Per tal d’avaluar la implementació de l’Estratègia digital al nostre centre, amb la realització de la Memòria Anual de&nbsp; ZER la comissió digital és on recollirà la valoració de l’assoliment dels criteris, dels indicadors, de les activitats i dels objectius previstos per a cada curs&hellip;  <a href="https://agora.xtec.cat/esc-copons/avaluacio/" title="Read Avaluació">Llegeix més»</a></p>
