{"id":515,"date":"2019-11-03T09:30:06","date_gmt":"2019-11-03T08:30:06","guid":{"rendered":"https:\/\/agora.xtec.cat\/esc-concepcion-arenal\/?page_id=515"},"modified":"2025-09-06T08:09:35","modified_gmt":"2025-09-06T06:09:35","slug":"equip-directiu-i-coordinacions","status":"publish","type":"page","link":"https:\/\/agora.xtec.cat\/esc-concepcion-arenal\/lescola\/equip-directiu-i-coordinacions\/","title":{"rendered":"Equip directiu i coordinacions"},"content":{"rendered":"<h3><span style=\"color: #0000ff;\"><strong>Equip directiu<\/strong><\/span><\/h3>\n<ul>\n<li><span style=\"color: #3366ff;\"><strong>Directora:<\/strong><\/span> Begonya Par\u00e9s<\/li>\n<li><span style=\"color: #3366ff;\"><strong>Cap d&#8217;estudis:<\/strong><\/span> Xavier Campos<\/li>\n<li><span style=\"color: #3366ff;\"><strong>Secret\u00e0ria:<\/strong><\/span> Sandra Cunillera<\/li>\n<\/ul>\n<h4><span style=\"color: #0000ff;\"><strong>Coordinacions<\/strong><\/span><\/h4>\n<ul>\n<li><span style=\"color: #3366ff;\"><strong>Infantil i Cicle Inicial:<\/strong><\/span> Silvia Ortiz<\/li>\n<li><span style=\"color: #3366ff;\"><strong>Cicle Mitj\u00e0 i Superior:<\/strong><\/span> Ana Alonso<\/li>\n<li><span style=\"color: #993366;\"><strong><span style=\"color: #3366ff;\">Estrat\u00e8gia digital:<\/span>\u00a0<\/strong><span style=\"color: #000000;\">Esther Rosell\u00f3<\/span><\/span><\/li>\n<li><span style=\"color: #3366ff;\"><strong>Ci\u00e8ncies: <\/strong><span style=\"color: #000000;\">Tonyo Rodr\u00edguez<\/span><\/span><\/li>\n<li><span style=\"color: #3366ff;\"><strong>Web:<\/strong><\/span> Sandra Cunillera<\/li>\n<li><span style=\"color: #3366ff;\"><strong>Biblioteca:<\/strong><\/span> Ana Alonso<\/li>\n<li><span style=\"color: #3366ff;\"><strong>LIC:<\/strong><\/span> Eva Torrubiano<\/li>\n<li><span style=\"color: #993366;\"><span style=\"color: #3366ff;\"><strong>Riscos Laborals: <\/strong><\/span><span style=\"color: #000000;\">Paz Garc\u00eda-Faria<\/span><\/span><\/li>\n<li><span style=\"color: #3366ff;\"><strong>Pla Catal\u00e0 de l&#8217;esport: <\/strong><span style=\"color: #000000;\">Tonyo Rodr\u00edguez<\/span><\/span><\/li>\n<li><span style=\"color: #3366ff;\"><strong>Coordinadora de coeducaci\u00f3, conviv\u00e8ncia i benestar: <\/strong><\/span><span style=\"color: #0000ff;\"><span style=\"color: #000000;\">Mireia Pedraza<\/span><\/span><\/li>\n<\/ul>\n","protected":false},"excerpt":{"rendered":"<p>Equip directiu Directora: Begonya Par\u00e9s Cap d&#8217;estudis: Xavier Campos Secret\u00e0ria: Sandra Cunillera Coordinacions Infantil i Cicle Inicial: Silvia Ortiz Cicle Mitj\u00e0 i Superior: Ana Alonso Estrat\u00e8gia digital:\u00a0Esther Rosell\u00f3 Ci\u00e8ncies: Tonyo Rodr\u00edguez Web: Sandra Cunillera Biblioteca: Ana Alonso LIC: Eva Torrubiano Riscos Laborals: Paz Garc\u00eda-Faria Pla Catal\u00e0 de l&#8217;esport: Tonyo Rodr\u00edguez Coordinadora de coeducaci\u00f3, conviv\u00e8ncia i [&hellip;]<\/p>\n","protected":false},"author":1,"featured_media":0,"parent":22,"menu_order":35,"comment_status":"closed","ping_status":"closed","template":"page-templates\/side-menu.php","meta":{"_bbp_topic_count":0,"_bbp_reply_count":0,"_bbp_total_topic_count":0,"_bbp_total_reply_count":0,"_bbp_voice_count":0,"_bbp_anonymous_reply_count":0,"_bbp_topic_count_hidden":0,"_bbp_reply_count_hidden":0,"_bbp_forum_subforum_count":0,"site-sidebar-layout":"default","site-content-layout":"","ast-site-content-layout":"","site-content-style":"default","site-sidebar-style":"default","ast-global-header-display":"","ast-banner-title-visibility":"","ast-main-header-display":"","ast-hfb-above-header-display":"","ast-hfb-below-header-display":"","ast-hfb-mobile-header-display":"","site-post-title":"","ast-breadcrumbs-content":"","ast-featured-img":"","footer-sml-layout":"","theme-transparent-header-meta":"","adv-header-id-meta":"","stick-header-meta":"","header-above-stick-meta":"","header-main-stick-meta":"","header-below-stick-meta":"","astra-migrate-meta-layouts":"default","ast-page-background-enabled":"default","ast-page-background-meta":{"desktop":{"background-color":"var(--ast-global-color-4)","background-image":"","background-repeat":"repeat","background-position":"center center","background-size":"auto","background-attachment":"scroll","background-type":"","background-media":"","overlay-type":"","overlay-color":"","overlay-opacity":"","overlay-gradient":""},"tablet":{"background-color":"","background-image":"","background-repeat":"repeat","background-position":"center center","background-size":"auto","background-attachment":"scroll","background-type":"","background-media":"","overlay-type":"","overlay-color":"","overlay-opacity":"","overlay-gradient":""},"mobile":{"background-color":"","background-image":"","background-repeat":"repeat","background-position":"center center","background-size":"auto","background-attachment":"scroll","background-type":"","background-media":"","overlay-type":"","overlay-color":"","overlay-opacity":"","overlay-gradient":""}},"ast-content-background-meta":{"desktop":{"background-color":"var(--ast-global-color-5)","background-image":"","background-repeat":"repeat","background-position":"center center","background-size":"auto","background-attachment":"scroll","background-type":"","background-media":"","overlay-type":"","overlay-color":"","overlay-opacity":"","overlay-gradient":""},"tablet":{"background-color":"var(--ast-global-color-5)","background-image":"","background-repeat":"repeat","background-position":"center center","background-size":"auto","background-attachment":"scroll","background-type":"","background-media":"","overlay-type":"","overlay-color":"","overlay-opacity":"","overlay-gradient":""},"mobile":{"background-color":"var(--ast-global-color-5)","background-image":"","background-repeat":"repeat","background-position":"center center","background-size":"auto","background-attachment":"scroll","background-type":"","background-media":"","overlay-type":"","overlay-color":"","overlay-opacity":"","overlay-gradient":""}},"footnotes":""},"class_list":["post-515","page","type-page","status-publish","hentry"],"post_mailing_queue_ids":[],"_links":{"self":[{"href":"https:\/\/agora.xtec.cat\/esc-concepcion-arenal\/wp-json\/wp\/v2\/pages\/515","targetHints":{"allow":["GET"]}}],"collection":[{"href":"https:\/\/agora.xtec.cat\/esc-concepcion-arenal\/wp-json\/wp\/v2\/pages"}],"about":[{"href":"https:\/\/agora.xtec.cat\/esc-concepcion-arenal\/wp-json\/wp\/v2\/types\/page"}],"author":[{"embeddable":true,"href":"https:\/\/agora.xtec.cat\/esc-concepcion-arenal\/wp-json\/wp\/v2\/users\/1"}],"replies":[{"embeddable":true,"href":"https:\/\/agora.xtec.cat\/esc-concepcion-arenal\/wp-json\/wp\/v2\/comments?post=515"}],"version-history":[{"count":6,"href":"https:\/\/agora.xtec.cat\/esc-concepcion-arenal\/wp-json\/wp\/v2\/pages\/515\/revisions"}],"predecessor-version":[{"id":15510,"href":"https:\/\/agora.xtec.cat\/esc-concepcion-arenal\/wp-json\/wp\/v2\/pages\/515\/revisions\/15510"}],"up":[{"embeddable":true,"href":"https:\/\/agora.xtec.cat\/esc-concepcion-arenal\/wp-json\/wp\/v2\/pages\/22"}],"wp:attachment":[{"href":"https:\/\/agora.xtec.cat\/esc-concepcion-arenal\/wp-json\/wp\/v2\/media?parent=515"}],"curies":[{"name":"wp","href":"https:\/\/api.w.org\/{rel}","templated":true}]}}