{"id":22,"date":"2014-09-18T12:19:57","date_gmt":"2014-09-18T11:19:57","guid":{"rendered":"http:\/\/agora.xtec.cat\/esc-concepcion-arenal\/?page_id=22"},"modified":"2020-09-24T08:51:00","modified_gmt":"2020-09-24T06:51:00","slug":"lescola","status":"publish","type":"page","link":"https:\/\/agora.xtec.cat\/esc-concepcion-arenal\/lescola\/","title":{"rendered":"L&#8217;escola"},"content":{"rendered":"<p>El centre est\u00e0 situat al barri Bes\u00f2s Sud-oest, del districte de Sant Mart\u00ed, de Barcelona y limita amb el barri de la Mina de la localitat de Sant Adri\u00e0 del Bes\u00f2s. Acull alumnes d\u2019 ambd\u00f3s barris.<\/p>\n<p><strong>Pel que fa al territori:<\/strong> En els darrers anys (des de l\u2019any 2000) ha comen\u00e7at una nova fase de remodelaci\u00f3 amb motiu de les noves infrastructures de la ciutat que se situen en la zona pr\u00f2xima al mar (zona F\u00d2RUM, \u00e0rea 22@, \u00e0rea comercial i d\u2019hotels, equipament sociosanitari, altres equipaments, jardins&#8230;) que canvien per complet la fisonomia d\u2019aquesta part del barri.<\/p>\n<p><strong>Pel que fa a la poblaci\u00f3:<\/strong> S\u2019est\u00e0 donant un progressiu proc\u00e9s de substituci\u00f3 de la poblaci\u00f3 per la recent entrada de persones estrangeres. Aquesta nova poblaci\u00f3 est\u00e0 contribuint al creixement i a la revitalitzaci\u00f3 del Bes\u00f2s, que per si mateix mostrava una tend\u00e8ncia de p\u00e8rdua cont\u00ednua de poblaci\u00f3 (per sortida de persones i per disminuci\u00f3 de naixements).<\/p>\n","protected":false},"excerpt":{"rendered":"<p>El centre est\u00e0 situat al barri Bes\u00f2s Sud-oest, del districte de Sant Mart\u00ed, de Barcelona y limita amb el barri de la Mina de la localitat de Sant Adri\u00e0 del Bes\u00f2s. Acull alumnes d\u2019 ambd\u00f3s barris. Pel que fa al territori: En els darrers anys (des de l\u2019any 2000) ha comen\u00e7at una nova fase de [&hellip;]<\/p>\n","protected":false},"author":1,"featured_media":0,"parent":0,"menu_order":0,"comment_status":"closed","ping_status":"closed","template":"page-templates\/side-menu.php","meta":{"_bbp_topic_count":0,"_bbp_reply_count":0,"_bbp_total_topic_count":0,"_bbp_total_reply_count":0,"_bbp_voice_count":0,"_bbp_anonymous_reply_count":0,"_bbp_topic_count_hidden":0,"_bbp_reply_count_hidden":0,"_bbp_forum_subforum_count":0,"site-sidebar-layout":"default","site-content-layout":"","ast-site-content-layout":"","site-content-style":"default","site-sidebar-style":"default","ast-global-header-display":"","ast-banner-title-visibility":"","ast-main-header-display":"","ast-hfb-above-header-display":"","ast-hfb-below-header-display":"","ast-hfb-mobile-header-display":"","site-post-title":"","ast-breadcrumbs-content":"","ast-featured-img":"","footer-sml-layout":"","theme-transparent-header-meta":"","adv-header-id-meta":"","stick-header-meta":"","header-above-stick-meta":"","header-main-stick-meta":"","header-below-stick-meta":"","astra-migrate-meta-layouts":"default","ast-page-background-enabled":"default","ast-page-background-meta":{"desktop":{"background-color":"var(--ast-global-color-4)","background-image":"","background-repeat":"repeat","background-position":"center center","background-size":"auto","background-attachment":"scroll","background-type":"","background-media":"","overlay-type":"","overlay-color":"","overlay-opacity":"","overlay-gradient":""},"tablet":{"background-color":"","background-image":"","background-repeat":"repeat","background-position":"center center","background-size":"auto","background-attachment":"scroll","background-type":"","background-media":"","overlay-type":"","overlay-color":"","overlay-opacity":"","overlay-gradient":""},"mobile":{"background-color":"","background-image":"","background-repeat":"repeat","background-position":"center center","background-size":"auto","background-attachment":"scroll","background-type":"","background-media":"","overlay-type":"","overlay-color":"","overlay-opacity":"","overlay-gradient":""}},"ast-content-background-meta":{"desktop":{"background-color":"var(--ast-global-color-5)","background-image":"","background-repeat":"repeat","background-position":"center center","background-size":"auto","background-attachment":"scroll","background-type":"","background-media":"","overlay-type":"","overlay-color":"","overlay-opacity":"","overlay-gradient":""},"tablet":{"background-color":"var(--ast-global-color-5)","background-image":"","background-repeat":"repeat","background-position":"center center","background-size":"auto","background-attachment":"scroll","background-type":"","background-media":"","overlay-type":"","overlay-color":"","overlay-opacity":"","overlay-gradient":""},"mobile":{"background-color":"var(--ast-global-color-5)","background-image":"","background-repeat":"repeat","background-position":"center center","background-size":"auto","background-attachment":"scroll","background-type":"","background-media":"","overlay-type":"","overlay-color":"","overlay-opacity":"","overlay-gradient":""}},"footnotes":""},"class_list":["post-22","page","type-page","status-publish","hentry"],"post_mailing_queue_ids":[],"_links":{"self":[{"href":"https:\/\/agora.xtec.cat\/esc-concepcion-arenal\/wp-json\/wp\/v2\/pages\/22","targetHints":{"allow":["GET"]}}],"collection":[{"href":"https:\/\/agora.xtec.cat\/esc-concepcion-arenal\/wp-json\/wp\/v2\/pages"}],"about":[{"href":"https:\/\/agora.xtec.cat\/esc-concepcion-arenal\/wp-json\/wp\/v2\/types\/page"}],"author":[{"embeddable":true,"href":"https:\/\/agora.xtec.cat\/esc-concepcion-arenal\/wp-json\/wp\/v2\/users\/1"}],"replies":[{"embeddable":true,"href":"https:\/\/agora.xtec.cat\/esc-concepcion-arenal\/wp-json\/wp\/v2\/comments?post=22"}],"version-history":[{"count":2,"href":"https:\/\/agora.xtec.cat\/esc-concepcion-arenal\/wp-json\/wp\/v2\/pages\/22\/revisions"}],"predecessor-version":[{"id":720,"href":"https:\/\/agora.xtec.cat\/esc-concepcion-arenal\/wp-json\/wp\/v2\/pages\/22\/revisions\/720"}],"wp:attachment":[{"href":"https:\/\/agora.xtec.cat\/esc-concepcion-arenal\/wp-json\/wp\/v2\/media?parent=22"}],"curies":[{"name":"wp","href":"https:\/\/api.w.org\/{rel}","templated":true}]}}