{"id":5685,"date":"2024-01-04T13:06:53","date_gmt":"2024-01-04T12:06:53","guid":{"rendered":"https:\/\/agora.xtec.cat\/esc-cirera\/?page_id=5685"},"modified":"2025-12-02T12:26:51","modified_gmt":"2025-12-02T11:26:51","slug":"ep-entorn","status":"publish","type":"page","link":"https:\/\/agora.xtec.cat\/esc-cirera\/projecte-educatiu\/ed-primaria\/ep-entorn\/","title":{"rendered":"EP: Col\u00b7laboracions amb l\u2019entorn"},"content":{"rendered":"<p>&nbsp;<\/p>\n<div class=\"wp-block-group is-layout-flow wp-block-group-is-layout-flow\">\n<p>Des de l\u2019escola entenem que la\u00a0<strong>col\u00b7laboraci\u00f3<\/strong>\u00a0amb altres centres i entitats de la ciutat \u00e9s fonamental per tal de construir\u00a0<strong>xarxes de treball compartides<\/strong>. \u00c9s per aquest motiu que els nens i nenes de l\u2019escola participen de diferents propostes al llarg del curs. Aqu\u00ed us deixem alguns exemples:<\/p>\n<div class=\"wp-block-columns is-layout-flex wp-container-core-columns-is-layout-28f84493 wp-block-columns-is-layout-flex\">\n<div class=\"wp-block-column is-layout-flow wp-block-column-is-layout-flow\">\n<p class=\"has-text-align-center has-tertiary-background-color has-background\"><strong>Cicle Inicial:<\/strong>\u00a0Els infants de 2n participen al projecte\u00a0<strong><a href=\"https:\/\/www.culturamataro.cat\/agenda-cultura\/fem-dansa\">Fem Dansa<\/a><\/strong>, que consisteix en la preparaci\u00f3 de cinc danses des de les \u00e0rees d\u2019Educaci\u00f3 F\u00edsica i M\u00fasica, que es comparteixen amb altres escoles durant una jornada que es celebra cada any.<\/p>\n<\/div>\n<div class=\"wp-block-column is-layout-flow wp-block-column-is-layout-flow\">\n<p class=\"has-text-align-center has-background-background-color has-background\"><strong>Cicle Mitj\u00e0<\/strong>: El nivell de 3r participa a\u00a0<strong><a href=\"https:\/\/laclika.cat\/\">La Clika<\/a><\/strong>, un projecte socioeducatiu que t\u00e9 com a objectiu connectar els infants amb la m\u00fasica, a trav\u00e9s de l\u2019univers d\u2019una colla d\u2019amics. Anualment, es celebra un concert en el qu\u00e8 es canten les can\u00e7ons que han preparat a l\u2019escola.<\/p>\n<\/div>\n<\/div>\n<div class=\"wp-block-columns is-layout-flex wp-container-core-columns-is-layout-28f84493 wp-block-columns-is-layout-flex\">\n<div class=\"wp-block-column is-layout-flow wp-block-column-is-layout-flow\">\n<p class=\"has-text-align-center has-background-background-color has-background\"><strong>Cicle Superior<\/strong>: Els infants de 5\u00e8 i 6\u00e8 participen al\u00a0<strong><a href=\"https:\/\/www.mataro.cat\/ca\/temes\/educacio\/altres\/consel-dinfants\">Consell d\u2019Infants<\/a><\/strong>, un espai de trobada de moltes escoles de la ciutat en el qual, cada any, treballen sobre un tema en concret, tot fent reflexions i propostes que permetin millorar la qualitat de vida dels infants de Matar\u00f3.<\/p>\n<\/div>\n<div class=\"wp-block-column is-layout-flow wp-block-column-is-layout-flow\">\n<p class=\"has-text-align-center has-tertiary-background-color has-background\"><strong>Cicle Superior<\/strong>: Els infants de 5\u00e8 participen al\u00a0<strong><a href=\"https:\/\/www.culturamataro.cat\/agenda-cultura\/cantania-real\">Cant\u00e0nia<\/a><\/strong>, \u00e9s un projecte del servei educatiu de L\u2019Auditori de Barcelona en qu\u00e8 a cada curs escolar es treballa una nova cantata, per a nou instrumentistes i cor, signada per prestigiosos m\u00fasics i lletristes catalans.<\/p>\n<\/div>\n<\/div>\n<div class=\"wp-block-column is-layout-flow wp-block-column-is-layout-flow\">\n<p class=\"has-text-align-center has-tertiary-background-color has-background\"><strong>Cicle Superior<\/strong>: Els infants de 5\u00e8 i 6\u00e8 participen en la\u00a0<a href=\"https:\/\/www.mataro.cat\/ca\/actualitat\/agenda\/xiv-mostra-de-teatre-a-les-escoles-la-comunicacio\"><strong>Mostra de Teatre<\/strong><\/a>, on es dona a con\u00e8ixer la pr\u00e0ctica teatral de la m\u00e0 dels mestres i de pedagogs teatrals de l\u2019equip de l\u2019Aula de Teatre, amb una mostra final per part dels alumnes de 6\u00e8 que gira al voltant d\u2019una tem\u00e1tica conjunta.<\/p>\n<p class=\"has-text-align-center has-tertiary-background-color has-background\"><span style=\"font-family: inherit; font-size: 1em;\">Altres projectes: l\u2019escola participa en el\u00a0<\/span><strong style=\"font-family: inherit; font-size: 1em;\">Pla Educatiu d\u2019Entorn<\/strong><span style=\"font-family: inherit; font-size: 1em;\">, gaudint de classes de refor\u00e7 escolar de manera gratu\u00efta per als infants de prim\u00e0ria.<\/span><\/p>\n<\/div>\n<\/div>\n<p>&nbsp;<\/p>\n","protected":false},"excerpt":{"rendered":"<p>&nbsp; Des de l\u2019escola entenem que la\u00a0col\u00b7laboraci\u00f3\u00a0amb altres centres i entitats de la ciutat \u00e9s fonamental per tal de construir\u00a0xarxes de treball compartides. \u00c9s per aquest motiu que els nens i nenes de l\u2019escola participen de diferents propostes al llarg del curs. Aqu\u00ed us deixem alguns exemples: Cicle Inicial:\u00a0Els infants de 2n participen al projecte\u00a0Fem [&hellip;]<\/p>\n","protected":false},"author":1,"featured_media":0,"parent":5476,"menu_order":70,"comment_status":"closed","ping_status":"closed","template":"","meta":{"_bbp_topic_count":0,"_bbp_reply_count":0,"_bbp_total_topic_count":0,"_bbp_total_reply_count":0,"_bbp_voice_count":0,"_bbp_anonymous_reply_count":0,"_bbp_topic_count_hidden":0,"_bbp_reply_count_hidden":0,"_bbp_forum_subforum_count":0,"site-sidebar-layout":"default","site-content-layout":"","ast-site-content-layout":"default","site-content-style":"default","site-sidebar-style":"default","ast-global-header-display":"","ast-banner-title-visibility":"","ast-main-header-display":"","ast-hfb-above-header-display":"","ast-hfb-below-header-display":"","ast-hfb-mobile-header-display":"","site-post-title":"","ast-breadcrumbs-content":"","ast-featured-img":"","footer-sml-layout":"","theme-transparent-header-meta":"default","adv-header-id-meta":"","stick-header-meta":"","header-above-stick-meta":"","header-main-stick-meta":"","header-below-stick-meta":"","astra-migrate-meta-layouts":"set","ast-page-background-enabled":"default","ast-page-background-meta":{"desktop":{"background-color":"var(--ast-global-color-4)","background-image":"","background-repeat":"repeat","background-position":"center center","background-size":"auto","background-attachment":"scroll","background-type":"","background-media":"","overlay-type":"","overlay-color":"","overlay-opacity":"","overlay-gradient":""},"tablet":{"background-color":"","background-image":"","background-repeat":"repeat","background-position":"center center","background-size":"auto","background-attachment":"scroll","background-type":"","background-media":"","overlay-type":"","overlay-color":"","overlay-opacity":"","overlay-gradient":""},"mobile":{"background-color":"","background-image":"","background-repeat":"repeat","background-position":"center center","background-size":"auto","background-attachment":"scroll","background-type":"","background-media":"","overlay-type":"","overlay-color":"","overlay-opacity":"","overlay-gradient":""}},"ast-content-background-meta":{"desktop":{"background-color":"var(--ast-global-color-5)","background-image":"","background-repeat":"repeat","background-position":"center center","background-size":"auto","background-attachment":"scroll","background-type":"","background-media":"","overlay-type":"","overlay-color":"","overlay-opacity":"","overlay-gradient":""},"tablet":{"background-color":"var(--ast-global-color-5)","background-image":"","background-repeat":"repeat","background-position":"center center","background-size":"auto","background-attachment":"scroll","background-type":"","background-media":"","overlay-type":"","overlay-color":"","overlay-opacity":"","overlay-gradient":""},"mobile":{"background-color":"var(--ast-global-color-5)","background-image":"","background-repeat":"repeat","background-position":"center center","background-size":"auto","background-attachment":"scroll","background-type":"","background-media":"","overlay-type":"","overlay-color":"","overlay-opacity":"","overlay-gradient":""}},"footnotes":""},"class_list":["post-5685","page","type-page","status-publish","hentry"],"post_mailing_queue_ids":[],"_links":{"self":[{"href":"https:\/\/agora.xtec.cat\/esc-cirera\/wp-json\/wp\/v2\/pages\/5685","targetHints":{"allow":["GET"]}}],"collection":[{"href":"https:\/\/agora.xtec.cat\/esc-cirera\/wp-json\/wp\/v2\/pages"}],"about":[{"href":"https:\/\/agora.xtec.cat\/esc-cirera\/wp-json\/wp\/v2\/types\/page"}],"author":[{"embeddable":true,"href":"https:\/\/agora.xtec.cat\/esc-cirera\/wp-json\/wp\/v2\/users\/1"}],"replies":[{"embeddable":true,"href":"https:\/\/agora.xtec.cat\/esc-cirera\/wp-json\/wp\/v2\/comments?post=5685"}],"version-history":[{"count":5,"href":"https:\/\/agora.xtec.cat\/esc-cirera\/wp-json\/wp\/v2\/pages\/5685\/revisions"}],"predecessor-version":[{"id":5930,"href":"https:\/\/agora.xtec.cat\/esc-cirera\/wp-json\/wp\/v2\/pages\/5685\/revisions\/5930"}],"up":[{"embeddable":true,"href":"https:\/\/agora.xtec.cat\/esc-cirera\/wp-json\/wp\/v2\/pages\/5476"}],"wp:attachment":[{"href":"https:\/\/agora.xtec.cat\/esc-cirera\/wp-json\/wp\/v2\/media?parent=5685"}],"curies":[{"name":"wp","href":"https:\/\/api.w.org\/{rel}","templated":true}]}}