{"id":5683,"date":"2024-01-04T13:06:27","date_gmt":"2024-01-04T12:06:27","guid":{"rendered":"https:\/\/agora.xtec.cat\/esc-cirera\/?page_id=5683"},"modified":"2025-12-02T12:26:21","modified_gmt":"2025-12-02T11:26:21","slug":"ep-educacio-fisica","status":"publish","type":"page","link":"https:\/\/agora.xtec.cat\/esc-cirera\/projecte-educatiu\/ed-primaria\/ep-educacio-fisica\/","title":{"rendered":"EP: Educaci\u00f3 f\u00edsica"},"content":{"rendered":"\r\n<ul class=\"wp-block-list\">\r\n<li>\r\n<p>A la nostra escola, la\u00a0<strong>salut<\/strong>\u00a0i el\u00a0<strong>benestar f\u00edsic i mental\u00a0<\/strong>formen un dels eixos transversals m\u00e9s importants del nostre projecte educatiu. Creiem fermament que el desenvolupament dels infants passa per una cura<strong>\u00a0integral<\/strong>\u00a0del seu cos i la seva ment, i per aix\u00f2 promovem l\u2019<strong>activitat f\u00edsica<\/strong>, el<strong>\u00a0joc<\/strong>, el\u00a0<strong>moviment<\/strong>\u00a0i els\u00a0<strong>h\u00e0bits saludables<\/strong>\u00a0de manera quotidiana.<\/p>\r\n<p>L\u2019educaci\u00f3 f\u00edsica no es limita nom\u00e9s a les sessions espec\u00edfiques d\u2019aquesta assignatura. Entenem que \u00e9s essencial integrar el moviment i els valors de la salut en totes les \u00e0rees de la vida escolar i en el\u00a0<strong>dia a dia<\/strong>\u00a0dels alumnes. Aix\u00ed, fomentem activitats que ajuden els infants a con\u00e8ixer el\u00a0<strong>funcionament\u00a0<\/strong>del seu cos, a prendre consci\u00e8ncia de la seva\u00a0<strong>salut cardiovascular<\/strong>\u00a0i a desenvolupar una actitud responsable envers el seu benestar.<\/p>\r\n<p>Per aix\u00f2, participem en projectes educatius espec\u00edfics com:<\/p>\r\n<ul class=\"wp-block-list\">\r\n<li><strong><a href=\"https:\/\/xtec.gencat.cat\/ca\/comunitat\/salutescola\/programa-salut-integral\/\">Salut Integral a Educaci\u00f3 Infantil:<\/a><\/strong>\u00a0Un programa que introdueix els m\u00e9s petits en el coneixement del seu cos i en la import\u00e0ncia d\u2019adoptar h\u00e0bits saludables des de ben aviat. Mitjan\u00e7ant el joc i activitats motrius adaptades, els infants aprenen a moure\u2019s amb consci\u00e8ncia i gaudir del seu cos.<\/li>\r\n<li><a href=\"https:\/\/xtec.gencat.cat\/ca\/comunitat\/salutescola\/suport-vital-als-centres-educatius\/\"><strong>Programa de Suport Vital B\u00e0sic a Prim\u00e0ria:<\/strong>\u00a0<\/a>Aquest projecte ofereix als alumnes eines i recursos per entendre com funciona el cos hum\u00e0 i com actuar davant situacions d\u2019emerg\u00e8ncia. Amb aquesta formaci\u00f3, volem que els nens i nenes esdevinguin protagonistes actius en la cura de la seva salut i la de la comunitat, promovent la prevenci\u00f3 i la resposta adequada davant possibles incidents.<\/li>\r\n<\/ul>\r\n<p>&nbsp;<\/p>\r\n<\/li>\r\n<\/ul>\r\n<p>A m\u00e9s, al llarg de tot el curs escolar, promovem tallers, sortides i activitats que reforcen aquests aprenentatges participant, entre d\u2019altres, en el<strong>\u00a0Pla Catal\u00e0 de l\u2019Esport Escolar<\/strong>, una iniciativa que impulsa la pr\u00e0ctica esportiva fomentant la participaci\u00f3 dels alumnes en diferents trobades amb altres escoles adaptades a la seva edat.<\/p>\r\n<p>&nbsp;<\/p>\r\n<p><img loading=\"lazy\" decoding=\"async\" class=\"alignnone size-medium wp-image-5923\" src=\"https:\/\/agora.xtec.cat\/esc-cirera\/wp-content\/uploads\/usu1997\/2025\/07\/img_5112-225x300.webp\" alt=\"\" width=\"225\" height=\"300\" srcset=\"https:\/\/agora.xtec.cat\/esc-cirera\/wp-content\/uploads\/usu1997\/2025\/07\/img_5112-225x300.webp 225w, https:\/\/agora.xtec.cat\/esc-cirera\/wp-content\/uploads\/usu1997\/2025\/07\/img_5112-768x1024.webp 768w, https:\/\/agora.xtec.cat\/esc-cirera\/wp-content\/uploads\/usu1997\/2025\/07\/img_5112-1152x1536.webp 1152w, https:\/\/agora.xtec.cat\/esc-cirera\/wp-content\/uploads\/usu1997\/2025\/07\/img_5112-1536x2048.webp 1536w, https:\/\/agora.xtec.cat\/esc-cirera\/wp-content\/uploads\/usu1997\/2025\/07\/img_5112-scaled.webp 1920w\" sizes=\"auto, (max-width: 225px) 100vw, 225px\" \/> <img loading=\"lazy\" decoding=\"async\" class=\"alignnone size-medium wp-image-5924\" src=\"https:\/\/agora.xtec.cat\/esc-cirera\/wp-content\/uploads\/usu1997\/2025\/07\/8aa4aefc-c434-443f-908b-3bf3930c0172-300x225.webp\" alt=\"\" width=\"300\" height=\"225\" srcset=\"https:\/\/agora.xtec.cat\/esc-cirera\/wp-content\/uploads\/usu1997\/2025\/07\/8aa4aefc-c434-443f-908b-3bf3930c0172-300x225.webp 300w, https:\/\/agora.xtec.cat\/esc-cirera\/wp-content\/uploads\/usu1997\/2025\/07\/8aa4aefc-c434-443f-908b-3bf3930c0172-1024x768.webp 1024w, https:\/\/agora.xtec.cat\/esc-cirera\/wp-content\/uploads\/usu1997\/2025\/07\/8aa4aefc-c434-443f-908b-3bf3930c0172-768x576.webp 768w, https:\/\/agora.xtec.cat\/esc-cirera\/wp-content\/uploads\/usu1997\/2025\/07\/8aa4aefc-c434-443f-908b-3bf3930c0172-1536x1152.webp 1536w, https:\/\/agora.xtec.cat\/esc-cirera\/wp-content\/uploads\/usu1997\/2025\/07\/8aa4aefc-c434-443f-908b-3bf3930c0172-200x150.webp 200w, https:\/\/agora.xtec.cat\/esc-cirera\/wp-content\/uploads\/usu1997\/2025\/07\/8aa4aefc-c434-443f-908b-3bf3930c0172.webp 1600w\" sizes=\"auto, (max-width: 300px) 100vw, 300px\" \/> <img loading=\"lazy\" decoding=\"async\" class=\"alignnone size-medium wp-image-5925\" src=\"https:\/\/agora.xtec.cat\/esc-cirera\/wp-content\/uploads\/usu1997\/2025\/07\/img_1618-300x225.webp\" alt=\"\" width=\"300\" height=\"225\" srcset=\"https:\/\/agora.xtec.cat\/esc-cirera\/wp-content\/uploads\/usu1997\/2025\/07\/img_1618-300x225.webp 300w, https:\/\/agora.xtec.cat\/esc-cirera\/wp-content\/uploads\/usu1997\/2025\/07\/img_1618-1024x768.webp 1024w, https:\/\/agora.xtec.cat\/esc-cirera\/wp-content\/uploads\/usu1997\/2025\/07\/img_1618-768x576.webp 768w, https:\/\/agora.xtec.cat\/esc-cirera\/wp-content\/uploads\/usu1997\/2025\/07\/img_1618-1536x1152.webp 1536w, https:\/\/agora.xtec.cat\/esc-cirera\/wp-content\/uploads\/usu1997\/2025\/07\/img_1618-200x150.webp 200w, https:\/\/agora.xtec.cat\/esc-cirera\/wp-content\/uploads\/usu1997\/2025\/07\/img_1618.webp 2000w\" sizes=\"auto, (max-width: 300px) 100vw, 300px\" \/><\/p>\r\n","protected":false},"excerpt":{"rendered":"","protected":false},"author":1,"featured_media":0,"parent":5476,"menu_order":60,"comment_status":"closed","ping_status":"closed","template":"","meta":{"_bbp_topic_count":0,"_bbp_reply_count":0,"_bbp_total_topic_count":0,"_bbp_total_reply_count":0,"_bbp_voice_count":0,"_bbp_anonymous_reply_count":0,"_bbp_topic_count_hidden":0,"_bbp_reply_count_hidden":0,"_bbp_forum_subforum_count":0,"site-sidebar-layout":"default","site-content-layout":"","ast-site-content-layout":"default","site-content-style":"default","site-sidebar-style":"default","ast-global-header-display":"","ast-banner-title-visibility":"","ast-main-header-display":"","ast-hfb-above-header-display":"","ast-hfb-below-header-display":"","ast-hfb-mobile-header-display":"","site-post-title":"","ast-breadcrumbs-content":"","ast-featured-img":"","footer-sml-layout":"","theme-transparent-header-meta":"default","adv-header-id-meta":"","stick-header-meta":"","header-above-stick-meta":"","header-main-stick-meta":"","header-below-stick-meta":"","astra-migrate-meta-layouts":"set","ast-page-background-enabled":"default","ast-page-background-meta":{"desktop":{"background-color":"var(--ast-global-color-4)","background-image":"","background-repeat":"repeat","background-position":"center center","background-size":"auto","background-attachment":"scroll","background-type":"","background-media":"","overlay-type":"","overlay-color":"","overlay-opacity":"","overlay-gradient":""},"tablet":{"background-color":"","background-image":"","background-repeat":"repeat","background-position":"center center","background-size":"auto","background-attachment":"scroll","background-type":"","background-media":"","overlay-type":"","overlay-color":"","overlay-opacity":"","overlay-gradient":""},"mobile":{"background-color":"","background-image":"","background-repeat":"repeat","background-position":"center center","background-size":"auto","background-attachment":"scroll","background-type":"","background-media":"","overlay-type":"","overlay-color":"","overlay-opacity":"","overlay-gradient":""}},"ast-content-background-meta":{"desktop":{"background-color":"var(--ast-global-color-5)","background-image":"","background-repeat":"repeat","background-position":"center center","background-size":"auto","background-attachment":"scroll","background-type":"","background-media":"","overlay-type":"","overlay-color":"","overlay-opacity":"","overlay-gradient":""},"tablet":{"background-color":"var(--ast-global-color-5)","background-image":"","background-repeat":"repeat","background-position":"center center","background-size":"auto","background-attachment":"scroll","background-type":"","background-media":"","overlay-type":"","overlay-color":"","overlay-opacity":"","overlay-gradient":""},"mobile":{"background-color":"var(--ast-global-color-5)","background-image":"","background-repeat":"repeat","background-position":"center center","background-size":"auto","background-attachment":"scroll","background-type":"","background-media":"","overlay-type":"","overlay-color":"","overlay-opacity":"","overlay-gradient":""}},"footnotes":""},"class_list":["post-5683","page","type-page","status-publish","hentry"],"post_mailing_queue_ids":[],"_links":{"self":[{"href":"https:\/\/agora.xtec.cat\/esc-cirera\/wp-json\/wp\/v2\/pages\/5683","targetHints":{"allow":["GET"]}}],"collection":[{"href":"https:\/\/agora.xtec.cat\/esc-cirera\/wp-json\/wp\/v2\/pages"}],"about":[{"href":"https:\/\/agora.xtec.cat\/esc-cirera\/wp-json\/wp\/v2\/types\/page"}],"author":[{"embeddable":true,"href":"https:\/\/agora.xtec.cat\/esc-cirera\/wp-json\/wp\/v2\/users\/1"}],"replies":[{"embeddable":true,"href":"https:\/\/agora.xtec.cat\/esc-cirera\/wp-json\/wp\/v2\/comments?post=5683"}],"version-history":[{"count":3,"href":"https:\/\/agora.xtec.cat\/esc-cirera\/wp-json\/wp\/v2\/pages\/5683\/revisions"}],"predecessor-version":[{"id":5926,"href":"https:\/\/agora.xtec.cat\/esc-cirera\/wp-json\/wp\/v2\/pages\/5683\/revisions\/5926"}],"up":[{"embeddable":true,"href":"https:\/\/agora.xtec.cat\/esc-cirera\/wp-json\/wp\/v2\/pages\/5476"}],"wp:attachment":[{"href":"https:\/\/agora.xtec.cat\/esc-cirera\/wp-json\/wp\/v2\/media?parent=5683"}],"curies":[{"name":"wp","href":"https:\/\/api.w.org\/{rel}","templated":true}]}}