{"id":5677,"date":"2024-01-04T13:03:19","date_gmt":"2024-01-04T12:03:19","guid":{"rendered":"https:\/\/agora.xtec.cat\/esc-cirera\/?page_id=5677"},"modified":"2026-01-20T16:36:07","modified_gmt":"2026-01-20T15:36:07","slug":"ep-matematiques","status":"publish","type":"page","link":"https:\/\/agora.xtec.cat\/esc-cirera\/projecte-educatiu\/ed-primaria\/ep-matematiques\/","title":{"rendered":"EP: Matem\u00e0tiques"},"content":{"rendered":"<p>Al llarg del curs passat (2024-25) ens vam\u00a0<strong>formar<\/strong>\u00a0com a claustre, vam treballar i reflexionar molt per\u00a0<strong>redefinir la l\u00ednia metodol\u00f2gica<\/strong>\u00a0de les \u00e0rees de\u00a0<strong>Matem\u00e0tiques<\/strong>\u00a0i\u00a0<strong>Llengua<\/strong>. Pel que fa a les matem\u00e0tiques, de cara al curs\u00a0<strong>2025-26<\/strong>\u00a0treballarem de la seg\u00fcent manera:<\/p>\n<div class=\"wp-block-columns is-layout-flex wp-container-core-columns-is-layout-28f84493 wp-block-columns-is-layout-flex\">\n<div class=\"wp-block-column is-vertically-aligned-center is-layout-flow wp-block-column-is-layout-flow\">\n<h2 class=\"wp-block-heading has-medium-font-size\">Educaci\u00f3 Infantil<\/h2>\n<\/div>\n<\/div>\n<ul class=\"wp-block-list\">\n<li>Disposaran individualment d\u2019un\u00a0<strong>malet\u00ed<\/strong>\u00a0amb un petit\u00a0<strong>quadern<\/strong>\u00a0de treball i molt\u00a0<strong>material manipulatiu<\/strong>, que els permetr\u00e0 fer una aproximaci\u00f3 a les matem\u00e0tiques totalment experimental i vivencial. A m\u00e9s, tamb\u00e9 faran sessions de\u00a0<strong>racons<\/strong>.<\/li>\n<\/ul>\n<p><img loading=\"lazy\" decoding=\"async\" class=\"alignnone size-medium wp-image-5943\" src=\"https:\/\/agora.xtec.cat\/esc-cirera\/wp-content\/uploads\/usu1997\/2025\/10\/WhatsApp-Image-2025-10-22-at-16.21.19-3-225x300.jpeg\" alt=\"\" width=\"225\" height=\"300\" srcset=\"https:\/\/agora.xtec.cat\/esc-cirera\/wp-content\/uploads\/usu1997\/2025\/10\/WhatsApp-Image-2025-10-22-at-16.21.19-3-225x300.jpeg 225w, https:\/\/agora.xtec.cat\/esc-cirera\/wp-content\/uploads\/usu1997\/2025\/10\/WhatsApp-Image-2025-10-22-at-16.21.19-3-768x1024.jpeg 768w, https:\/\/agora.xtec.cat\/esc-cirera\/wp-content\/uploads\/usu1997\/2025\/10\/WhatsApp-Image-2025-10-22-at-16.21.19-3-1152x1536.jpeg 1152w, https:\/\/agora.xtec.cat\/esc-cirera\/wp-content\/uploads\/usu1997\/2025\/10\/WhatsApp-Image-2025-10-22-at-16.21.19-3.jpeg 1200w\" sizes=\"auto, (max-width: 225px) 100vw, 225px\" \/> <img loading=\"lazy\" decoding=\"async\" class=\"alignnone size-medium wp-image-5944\" src=\"https:\/\/agora.xtec.cat\/esc-cirera\/wp-content\/uploads\/usu1997\/2025\/10\/WhatsApp-Image-2025-10-22-at-16.21.19-1-225x300.jpeg\" alt=\"\" width=\"225\" height=\"300\" srcset=\"https:\/\/agora.xtec.cat\/esc-cirera\/wp-content\/uploads\/usu1997\/2025\/10\/WhatsApp-Image-2025-10-22-at-16.21.19-1-225x300.jpeg 225w, https:\/\/agora.xtec.cat\/esc-cirera\/wp-content\/uploads\/usu1997\/2025\/10\/WhatsApp-Image-2025-10-22-at-16.21.19-1-768x1024.jpeg 768w, https:\/\/agora.xtec.cat\/esc-cirera\/wp-content\/uploads\/usu1997\/2025\/10\/WhatsApp-Image-2025-10-22-at-16.21.19-1-1152x1536.jpeg 1152w, https:\/\/agora.xtec.cat\/esc-cirera\/wp-content\/uploads\/usu1997\/2025\/10\/WhatsApp-Image-2025-10-22-at-16.21.19-1.jpeg 1200w\" sizes=\"auto, (max-width: 225px) 100vw, 225px\" \/><\/p>\n<h2 class=\"wp-block-heading has-medium-font-size\">Educaci\u00f3 Prim\u00e0ria<\/h2>\n<ul class=\"wp-block-list\" style=\"list-style-type: disc;\">\n<li>A\u00a0<strong>Cicle Inicial<\/strong>\u00a0faran servir\u00a0<strong>quaderns espiralats<\/strong>, una mica m\u00e9s senzills, que es complementaran amb dossiers adaptats al seu nivell. De\u00a0<strong>3r a 6\u00e8<\/strong>\u00a0faran servir\u00a0<strong>llibres de text socialitzats<\/strong>, un per trimestre, per dur a terme el treball m\u00e9s sistem\u00e0tic. El treball experimental i manipulatiu es far\u00e0 amb els<strong>\u00a0racons<\/strong>.<\/li>\n<\/ul>\n<p><img loading=\"lazy\" decoding=\"async\" class=\"alignnone size-medium wp-image-5945\" src=\"https:\/\/agora.xtec.cat\/esc-cirera\/wp-content\/uploads\/usu1997\/2025\/10\/WhatsApp-Image-2025-10-22-at-16.21.19-2-225x300.jpeg\" alt=\"\" width=\"225\" height=\"300\" srcset=\"https:\/\/agora.xtec.cat\/esc-cirera\/wp-content\/uploads\/usu1997\/2025\/10\/WhatsApp-Image-2025-10-22-at-16.21.19-2-225x300.jpeg 225w, https:\/\/agora.xtec.cat\/esc-cirera\/wp-content\/uploads\/usu1997\/2025\/10\/WhatsApp-Image-2025-10-22-at-16.21.19-2-768x1024.jpeg 768w, https:\/\/agora.xtec.cat\/esc-cirera\/wp-content\/uploads\/usu1997\/2025\/10\/WhatsApp-Image-2025-10-22-at-16.21.19-2-1152x1536.jpeg 1152w, https:\/\/agora.xtec.cat\/esc-cirera\/wp-content\/uploads\/usu1997\/2025\/10\/WhatsApp-Image-2025-10-22-at-16.21.19-2.jpeg 1200w\" sizes=\"auto, (max-width: 225px) 100vw, 225px\" \/> <img loading=\"lazy\" decoding=\"async\" class=\"alignnone size-medium wp-image-5946\" src=\"https:\/\/agora.xtec.cat\/esc-cirera\/wp-content\/uploads\/usu1997\/2025\/10\/WhatsApp-Image-2025-10-22-at-16.21.19-225x300.jpeg\" alt=\"\" width=\"225\" height=\"300\" srcset=\"https:\/\/agora.xtec.cat\/esc-cirera\/wp-content\/uploads\/usu1997\/2025\/10\/WhatsApp-Image-2025-10-22-at-16.21.19-225x300.jpeg 225w, https:\/\/agora.xtec.cat\/esc-cirera\/wp-content\/uploads\/usu1997\/2025\/10\/WhatsApp-Image-2025-10-22-at-16.21.19-768x1024.jpeg 768w, https:\/\/agora.xtec.cat\/esc-cirera\/wp-content\/uploads\/usu1997\/2025\/10\/WhatsApp-Image-2025-10-22-at-16.21.19-1152x1536.jpeg 1152w, https:\/\/agora.xtec.cat\/esc-cirera\/wp-content\/uploads\/usu1997\/2025\/10\/WhatsApp-Image-2025-10-22-at-16.21.19.jpeg 1200w\" sizes=\"auto, (max-width: 225px) 100vw, 225px\" \/><\/p>\n<ul style=\"list-style-type: circle;\">\n<li>A m\u00e9s, els cursos de<strong> 5\u00e8 i 6\u00e8 <\/strong>participem al programa <strong>PCMat<\/strong>, que t\u00e9 com a objectiu millorar compet\u00e8ncia matem\u00e0tica de l\u2019alumnat a trav\u00e9s del\u00a0<strong>pensament computacional<\/strong>, la\u00a0<strong>programaci\u00f3<\/strong>\u00a0i la\u00a0<strong>rob\u00f2tica educativa<\/strong>, amb un\u00a0<strong>acompanyament intensiu i personalitzat<\/strong>\u00a0per al professorat.<\/li>\n<\/ul>\n<p><img loading=\"lazy\" decoding=\"async\" class=\"alignnone size-medium wp-image-5947\" src=\"https:\/\/agora.xtec.cat\/esc-cirera\/wp-content\/uploads\/usu1997\/2025\/10\/WhatsApp-Image-2025-10-22-at-16.22.02-1-225x300.jpeg\" alt=\"\" width=\"225\" height=\"300\" srcset=\"https:\/\/agora.xtec.cat\/esc-cirera\/wp-content\/uploads\/usu1997\/2025\/10\/WhatsApp-Image-2025-10-22-at-16.22.02-1-225x300.jpeg 225w, https:\/\/agora.xtec.cat\/esc-cirera\/wp-content\/uploads\/usu1997\/2025\/10\/WhatsApp-Image-2025-10-22-at-16.22.02-1-768x1024.jpeg 768w, https:\/\/agora.xtec.cat\/esc-cirera\/wp-content\/uploads\/usu1997\/2025\/10\/WhatsApp-Image-2025-10-22-at-16.22.02-1-1152x1536.jpeg 1152w, https:\/\/agora.xtec.cat\/esc-cirera\/wp-content\/uploads\/usu1997\/2025\/10\/WhatsApp-Image-2025-10-22-at-16.22.02-1.jpeg 1200w\" sizes=\"auto, (max-width: 225px) 100vw, 225px\" \/> <img loading=\"lazy\" decoding=\"async\" class=\"alignnone size-medium wp-image-5948\" src=\"https:\/\/agora.xtec.cat\/esc-cirera\/wp-content\/uploads\/usu1997\/2025\/10\/WhatsApp-Image-2025-10-22-at-16.22.02-225x300.jpeg\" alt=\"\" width=\"225\" height=\"300\" srcset=\"https:\/\/agora.xtec.cat\/esc-cirera\/wp-content\/uploads\/usu1997\/2025\/10\/WhatsApp-Image-2025-10-22-at-16.22.02-225x300.jpeg 225w, https:\/\/agora.xtec.cat\/esc-cirera\/wp-content\/uploads\/usu1997\/2025\/10\/WhatsApp-Image-2025-10-22-at-16.22.02-768x1024.jpeg 768w, https:\/\/agora.xtec.cat\/esc-cirera\/wp-content\/uploads\/usu1997\/2025\/10\/WhatsApp-Image-2025-10-22-at-16.22.02-1152x1536.jpeg 1152w, https:\/\/agora.xtec.cat\/esc-cirera\/wp-content\/uploads\/usu1997\/2025\/10\/WhatsApp-Image-2025-10-22-at-16.22.02.jpeg 1200w\" sizes=\"auto, (max-width: 225px) 100vw, 225px\" \/><\/p>\n","protected":false},"excerpt":{"rendered":"<p>Al llarg del curs passat (2024-25) ens vam\u00a0formar\u00a0com a claustre, vam treballar i reflexionar molt per\u00a0redefinir la l\u00ednia metodol\u00f2gica\u00a0de les \u00e0rees de\u00a0Matem\u00e0tiques\u00a0i\u00a0Llengua. Pel que fa a les matem\u00e0tiques, de cara al curs\u00a02025-26\u00a0treballarem de la seg\u00fcent manera: Educaci\u00f3 Infantil Disposaran individualment d\u2019un\u00a0malet\u00ed\u00a0amb un petit\u00a0quadern\u00a0de treball i molt\u00a0material manipulatiu, que els permetr\u00e0 fer una aproximaci\u00f3 a les [&hellip;]<\/p>\n","protected":false},"author":1,"featured_media":0,"parent":5476,"menu_order":30,"comment_status":"closed","ping_status":"closed","template":"","meta":{"_bbp_topic_count":0,"_bbp_reply_count":0,"_bbp_total_topic_count":0,"_bbp_total_reply_count":0,"_bbp_voice_count":0,"_bbp_anonymous_reply_count":0,"_bbp_topic_count_hidden":0,"_bbp_reply_count_hidden":0,"_bbp_forum_subforum_count":0,"site-sidebar-layout":"default","site-content-layout":"","ast-site-content-layout":"default","site-content-style":"default","site-sidebar-style":"default","ast-global-header-display":"","ast-banner-title-visibility":"","ast-main-header-display":"","ast-hfb-above-header-display":"","ast-hfb-below-header-display":"","ast-hfb-mobile-header-display":"","site-post-title":"","ast-breadcrumbs-content":"","ast-featured-img":"","footer-sml-layout":"","theme-transparent-header-meta":"default","adv-header-id-meta":"","stick-header-meta":"","header-above-stick-meta":"","header-main-stick-meta":"","header-below-stick-meta":"","astra-migrate-meta-layouts":"set","ast-page-background-enabled":"default","ast-page-background-meta":{"desktop":{"background-color":"var(--ast-global-color-4)","background-image":"","background-repeat":"repeat","background-position":"center center","background-size":"auto","background-attachment":"scroll","background-type":"","background-media":"","overlay-type":"","overlay-color":"","overlay-opacity":"","overlay-gradient":""},"tablet":{"background-color":"","background-image":"","background-repeat":"repeat","background-position":"center center","background-size":"auto","background-attachment":"scroll","background-type":"","background-media":"","overlay-type":"","overlay-color":"","overlay-opacity":"","overlay-gradient":""},"mobile":{"background-color":"","background-image":"","background-repeat":"repeat","background-position":"center center","background-size":"auto","background-attachment":"scroll","background-type":"","background-media":"","overlay-type":"","overlay-color":"","overlay-opacity":"","overlay-gradient":""}},"ast-content-background-meta":{"desktop":{"background-color":"var(--ast-global-color-5)","background-image":"","background-repeat":"repeat","background-position":"center center","background-size":"auto","background-attachment":"scroll","background-type":"","background-media":"","overlay-type":"","overlay-color":"","overlay-opacity":"","overlay-gradient":""},"tablet":{"background-color":"var(--ast-global-color-5)","background-image":"","background-repeat":"repeat","background-position":"center center","background-size":"auto","background-attachment":"scroll","background-type":"","background-media":"","overlay-type":"","overlay-color":"","overlay-opacity":"","overlay-gradient":""},"mobile":{"background-color":"var(--ast-global-color-5)","background-image":"","background-repeat":"repeat","background-position":"center center","background-size":"auto","background-attachment":"scroll","background-type":"","background-media":"","overlay-type":"","overlay-color":"","overlay-opacity":"","overlay-gradient":""}},"footnotes":""},"class_list":["post-5677","page","type-page","status-publish","hentry"],"post_mailing_queue_ids":[],"_links":{"self":[{"href":"https:\/\/agora.xtec.cat\/esc-cirera\/wp-json\/wp\/v2\/pages\/5677","targetHints":{"allow":["GET"]}}],"collection":[{"href":"https:\/\/agora.xtec.cat\/esc-cirera\/wp-json\/wp\/v2\/pages"}],"about":[{"href":"https:\/\/agora.xtec.cat\/esc-cirera\/wp-json\/wp\/v2\/types\/page"}],"author":[{"embeddable":true,"href":"https:\/\/agora.xtec.cat\/esc-cirera\/wp-json\/wp\/v2\/users\/1"}],"replies":[{"embeddable":true,"href":"https:\/\/agora.xtec.cat\/esc-cirera\/wp-json\/wp\/v2\/comments?post=5677"}],"version-history":[{"count":6,"href":"https:\/\/agora.xtec.cat\/esc-cirera\/wp-json\/wp\/v2\/pages\/5677\/revisions"}],"predecessor-version":[{"id":6078,"href":"https:\/\/agora.xtec.cat\/esc-cirera\/wp-json\/wp\/v2\/pages\/5677\/revisions\/6078"}],"up":[{"embeddable":true,"href":"https:\/\/agora.xtec.cat\/esc-cirera\/wp-json\/wp\/v2\/pages\/5476"}],"wp:attachment":[{"href":"https:\/\/agora.xtec.cat\/esc-cirera\/wp-json\/wp\/v2\/media?parent=5677"}],"curies":[{"name":"wp","href":"https:\/\/api.w.org\/{rel}","templated":true}]}}