{"id":5658,"date":"2024-01-04T12:50:54","date_gmt":"2024-01-04T11:50:54","guid":{"rendered":"https:\/\/agora.xtec.cat\/esc-cirera\/?page_id=5658"},"modified":"2026-01-20T16:23:59","modified_gmt":"2026-01-20T15:23:59","slug":"ei-treball-de-la-psicomotricitat","status":"publish","type":"page","link":"https:\/\/agora.xtec.cat\/esc-cirera\/projecte-educatiu\/ed-infantil\/ei-treball-de-la-psicomotricitat\/","title":{"rendered":"EI: Treball de la psicomotricitat"},"content":{"rendered":"<p>El\u00a0<strong>moviment<\/strong>\u00a0i el\u00a0<strong>joc motor<\/strong>\u00a0s\u00f3n claus en el desenvolupament motriu dels nens i nenes. Per aix\u00f2, cada setmana disposen d\u2019espais per dur a terme diferents activitats que impliquen l\u2019\u00fas del cos, el moviment i el joc motor.<\/p>\n<p>Sabem que els infants es comuniquen amb tot el cos, per aix\u00f2, creiem que el moviment ha de partir de la seva espontane\u00eftat en l\u2019activitat i el joc lliure.\u00a0A grans trets, la pr\u00e0ctica motriu potencia:<\/p>\n<ul class=\"wp-block-list\">\n<li>L\u2019autoestima<\/li>\n<li>La viv\u00e8ncia i consci\u00e8ncia del propi cos i el plaer<\/li>\n<li>La construcci\u00f3 del sistema corporal<\/li>\n<li>L\u2019afirmaci\u00f3 del propi jo<\/li>\n<li>Acceptaci\u00f3 dels l\u00edmits<\/li>\n<li>La relaci\u00f3 entre iguals i l\u2019autonomia<\/li>\n<\/ul>\n<p>Per a la pr\u00e0ctica psicomotriu disposem d\u2019un gimn\u00e0s, un espai molt gran amb material divers, que dividim en diferents espais:<\/p>\n<ul class=\"wp-block-list\">\n<li class=\"has-small-font-size\"><strong>Espai simb\u00f2lic<\/strong>: espai per jugar a fer de, interpretar situacions, persones i personatges i transformar la realitat.<\/li>\n<li class=\"has-small-font-size\"><strong>Espai d\u2019expressivitat psicomotriu<\/strong>: aquest espai ha de poder contenir materials per enfilar-se, saltar, fer equilibri, tirar-se, c\u00f3rrer, lliscar, arrossegar-se\u2026<\/li>\n<li class=\"has-small-font-size\"><strong>Espai pre-simb\u00f2lic<\/strong>: espai per desenvolupar el joc pre-simb\u00f2lic, tot conferint diverses funcions i usos als materials i a les persones. Amb materials per construir\/destruir, tirar\/recollir, desapar\u00e8ixer\/apar\u00e8ixer\u2026<\/li>\n<li class=\"has-small-font-size\"><strong>Espai de representaci\u00f3<\/strong>: espai per tal de representar i poder agafar dist\u00e0ncia de la viv\u00e8ncia emocional que ens ha portat la pr\u00e0ctica psicomotriu.<\/li>\n<\/ul>\n<p>Els infants d\u2019I3, I4 i I5 baixen un dia a la setmana\u00a0durant 1 hora i mitja\u00a0al gimn\u00e0s (sala de psicomotricitat).\u00a0El temps de les sessions s\u2019estructura en diferents fases:<\/p>\n<ul class=\"wp-block-list\">\n<li class=\"has-small-font-size\"><strong>Ritual d\u2019entrada<\/strong>: es treuen les sabates, es posen els mitjons antilliscants, s\u2019asseuen als bancs i escolten les explicacions de la mestra. Recorden les normes de la sala, que s\u00f3n concretes i clares.<\/li>\n<li class=\"has-small-font-size\"><strong>Desenvolupament de la sessi\u00f3<\/strong>: en aquest moment els infants poden triar el qu\u00e8 volen fer i els materials que volen utilitzar.<\/li>\n<li class=\"has-small-font-size\"><strong>Conversa final:<\/strong>\u00a0entre tots i totes, s\u2019estableix un di\u00e0leg tot reflexionant sobre qu\u00e8 han fet al llarg de la sessi\u00f3, qu\u00e8 els ha agradat m\u00e9s, com s\u2019han sentit\u2026<\/li>\n<li class=\"has-small-font-size\"><strong>Tornada a la calma<\/strong>: per tancar la sessi\u00f3 es fa un petit ritual de tornada a la calma amb diferents exercicis per a relaxar-se.<\/li>\n<\/ul>\n<p><img loading=\"lazy\" decoding=\"async\" class=\"alignnone size-medium wp-image-5889\" src=\"https:\/\/agora.xtec.cat\/esc-cirera\/wp-content\/uploads\/usu1997\/2025\/07\/img_20230216_105137-300x225.webp\" alt=\"\" width=\"300\" height=\"225\" srcset=\"https:\/\/agora.xtec.cat\/esc-cirera\/wp-content\/uploads\/usu1997\/2025\/07\/img_20230216_105137-300x225.webp 300w, https:\/\/agora.xtec.cat\/esc-cirera\/wp-content\/uploads\/usu1997\/2025\/07\/img_20230216_105137-768x576.webp 768w, https:\/\/agora.xtec.cat\/esc-cirera\/wp-content\/uploads\/usu1997\/2025\/07\/img_20230216_105137-200x150.webp 200w, https:\/\/agora.xtec.cat\/esc-cirera\/wp-content\/uploads\/usu1997\/2025\/07\/img_20230216_105137.webp 1024w\" sizes=\"auto, (max-width: 300px) 100vw, 300px\" \/> <img loading=\"lazy\" decoding=\"async\" class=\"alignnone size-medium wp-image-5890\" src=\"https:\/\/agora.xtec.cat\/esc-cirera\/wp-content\/uploads\/usu1997\/2025\/07\/img_20230207_120313-300x225.webp\" alt=\"\" width=\"300\" height=\"225\" srcset=\"https:\/\/agora.xtec.cat\/esc-cirera\/wp-content\/uploads\/usu1997\/2025\/07\/img_20230207_120313-300x225.webp 300w, https:\/\/agora.xtec.cat\/esc-cirera\/wp-content\/uploads\/usu1997\/2025\/07\/img_20230207_120313-1024x768.webp 1024w, https:\/\/agora.xtec.cat\/esc-cirera\/wp-content\/uploads\/usu1997\/2025\/07\/img_20230207_120313-768x576.webp 768w, https:\/\/agora.xtec.cat\/esc-cirera\/wp-content\/uploads\/usu1997\/2025\/07\/img_20230207_120313-1536x1152.webp 1536w, https:\/\/agora.xtec.cat\/esc-cirera\/wp-content\/uploads\/usu1997\/2025\/07\/img_20230207_120313-200x150.webp 200w, https:\/\/agora.xtec.cat\/esc-cirera\/wp-content\/uploads\/usu1997\/2025\/07\/img_20230207_120313.webp 2000w\" sizes=\"auto, (max-width: 300px) 100vw, 300px\" \/> <img loading=\"lazy\" decoding=\"async\" class=\"alignnone size-medium wp-image-5891\" src=\"https:\/\/agora.xtec.cat\/esc-cirera\/wp-content\/uploads\/usu1997\/2025\/07\/img_20230131_093139-1-300x225.webp\" alt=\"\" width=\"300\" height=\"225\" srcset=\"https:\/\/agora.xtec.cat\/esc-cirera\/wp-content\/uploads\/usu1997\/2025\/07\/img_20230131_093139-1-300x225.webp 300w, https:\/\/agora.xtec.cat\/esc-cirera\/wp-content\/uploads\/usu1997\/2025\/07\/img_20230131_093139-1-1024x768.webp 1024w, https:\/\/agora.xtec.cat\/esc-cirera\/wp-content\/uploads\/usu1997\/2025\/07\/img_20230131_093139-1-768x576.webp 768w, https:\/\/agora.xtec.cat\/esc-cirera\/wp-content\/uploads\/usu1997\/2025\/07\/img_20230131_093139-1-1536x1152.webp 1536w, https:\/\/agora.xtec.cat\/esc-cirera\/wp-content\/uploads\/usu1997\/2025\/07\/img_20230131_093139-1-200x150.webp 200w, https:\/\/agora.xtec.cat\/esc-cirera\/wp-content\/uploads\/usu1997\/2025\/07\/img_20230131_093139-1.webp 2000w\" sizes=\"auto, (max-width: 300px) 100vw, 300px\" \/><\/p>\n<ul><!-- \/wp:list-item --><\/ul>\n<p><!-- \/wp:list --><\/p>\n","protected":false},"excerpt":{"rendered":"<p>El\u00a0moviment\u00a0i el\u00a0joc motor\u00a0s\u00f3n claus en el desenvolupament motriu dels nens i nenes. Per aix\u00f2, cada setmana disposen d\u2019espais per dur a terme diferents activitats que impliquen l\u2019\u00fas del cos, el moviment i el joc motor. Sabem que els infants es comuniquen amb tot el cos, per aix\u00f2, creiem que el moviment ha de partir de [&hellip;]<\/p>\n","protected":false},"author":1,"featured_media":0,"parent":5475,"menu_order":60,"comment_status":"closed","ping_status":"closed","template":"","meta":{"_bbp_topic_count":0,"_bbp_reply_count":0,"_bbp_total_topic_count":0,"_bbp_total_reply_count":0,"_bbp_voice_count":0,"_bbp_anonymous_reply_count":0,"_bbp_topic_count_hidden":0,"_bbp_reply_count_hidden":0,"_bbp_forum_subforum_count":0,"site-sidebar-layout":"default","site-content-layout":"","ast-site-content-layout":"default","site-content-style":"default","site-sidebar-style":"default","ast-global-header-display":"","ast-banner-title-visibility":"","ast-main-header-display":"","ast-hfb-above-header-display":"","ast-hfb-below-header-display":"","ast-hfb-mobile-header-display":"","site-post-title":"","ast-breadcrumbs-content":"","ast-featured-img":"","footer-sml-layout":"","theme-transparent-header-meta":"default","adv-header-id-meta":"","stick-header-meta":"","header-above-stick-meta":"","header-main-stick-meta":"","header-below-stick-meta":"","astra-migrate-meta-layouts":"set","ast-page-background-enabled":"default","ast-page-background-meta":{"desktop":{"background-color":"var(--ast-global-color-4)","background-image":"","background-repeat":"repeat","background-position":"center center","background-size":"auto","background-attachment":"scroll","background-type":"","background-media":"","overlay-type":"","overlay-color":"","overlay-opacity":"","overlay-gradient":""},"tablet":{"background-color":"","background-image":"","background-repeat":"repeat","background-position":"center center","background-size":"auto","background-attachment":"scroll","background-type":"","background-media":"","overlay-type":"","overlay-color":"","overlay-opacity":"","overlay-gradient":""},"mobile":{"background-color":"","background-image":"","background-repeat":"repeat","background-position":"center center","background-size":"auto","background-attachment":"scroll","background-type":"","background-media":"","overlay-type":"","overlay-color":"","overlay-opacity":"","overlay-gradient":""}},"ast-content-background-meta":{"desktop":{"background-color":"var(--ast-global-color-5)","background-image":"","background-repeat":"repeat","background-position":"center center","background-size":"auto","background-attachment":"scroll","background-type":"","background-media":"","overlay-type":"","overlay-color":"","overlay-opacity":"","overlay-gradient":""},"tablet":{"background-color":"var(--ast-global-color-5)","background-image":"","background-repeat":"repeat","background-position":"center center","background-size":"auto","background-attachment":"scroll","background-type":"","background-media":"","overlay-type":"","overlay-color":"","overlay-opacity":"","overlay-gradient":""},"mobile":{"background-color":"var(--ast-global-color-5)","background-image":"","background-repeat":"repeat","background-position":"center center","background-size":"auto","background-attachment":"scroll","background-type":"","background-media":"","overlay-type":"","overlay-color":"","overlay-opacity":"","overlay-gradient":""}},"footnotes":""},"class_list":["post-5658","page","type-page","status-publish","hentry"],"post_mailing_queue_ids":[],"_links":{"self":[{"href":"https:\/\/agora.xtec.cat\/esc-cirera\/wp-json\/wp\/v2\/pages\/5658","targetHints":{"allow":["GET"]}}],"collection":[{"href":"https:\/\/agora.xtec.cat\/esc-cirera\/wp-json\/wp\/v2\/pages"}],"about":[{"href":"https:\/\/agora.xtec.cat\/esc-cirera\/wp-json\/wp\/v2\/types\/page"}],"author":[{"embeddable":true,"href":"https:\/\/agora.xtec.cat\/esc-cirera\/wp-json\/wp\/v2\/users\/1"}],"replies":[{"embeddable":true,"href":"https:\/\/agora.xtec.cat\/esc-cirera\/wp-json\/wp\/v2\/comments?post=5658"}],"version-history":[{"count":5,"href":"https:\/\/agora.xtec.cat\/esc-cirera\/wp-json\/wp\/v2\/pages\/5658\/revisions"}],"predecessor-version":[{"id":6075,"href":"https:\/\/agora.xtec.cat\/esc-cirera\/wp-json\/wp\/v2\/pages\/5658\/revisions\/6075"}],"up":[{"embeddable":true,"href":"https:\/\/agora.xtec.cat\/esc-cirera\/wp-json\/wp\/v2\/pages\/5475"}],"wp:attachment":[{"href":"https:\/\/agora.xtec.cat\/esc-cirera\/wp-json\/wp\/v2\/media?parent=5658"}],"curies":[{"name":"wp","href":"https:\/\/api.w.org\/{rel}","templated":true}]}}