{"id":5654,"date":"2024-01-04T12:47:55","date_gmt":"2024-01-04T11:47:55","guid":{"rendered":"https:\/\/agora.xtec.cat\/esc-cirera\/?page_id=5654"},"modified":"2026-01-20T16:22:36","modified_gmt":"2026-01-20T15:22:36","slug":"ei-consciencia-fonologica","status":"publish","type":"page","link":"https:\/\/agora.xtec.cat\/esc-cirera\/projecte-educatiu\/ed-infantil\/ei-consciencia-fonologica\/","title":{"rendered":"EI: Consci\u00e8ncia fonol\u00f2gica"},"content":{"rendered":"<p>A l\u2019escola som conscients de la import\u00e0ncia d\u2019aquesta primera etapa per a l\u2019adquisici\u00f3 de les\u00a0<strong>bases del proc\u00e9s de lectoescriptura<\/strong>, fonamentals per a construir aprenentatges al llarg de la seva escolaritzaci\u00f3. La\u00a0<strong>llengua oral<\/strong>\u00a0t\u00e9 un paper primordial, donat que \u00e9s la fase pr\u00e8via a la llengua escrita, per aix\u00f2 vetllem per a la seva estimulaci\u00f3 de forma\u00a0<strong>continuada i transversal<\/strong>\u00a0al llarg de tota la jornada escolar.<\/p>\n<p>Donada la rellev\u00e0ncia, aquest curs (2025-26) hem incorporat de manera <strong>sistem\u00e0tica<\/strong> el treball de la <strong>consci\u00e8ncia fonol\u00f2gica<\/strong>, en<strong> franges di\u00e0ries de 30 minuts, des d&#8217;I3 fins a 2n<\/strong>. L&#8217;objectiu d&#8217;aquestes sessions \u00e9s fer un<strong> treball intensiu<\/strong>, per nivells, de totes les etapes d&#8217;adquisici\u00f3 de la CF.<\/p>\n<p>Aquestes sessions ens permeten, per exemple, treballar l\u2019articulaci\u00f3 i pronunciaci\u00f3 de diferents sons, la identificaci\u00f3 i escriptura de grafies a partir dels seus elements propers o l&#8217;inici a la construcci\u00f3 de frases i oracions, sempre adequant el contingut al seu nivell maduratiu. Els infants disposen de <strong>material divers<\/strong>, molt manipulatiu, per apropar al m\u00e0xim l&#8217;experi\u00e8ncia al seu nivell, anant sempre del m\u00e9s concret al m\u00e9s abstracte.<\/p>\n<p><img loading=\"lazy\" decoding=\"async\" class=\"alignnone size-medium wp-image-5882\" src=\"https:\/\/agora.xtec.cat\/esc-cirera\/wp-content\/uploads\/usu1997\/2025\/07\/img_20221108_152717-300x225.webp\" alt=\"\" width=\"300\" height=\"225\" srcset=\"https:\/\/agora.xtec.cat\/esc-cirera\/wp-content\/uploads\/usu1997\/2025\/07\/img_20221108_152717-300x225.webp 300w, https:\/\/agora.xtec.cat\/esc-cirera\/wp-content\/uploads\/usu1997\/2025\/07\/img_20221108_152717-1024x768.webp 1024w, https:\/\/agora.xtec.cat\/esc-cirera\/wp-content\/uploads\/usu1997\/2025\/07\/img_20221108_152717-768x576.webp 768w, https:\/\/agora.xtec.cat\/esc-cirera\/wp-content\/uploads\/usu1997\/2025\/07\/img_20221108_152717-1536x1152.webp 1536w, https:\/\/agora.xtec.cat\/esc-cirera\/wp-content\/uploads\/usu1997\/2025\/07\/img_20221108_152717-200x150.webp 200w, https:\/\/agora.xtec.cat\/esc-cirera\/wp-content\/uploads\/usu1997\/2025\/07\/img_20221108_152717.webp 2000w\" sizes=\"auto, (max-width: 300px) 100vw, 300px\" \/>\u00a0 \u00a0 \u00a0 <img loading=\"lazy\" decoding=\"async\" class=\"alignnone size-medium wp-image-5884\" src=\"https:\/\/agora.xtec.cat\/esc-cirera\/wp-content\/uploads\/usu1997\/2025\/07\/img_20221104_153334-300x225.webp\" alt=\"\" width=\"300\" height=\"225\" srcset=\"https:\/\/agora.xtec.cat\/esc-cirera\/wp-content\/uploads\/usu1997\/2025\/07\/img_20221104_153334-300x225.webp 300w, https:\/\/agora.xtec.cat\/esc-cirera\/wp-content\/uploads\/usu1997\/2025\/07\/img_20221104_153334-1024x768.webp 1024w, https:\/\/agora.xtec.cat\/esc-cirera\/wp-content\/uploads\/usu1997\/2025\/07\/img_20221104_153334-768x576.webp 768w, https:\/\/agora.xtec.cat\/esc-cirera\/wp-content\/uploads\/usu1997\/2025\/07\/img_20221104_153334-1536x1152.webp 1536w, https:\/\/agora.xtec.cat\/esc-cirera\/wp-content\/uploads\/usu1997\/2025\/07\/img_20221104_153334-200x150.webp 200w, https:\/\/agora.xtec.cat\/esc-cirera\/wp-content\/uploads\/usu1997\/2025\/07\/img_20221104_153334.webp 2000w\" sizes=\"auto, (max-width: 300px) 100vw, 300px\" \/><\/p>\n<p><img loading=\"lazy\" decoding=\"async\" class=\"alignnone size-medium wp-image-5883\" style=\"font-family: inherit; font-size: 1em;\" src=\"https:\/\/agora.xtec.cat\/esc-cirera\/wp-content\/uploads\/usu1997\/2025\/07\/racons-300x225.webp\" alt=\"\" width=\"300\" height=\"225\" srcset=\"https:\/\/agora.xtec.cat\/esc-cirera\/wp-content\/uploads\/usu1997\/2025\/07\/racons-300x225.webp 300w, https:\/\/agora.xtec.cat\/esc-cirera\/wp-content\/uploads\/usu1997\/2025\/07\/racons-768x576.webp 768w, https:\/\/agora.xtec.cat\/esc-cirera\/wp-content\/uploads\/usu1997\/2025\/07\/racons-200x150.webp 200w, https:\/\/agora.xtec.cat\/esc-cirera\/wp-content\/uploads\/usu1997\/2025\/07\/racons.webp 1024w\" sizes=\"auto, (max-width: 300px) 100vw, 300px\" \/><span style=\"font-family: inherit; font-size: 1em;\">\u00a0 \u00a0 \u00a0 <img loading=\"lazy\" decoding=\"async\" class=\"alignnone size-medium wp-image-5885\" src=\"https:\/\/agora.xtec.cat\/esc-cirera\/wp-content\/uploads\/usu1997\/2025\/07\/img_20230131_153044-300x225.webp\" alt=\"\" width=\"300\" height=\"225\" srcset=\"https:\/\/agora.xtec.cat\/esc-cirera\/wp-content\/uploads\/usu1997\/2025\/07\/img_20230131_153044-300x225.webp 300w, https:\/\/agora.xtec.cat\/esc-cirera\/wp-content\/uploads\/usu1997\/2025\/07\/img_20230131_153044-1024x768.webp 1024w, https:\/\/agora.xtec.cat\/esc-cirera\/wp-content\/uploads\/usu1997\/2025\/07\/img_20230131_153044-768x576.webp 768w, https:\/\/agora.xtec.cat\/esc-cirera\/wp-content\/uploads\/usu1997\/2025\/07\/img_20230131_153044-1536x1152.webp 1536w, https:\/\/agora.xtec.cat\/esc-cirera\/wp-content\/uploads\/usu1997\/2025\/07\/img_20230131_153044-200x150.webp 200w, https:\/\/agora.xtec.cat\/esc-cirera\/wp-content\/uploads\/usu1997\/2025\/07\/img_20230131_153044.webp 2000w\" sizes=\"auto, (max-width: 300px) 100vw, 300px\" \/><\/span><\/p>\n","protected":false},"excerpt":{"rendered":"<p>A l\u2019escola som conscients de la import\u00e0ncia d\u2019aquesta primera etapa per a l\u2019adquisici\u00f3 de les\u00a0bases del proc\u00e9s de lectoescriptura, fonamentals per a construir aprenentatges al llarg de la seva escolaritzaci\u00f3. La\u00a0llengua oral\u00a0t\u00e9 un paper primordial, donat que \u00e9s la fase pr\u00e8via a la llengua escrita, per aix\u00f2 vetllem per a la seva estimulaci\u00f3 de forma\u00a0continuada [&hellip;]<\/p>\n","protected":false},"author":1,"featured_media":0,"parent":5475,"menu_order":40,"comment_status":"closed","ping_status":"closed","template":"","meta":{"_bbp_topic_count":0,"_bbp_reply_count":0,"_bbp_total_topic_count":0,"_bbp_total_reply_count":0,"_bbp_voice_count":0,"_bbp_anonymous_reply_count":0,"_bbp_topic_count_hidden":0,"_bbp_reply_count_hidden":0,"_bbp_forum_subforum_count":0,"site-sidebar-layout":"default","site-content-layout":"","ast-site-content-layout":"default","site-content-style":"default","site-sidebar-style":"default","ast-global-header-display":"","ast-banner-title-visibility":"","ast-main-header-display":"","ast-hfb-above-header-display":"","ast-hfb-below-header-display":"","ast-hfb-mobile-header-display":"","site-post-title":"","ast-breadcrumbs-content":"","ast-featured-img":"","footer-sml-layout":"","theme-transparent-header-meta":"default","adv-header-id-meta":"","stick-header-meta":"","header-above-stick-meta":"","header-main-stick-meta":"","header-below-stick-meta":"","astra-migrate-meta-layouts":"set","ast-page-background-enabled":"default","ast-page-background-meta":{"desktop":{"background-color":"var(--ast-global-color-4)","background-image":"","background-repeat":"repeat","background-position":"center center","background-size":"auto","background-attachment":"scroll","background-type":"","background-media":"","overlay-type":"","overlay-color":"","overlay-opacity":"","overlay-gradient":""},"tablet":{"background-color":"","background-image":"","background-repeat":"repeat","background-position":"center center","background-size":"auto","background-attachment":"scroll","background-type":"","background-media":"","overlay-type":"","overlay-color":"","overlay-opacity":"","overlay-gradient":""},"mobile":{"background-color":"","background-image":"","background-repeat":"repeat","background-position":"center center","background-size":"auto","background-attachment":"scroll","background-type":"","background-media":"","overlay-type":"","overlay-color":"","overlay-opacity":"","overlay-gradient":""}},"ast-content-background-meta":{"desktop":{"background-color":"var(--ast-global-color-5)","background-image":"","background-repeat":"repeat","background-position":"center center","background-size":"auto","background-attachment":"scroll","background-type":"","background-media":"","overlay-type":"","overlay-color":"","overlay-opacity":"","overlay-gradient":""},"tablet":{"background-color":"var(--ast-global-color-5)","background-image":"","background-repeat":"repeat","background-position":"center center","background-size":"auto","background-attachment":"scroll","background-type":"","background-media":"","overlay-type":"","overlay-color":"","overlay-opacity":"","overlay-gradient":""},"mobile":{"background-color":"var(--ast-global-color-5)","background-image":"","background-repeat":"repeat","background-position":"center center","background-size":"auto","background-attachment":"scroll","background-type":"","background-media":"","overlay-type":"","overlay-color":"","overlay-opacity":"","overlay-gradient":""}},"footnotes":""},"class_list":["post-5654","page","type-page","status-publish","hentry"],"post_mailing_queue_ids":[],"_links":{"self":[{"href":"https:\/\/agora.xtec.cat\/esc-cirera\/wp-json\/wp\/v2\/pages\/5654","targetHints":{"allow":["GET"]}}],"collection":[{"href":"https:\/\/agora.xtec.cat\/esc-cirera\/wp-json\/wp\/v2\/pages"}],"about":[{"href":"https:\/\/agora.xtec.cat\/esc-cirera\/wp-json\/wp\/v2\/types\/page"}],"author":[{"embeddable":true,"href":"https:\/\/agora.xtec.cat\/esc-cirera\/wp-json\/wp\/v2\/users\/1"}],"replies":[{"embeddable":true,"href":"https:\/\/agora.xtec.cat\/esc-cirera\/wp-json\/wp\/v2\/comments?post=5654"}],"version-history":[{"count":4,"href":"https:\/\/agora.xtec.cat\/esc-cirera\/wp-json\/wp\/v2\/pages\/5654\/revisions"}],"predecessor-version":[{"id":6074,"href":"https:\/\/agora.xtec.cat\/esc-cirera\/wp-json\/wp\/v2\/pages\/5654\/revisions\/6074"}],"up":[{"embeddable":true,"href":"https:\/\/agora.xtec.cat\/esc-cirera\/wp-json\/wp\/v2\/pages\/5475"}],"wp:attachment":[{"href":"https:\/\/agora.xtec.cat\/esc-cirera\/wp-json\/wp\/v2\/media?parent=5654"}],"curies":[{"name":"wp","href":"https:\/\/api.w.org\/{rel}","templated":true}]}}