{"id":556,"date":"2019-02-13T12:11:34","date_gmt":"2019-02-13T11:11:34","guid":{"rendered":"https:\/\/agora.xtec.cat\/esc-cirera\/?page_id=556"},"modified":"2025-07-10T12:14:52","modified_gmt":"2025-07-10T10:14:52","slug":"festes-i-tradicions","status":"publish","type":"page","link":"https:\/\/agora.xtec.cat\/esc-cirera\/festes-i-tradicions\/","title":{"rendered":"Festes i tradicions"},"content":{"rendered":"<p><span style=\"font-size: 1.6875em; font-weight: bold;\">Festes i tradicions<\/span><\/p>\n<div>\n<p>La nostra escola, conscient de la necessitat d\u2019educar futurs ciutadans i ciutadanes immersos en la realitat que ens envolta i en les tradicions que s\u00f3n pr\u00f2pies de Catalunya i de Matar\u00f3, inclou dins del seu curr\u00edculum l\u2019aproximaci\u00f3 a les tradicions catalanes i a les seves festes. Algunes de les festes i tradicions que celebrem s\u00f3n les seg\u00fcents:<\/p>\n<ul>\n<li>\n<h5><strong>Castanyada<\/strong><\/h5>\n<\/li>\n<\/ul>\n<p>La Castanyada \u00e9s una festa popular de Catalunya que se celebra el dia de Tots Sants com una celebraci\u00f3 o festa de la tardor. Tradicionalment es mengen castanyes, panellets, moniatos i fruita confitada. La beguda t\u00edpica de la &#8216;castanyada&#8217; \u00e9s el moscatell. Pels volts d&#8217;aquesta celebraci\u00f3, les castanyeres venen al carrer castanyes torrades, generalment embolicades en paper de diari (paperina).<\/p>\n<p>A l\u2019escola cada any celebrem la festa de la castanyada tamb\u00e9 anomenada festa de la tardor. Tots els infants de l&#8217;escola fem danses que oferim a la resta de companys i a totes les fam\u00edlies, i tamb\u00e9 mengem castanyes conjuntament.<\/p>\n<p><a href=\"https:\/\/agora.xtec.cat\/esc-cirera\/wp-content\/uploads\/usu1997\/2023\/12\/Captura-de-pantalla-2023-12-22-a-las-13.11.34.png\"><img loading=\"lazy\" decoding=\"async\" class=\"alignleft wp-image-5600 \" src=\"https:\/\/agora.xtec.cat\/esc-cirera\/wp-content\/uploads\/usu1997\/2023\/12\/Captura-de-pantalla-2023-12-22-a-las-13.11.34-300x215.png\" alt=\"\" width=\"432\" height=\"309\" srcset=\"https:\/\/agora.xtec.cat\/esc-cirera\/wp-content\/uploads\/usu1997\/2023\/12\/Captura-de-pantalla-2023-12-22-a-las-13.11.34-300x215.png 300w, https:\/\/agora.xtec.cat\/esc-cirera\/wp-content\/uploads\/usu1997\/2023\/12\/Captura-de-pantalla-2023-12-22-a-las-13.11.34-1024x733.png 1024w, https:\/\/agora.xtec.cat\/esc-cirera\/wp-content\/uploads\/usu1997\/2023\/12\/Captura-de-pantalla-2023-12-22-a-las-13.11.34-768x550.png 768w, https:\/\/agora.xtec.cat\/esc-cirera\/wp-content\/uploads\/usu1997\/2023\/12\/Captura-de-pantalla-2023-12-22-a-las-13.11.34.png 1073w\" sizes=\"auto, (max-width: 432px) 100vw, 432px\" \/><\/a> <a href=\"https:\/\/agora.xtec.cat\/esc-cirera\/wp-content\/uploads\/usu1997\/2023\/12\/Captura-de-pantalla-2023-12-22-a-las-13.11.46.png\"><img loading=\"lazy\" decoding=\"async\" class=\"alignnone wp-image-5601\" src=\"https:\/\/agora.xtec.cat\/esc-cirera\/wp-content\/uploads\/usu1997\/2023\/12\/Captura-de-pantalla-2023-12-22-a-las-13.11.46.png\" alt=\"\" width=\"501\" height=\"315\" srcset=\"https:\/\/agora.xtec.cat\/esc-cirera\/wp-content\/uploads\/usu1997\/2023\/12\/Captura-de-pantalla-2023-12-22-a-las-13.11.46.png 667w, https:\/\/agora.xtec.cat\/esc-cirera\/wp-content\/uploads\/usu1997\/2023\/12\/Captura-de-pantalla-2023-12-22-a-las-13.11.46-300x188.png 300w\" sizes=\"auto, (max-width: 501px) 100vw, 501px\" \/><\/a><\/p>\n<ul>\n<li>\n<h5>Nadal<\/h5>\n<\/li>\n<\/ul>\n<p><a href=\"https:\/\/agora.xtec.cat\/esc-cirera\/wp-content\/uploads\/usu1997\/2023\/12\/Captura-de-pantalla-2023-12-22-a-las-16.45.25.png\"><img loading=\"lazy\" decoding=\"async\" class=\"wp-image-5605 alignleft\" src=\"https:\/\/agora.xtec.cat\/esc-cirera\/wp-content\/uploads\/usu1997\/2023\/12\/Captura-de-pantalla-2023-12-22-a-las-16.45.25.png\" alt=\"\" width=\"611\" height=\"421\" srcset=\"https:\/\/agora.xtec.cat\/esc-cirera\/wp-content\/uploads\/usu1997\/2023\/12\/Captura-de-pantalla-2023-12-22-a-las-16.45.25.png 920w, https:\/\/agora.xtec.cat\/esc-cirera\/wp-content\/uploads\/usu1997\/2023\/12\/Captura-de-pantalla-2023-12-22-a-las-16.45.25-300x207.png 300w, https:\/\/agora.xtec.cat\/esc-cirera\/wp-content\/uploads\/usu1997\/2023\/12\/Captura-de-pantalla-2023-12-22-a-las-16.45.25-768x529.png 768w\" sizes=\"auto, (max-width: 611px) 100vw, 611px\" \/><\/a><\/p>\n<\/div>\n<p>En aquests dies tan especials, els nens i nenes de l\u2019escola es preparen per celebrar aquesta festa: ambienten les classes, canten nadales, reciten un poema i fan la postal de Nadal. Dins del projecte de m\u00fasica a l&#8217;escola, es preparen nadales a totes les aules. Fem un concert obert a totes les fam\u00edlies on podem gaudir de les nadales de cada nivell.<\/p>\n<p><img loading=\"lazy\" decoding=\"async\" class=\"wp-image-5604 alignright\" src=\"https:\/\/agora.xtec.cat\/esc-cirera\/wp-content\/uploads\/usu1997\/2023\/12\/Petits-caga-tio-1024x771.jpg\" alt=\"\" width=\"552\" height=\"416\" srcset=\"https:\/\/agora.xtec.cat\/esc-cirera\/wp-content\/uploads\/usu1997\/2023\/12\/Petits-caga-tio-1024x771.jpg 1024w, https:\/\/agora.xtec.cat\/esc-cirera\/wp-content\/uploads\/usu1997\/2023\/12\/Petits-caga-tio-300x226.jpg 300w, https:\/\/agora.xtec.cat\/esc-cirera\/wp-content\/uploads\/usu1997\/2023\/12\/Petits-caga-tio-768x578.jpg 768w, https:\/\/agora.xtec.cat\/esc-cirera\/wp-content\/uploads\/usu1997\/2023\/12\/Petits-caga-tio-1536x1156.jpg 1536w, https:\/\/agora.xtec.cat\/esc-cirera\/wp-content\/uploads\/usu1997\/2023\/12\/Petits-caga-tio-200x150.jpg 200w, https:\/\/agora.xtec.cat\/esc-cirera\/wp-content\/uploads\/usu1997\/2023\/12\/Petits-caga-tio.jpg 1600w\" sizes=\"auto, (max-width: 552px) 100vw, 552px\" \/><\/p>\n<p>&nbsp;<\/p>\n<p>&nbsp;<\/p>\n<p>&nbsp;<\/p>\n<p>&nbsp;<\/p>\n<p>&nbsp;<\/p>\n<p>&nbsp;<\/p>\n<p>&nbsp;<\/p>\n<p style=\"text-align: right;\">A m\u00e9s, l&#8217;\u00faltim dia el Ti\u00f3 visita l&#8217;escola i caga regals per als m\u00e9s petits\/es. L&#8217;alumnat de cursos superiors fan un amic invisible i gaudeixen d&#8217;un pica pica per acomiadar el primer trimestre. Per \u00faltim, les fam\u00edlies tamb\u00e9 participen de la celebraci\u00f3, preparant un detall a tots els infants de l&#8217;escola, que \u00e9s entregat pel mism\u00edssim Pare Noel!<\/p>\n<p>&nbsp;<\/p>\n<p>&nbsp;<\/p>\n<p>&nbsp;<\/p>\n<div>\n<ul>\n<li>\n<h5>DENIP<\/h5>\n<\/li>\n<\/ul>\n<p>El Dia Escolar de la No-viol\u00e8ncia i Pau (o el seu acr\u00f2nim DENIP), conegut tamb\u00e9 com a Dia Mundial o Internacional de la No-viol\u00e8ncia i Pau.<br \/>\nEl DENIP propugna una educaci\u00f3 permanent en i per a la conc\u00f2rdia, la toler\u00e0ncia, la solidaritat, el respecte als drets humans, la no-viol\u00e8ncia i la pau. Els objectius del Dia Escolar de la No-viol\u00e8ncia i la Pau s\u00f3n:<\/p>\n<ul>\n<li class=\"li_number1\">Sensibilitzar que la pau \u00e9s molt m\u00e9s que l&#8217;abs\u00e8ncia de guerres i baralles.<\/li>\n<li class=\"li_number1\">Con\u00e8ixer i familiaritzar-se amb els conceptes d&#8217;amor universal, de no-viol\u00e8ncia i de pau positiva, aix\u00ed com amb els procediments de reivindicaci\u00f3 no-violenta dels drets humans.<\/li>\n<li class=\"li_number1\">Con\u00e8ixer persones i\/o grups que lluiten per la pau i la just\u00edcia al m\u00f3n.<\/li>\n<li class=\"li_number1\">Saber resoldre els conflictes de manera pac\u00edfica i dialogant, \u00e9s a dir, expressant les opinions de forma tranquil\u2022la, clara i ordenada.<\/li>\n<li class=\"li_number1\">Compartir una estona amb tots els alumnes i mestres amb la finalitat de celebrar la diada de la no-viol\u00e8ncia i la pau.<\/li>\n<\/ul>\n<p>Cada any s&#8217;organitzen diferents activitats per treballar aquests valors, que es comparteixen entre totes les escoles de la ciutat.<\/p>\n<ul>\n<li>\n<h5>Carnestoltes<\/h5>\n<\/li>\n<\/ul>\n<p>Aquesta celebraci\u00f3 s\u2019inicia dies abans amb la preparaci\u00f3 d\u2019una disfressa, seguint una tem\u00e0tica escollida de manera transversal. El rei Carnestoltes, el rei de la festa o el rei del Carnaval \u00e9s un personatge fictici carnavalesc el qual \u00e9s el centre de les festes. Aquest personatge el representa un familiar de l&#8217;escola i amenitza la festa. Els alumnes de 6\u00e8, dins de l&#8217;\u00e0rea de llengua, preparen el preg\u00f3 i el llegeixen a la resta de companys\/es i fam\u00edlies de l&#8217;escola per donar el tret de sortida a la celebraci\u00f3. A m\u00e9s, durant diversos dies el rei Carnestoltes ens ofereix unes consignes a seguir, que fan gaudir a totes les persones de l&#8217;escola!<\/p>\n<p>Hi ha alguns dies clau durant el carnaval:<\/p>\n<ul>\n<li>DIJOUS LLARDER: L&#8217;alumnat de prim\u00e0ria sur de l&#8217;escola per menjar la truita tots\/es plegats a un parc. A m\u00e9s, es fan activitats diverses per gaudir d&#8217;una bona estona a l&#8217;aire lliure.<\/li>\n<li>DIA DE CARNAVAL: A la tarda tots els alumnes de l&#8217;escola venen disfressats tot seguint l&#8217;eix transversal de l&#8217;any, i es fa una rua al voltant de l&#8217;escola per ensneyar les disfresses i per ballar al ritme de la m\u00fasica. \u00c9s una festa oberta a totes les fam\u00edlies que vulguin passar una estona de diversi\u00f3 i esbarjo.<\/li>\n<li>DIMECRES DE CENDRA: Es fa la lectura del judici-testament per part dels alumnes de 6\u00e8 i l'&#8221;enterrament&#8221; de la sardina. Aquest dia \u00e9s el tancament del carnaval, per aix\u00f2 tots els infants porten una ll\u00e0grima pintada a la cara.<\/li>\n<\/ul>\n<p>&nbsp;<\/p>\n<ul>\n<li>\n<h5>La Quaresma<\/h5>\n<\/li>\n<\/ul>\n<p>La quaresma \u00e9s el per\u00edode de quaranta dies d&#8217;abans de Pasqua que assenyala per a preparar-se per a la Setmana Santa. Comen\u00e7a el dimecres de Cendra i acaba el Diumenge de Pasqua. Tradicionalment, la quaresma es representa gr\u00e0ficament per mitj\u00e0 d&#8217;una dona vella amb set cames (que simbolitzaven les set setmanes) i amb un bacall\u00e0 a la m\u00e0, a la qual se li talla una cama cada setmana. Els nens i nenes d&#8217;educaci\u00f3 infantil i de cicle inicial cada setmana li tallen la cama mentre canten una can\u00e7\u00f3.<\/p>\n<ul>\n<li>\n<h5>Setmana cultural &#8211; Sant Jordi<\/h5>\n<\/li>\n<\/ul>\n<p>Durant la setmana de sant Jordi, organitzem la Setmana Cultural amb un seguit d&#8217;activitats adre\u00e7ades a tots els alumnes relacionades amb la literatura i amb la diada de Sant Jordi. Aix\u00ed mateix, cada grup classe elabora un llibre amb un recull de les seves obres, que s&#8217;exposa a les fam\u00edlies i als altres infants de l&#8217;escola.<\/p>\n<ul>\n<li>\n<h5>Festa de fi de curs<\/h5>\n<\/li>\n<\/ul>\n<p>Per fer un tancament del curs, s&#8217;organitzen diferents activitats, sobretot de car\u00e0cter l\u00fadic, per a tots els nens i nenes de l&#8217;escola. Es fan sortides (Centre Esportiu Laietana, Laru, Salesians&#8230;) i es fan tallers i jocs al centre. A m\u00e9s, s&#8217;organitza una festa final de curs amb la col\u00b7laboraci\u00f3 de l&#8217;AFA, que tamb\u00e9 prepara un comiat per als grups de 6\u00e8, que marxen de l&#8217;escola.<\/p>\n<\/div>\n","protected":false},"excerpt":{"rendered":"<p>Festes i tradicions La nostra escola, conscient de la necessitat d\u2019educar futurs ciutadans i ciutadanes immersos en la realitat que ens envolta i en les tradicions que s\u00f3n pr\u00f2pies de Catalunya i de Matar\u00f3, inclou dins del seu curr\u00edculum l\u2019aproximaci\u00f3 a les tradicions catalanes i a les seves festes. Algunes de les festes i tradicions [&hellip;]<\/p>\n","protected":false},"author":1,"featured_media":0,"parent":0,"menu_order":0,"comment_status":"closed","ping_status":"closed","template":"","meta":{"_bbp_topic_count":0,"_bbp_reply_count":0,"_bbp_total_topic_count":0,"_bbp_total_reply_count":0,"_bbp_voice_count":0,"_bbp_anonymous_reply_count":0,"_bbp_topic_count_hidden":0,"_bbp_reply_count_hidden":0,"_bbp_forum_subforum_count":0,"site-sidebar-layout":"default","site-content-layout":"","ast-site-content-layout":"","site-content-style":"default","site-sidebar-style":"default","ast-global-header-display":"","ast-banner-title-visibility":"","ast-main-header-display":"","ast-hfb-above-header-display":"","ast-hfb-below-header-display":"","ast-hfb-mobile-header-display":"","site-post-title":"","ast-breadcrumbs-content":"","ast-featured-img":"","footer-sml-layout":"","theme-transparent-header-meta":"","adv-header-id-meta":"","stick-header-meta":"","header-above-stick-meta":"","header-main-stick-meta":"","header-below-stick-meta":"","astra-migrate-meta-layouts":"default","ast-page-background-enabled":"default","ast-page-background-meta":{"desktop":{"background-color":"var(--ast-global-color-4)","background-image":"","background-repeat":"repeat","background-position":"center center","background-size":"auto","background-attachment":"scroll","background-type":"","background-media":"","overlay-type":"","overlay-color":"","overlay-opacity":"","overlay-gradient":""},"tablet":{"background-color":"","background-image":"","background-repeat":"repeat","background-position":"center center","background-size":"auto","background-attachment":"scroll","background-type":"","background-media":"","overlay-type":"","overlay-color":"","overlay-opacity":"","overlay-gradient":""},"mobile":{"background-color":"","background-image":"","background-repeat":"repeat","background-position":"center center","background-size":"auto","background-attachment":"scroll","background-type":"","background-media":"","overlay-type":"","overlay-color":"","overlay-opacity":"","overlay-gradient":""}},"ast-content-background-meta":{"desktop":{"background-color":"var(--ast-global-color-5)","background-image":"","background-repeat":"repeat","background-position":"center center","background-size":"auto","background-attachment":"scroll","background-type":"","background-media":"","overlay-type":"","overlay-color":"","overlay-opacity":"","overlay-gradient":""},"tablet":{"background-color":"var(--ast-global-color-5)","background-image":"","background-repeat":"repeat","background-position":"center center","background-size":"auto","background-attachment":"scroll","background-type":"","background-media":"","overlay-type":"","overlay-color":"","overlay-opacity":"","overlay-gradient":""},"mobile":{"background-color":"var(--ast-global-color-5)","background-image":"","background-repeat":"repeat","background-position":"center center","background-size":"auto","background-attachment":"scroll","background-type":"","background-media":"","overlay-type":"","overlay-color":"","overlay-opacity":"","overlay-gradient":""}},"footnotes":""},"class_list":["post-556","page","type-page","status-publish","hentry"],"post_mailing_queue_ids":[],"_links":{"self":[{"href":"https:\/\/agora.xtec.cat\/esc-cirera\/wp-json\/wp\/v2\/pages\/556","targetHints":{"allow":["GET"]}}],"collection":[{"href":"https:\/\/agora.xtec.cat\/esc-cirera\/wp-json\/wp\/v2\/pages"}],"about":[{"href":"https:\/\/agora.xtec.cat\/esc-cirera\/wp-json\/wp\/v2\/types\/page"}],"author":[{"embeddable":true,"href":"https:\/\/agora.xtec.cat\/esc-cirera\/wp-json\/wp\/v2\/users\/1"}],"replies":[{"embeddable":true,"href":"https:\/\/agora.xtec.cat\/esc-cirera\/wp-json\/wp\/v2\/comments?post=556"}],"version-history":[{"count":6,"href":"https:\/\/agora.xtec.cat\/esc-cirera\/wp-json\/wp\/v2\/pages\/556\/revisions"}],"predecessor-version":[{"id":5853,"href":"https:\/\/agora.xtec.cat\/esc-cirera\/wp-json\/wp\/v2\/pages\/556\/revisions\/5853"}],"wp:attachment":[{"href":"https:\/\/agora.xtec.cat\/esc-cirera\/wp-json\/wp\/v2\/media?parent=556"}],"curies":[{"name":"wp","href":"https:\/\/api.w.org\/{rel}","templated":true}]}}