{"id":5476,"date":"2023-09-17T20:10:23","date_gmt":"2023-09-17T18:10:23","guid":{"rendered":"https:\/\/agora.xtec.cat\/esc-cirera\/?page_id=5476"},"modified":"2026-01-20T16:32:17","modified_gmt":"2026-01-20T15:32:17","slug":"ed-primaria","status":"publish","type":"page","link":"https:\/\/agora.xtec.cat\/esc-cirera\/projecte-educatiu\/ed-primaria\/","title":{"rendered":"Educaci\u00f3 Prim\u00e0ria"},"content":{"rendered":"<p>L\u2019etapa d&#8217;<strong>Educaci\u00f3 Prim\u00e0ria<\/strong> \u00e9s la primera d&#8217;Educaci\u00f3 B\u00e0sica i compren les edats de 6 a 12 anys. Es divideix en sis cursos, que van de primer a sis\u00e8. Segons el nou Decret, en acabar l\u2019etapa de Prim\u00e0ria, s\u2019han d\u2019haver assolit unes compet\u00e8ncies b\u00e0siques:<\/p>\r\n\r\n<ul class=\"wp-block-list\">\r\n<li class=\"has-small-font-size\">Compet\u00e8ncia en comunicaci\u00f3 ling\u00fc\u00edstica.<\/li>\r\n\r\n\r\n\r\n<li class=\"has-small-font-size\">Compet\u00e8ncia pluriling\u00fce.<\/li>\r\n\r\n\r\n\r\n<li class=\"has-small-font-size\">Compet\u00e8ncia matem\u00e0tica i compet\u00e8ncia en ci\u00e8ncia, tecnologia i enginyeria.<\/li>\r\n\r\n\r\n\r\n<li class=\"has-small-font-size\">Compet\u00e8ncia digital.<\/li>\r\n\r\n\r\n\r\n<li class=\"has-small-font-size\">Compet\u00e8ncia personal, social i d\u2019aprendre a aprendre.<\/li>\r\n\r\n\r\n\r\n<li class=\"has-small-font-size\">Compet\u00e8ncia ciutadana.<\/li>\r\n\r\n\r\n\r\n<li class=\"has-small-font-size\">Compet\u00e8ncia emprenedora.<\/li>\r\n\r\n\r\n\r\n<li class=\"has-small-font-size\">Compet\u00e8ncia en consci\u00e8ncia i expressi\u00f3 culturals.<\/li>\r\n<\/ul>\r\n\r\n<p class=\"has-small-font-size\">En termes generals, l\u2019horari dels infants de prim\u00e0ria es reparteix en\u00a0<strong>quatre tipus de treball<\/strong>:\u00a0<strong>treball globalitzat, treball espec\u00edfic, tallers i les \u00e0rees d\u2019especialitats<\/strong>. Aquesta distribuci\u00f3 permet treballar, algunes estones, des d\u2019una\u00a0<strong>perspectiva m\u00e9s globalitzada<\/strong>, incloent continguts de forma transversal de diferents \u00e0rees i, altres estones per treballar de manera m\u00e9s<strong>\u00a0espec\u00edfica i concreta<\/strong> aquells aspectes que, per la seva naturalesa, no es poden incloure dins d\u2019un projecte o que requereixen d\u2019un treball m\u00e9s intensiu (com poden ser algoritmes matem\u00e0tics, continguts m\u00e9s memor\u00edstics, etc.).\u00a0<\/p>\r\n<p class=\"has-small-font-size\">Durant aquest curs hem seguit treballant per definir el nostre projecte educatiu, per tal d\u2019adaptar-nos a les\u00a0<strong>necessitats i interessos<\/strong>\u00a0dels infants i a les exig\u00e8ncies del nou\u00a0<strong>Curr\u00edculum<\/strong>. A continuaci\u00f3 us expliquem una mica m\u00e9s de cada part:\u00a0<\/p>\r\n<table style=\"border-collapse: collapse; width: 100%;\">\r\n<tbody>\r\n<tr>\r\n<td style=\"width: 25%; text-align: center; background-color: #c5bee8; border-color: #000000; border-style: solid;\">\r\n<h5><a href=\"https:\/\/agora.xtec.cat\/esc-cirera\/projecte-educatiu\/ed-primaria\/ep-treball-globalitzat-les-capses-daprenentatge\/\"><strong>Treball globalitzat: capses d&#8217;aprenentatge<\/strong><\/a><\/h5>\r\n<\/td>\r\n<td style=\"width: 25%; text-align: center; background-color: #c5bee8; border-color: #000000; border-style: solid;\">\r\n<h5><a href=\"https:\/\/agora.xtec.cat\/esc-cirera\/projecte-educatiu\/ed-primaria\/ep-llengues\/\">Lleng\u00fces<\/a><\/h5>\r\n<\/td>\r\n<td style=\"width: 25%; text-align: center; background-color: #c5bee8; border-color: #000000; border-style: solid;\">\r\n<h5><a href=\"https:\/\/agora.xtec.cat\/esc-cirera\/projecte-educatiu\/ed-primaria\/ep-matematiques\/\"><strong>Matem\u00e0tiques<\/strong><\/a><\/h5>\r\n<\/td>\r\n<td style=\"width: 25%; text-align: center; background-color: #c5bee8; border-color: #000000; border-style: solid;\">\r\n<h5><a href=\"https:\/\/agora.xtec.cat\/esc-cirera\/projecte-educatiu\/ed-primaria\/ep-tallers-internivell-deducacio-artistica\/\">Tallers internivell d&#8217;Educaci\u00f3 Art\u00edstica<\/a><\/h5>\r\n<\/td>\r\n<\/tr>\r\n<tr>\r\n<td style=\"width: 25%; text-align: center; background-color: #c5bee8; border-color: #000000; border-style: solid;\">\r\n<h5><a href=\"https:\/\/agora.xtec.cat\/esc-cirera\/projecte-educatiu\/ed-primaria\/ep-musica\/\">M\u00fasica<\/a><\/h5>\r\n<\/td>\r\n<td style=\"width: 25%; text-align: center; background-color: #c5bee8; border-color: #000000; border-style: solid;\">\r\n<h5><a href=\"https:\/\/agora.xtec.cat\/esc-cirera\/projecte-educatiu\/ed-primaria\/ep-educacio-fisica\/\">Educaci\u00f3 F\u00edsica<\/a><\/h5>\r\n<\/td>\r\n<td style=\"width: 25%; text-align: center; background-color: #c5bee8; border-color: #000000; border-style: solid;\">\r\n<h5><a href=\"https:\/\/agora.xtec.cat\/esc-cirera\/projecte-educatiu\/ed-primaria\/ep-entorn\/\">Col\u00b7laboraci\u00f3 amb l&#8217;entorn<\/a><\/h5>\r\n<\/td>\r\n<td style=\"width: 25%; text-align: center; background-color: #c5bee8; border-color: #000000; border-style: solid;\">\r\n<h5><a href=\"https:\/\/agora.xtec.cat\/esc-cirera\/projecte-educatiu\/ed-primaria\/ep-aspectes-organitzatius\/\"><strong>Aspectes organitzatius<\/strong><\/a><\/h5>\r\n<\/td>\r\n<\/tr>\r\n<\/tbody>\r\n<\/table>","protected":false},"excerpt":{"rendered":"<p>L\u2019etapa d&#8217;Educaci\u00f3 Prim\u00e0ria \u00e9s la primera d&#8217;Educaci\u00f3 B\u00e0sica i compren les edats de 6 a 12 anys. Es divideix en sis cursos, que van de primer a sis\u00e8. Segons el nou Decret, en acabar l\u2019etapa de Prim\u00e0ria, s\u2019han d\u2019haver assolit unes compet\u00e8ncies b\u00e0siques: En termes generals, l\u2019horari dels infants de prim\u00e0ria es reparteix en\u00a0quatre tipus [&hellip;]<\/p>\n","protected":false},"author":18,"featured_media":0,"parent":64,"menu_order":1,"comment_status":"closed","ping_status":"closed","template":"","meta":{"_bbp_topic_count":0,"_bbp_reply_count":0,"_bbp_total_topic_count":0,"_bbp_total_reply_count":0,"_bbp_voice_count":0,"_bbp_anonymous_reply_count":0,"_bbp_topic_count_hidden":0,"_bbp_reply_count_hidden":0,"_bbp_forum_subforum_count":0,"site-sidebar-layout":"default","site-content-layout":"","ast-site-content-layout":"default","site-content-style":"default","site-sidebar-style":"default","ast-global-header-display":"","ast-banner-title-visibility":"","ast-main-header-display":"","ast-hfb-above-header-display":"","ast-hfb-below-header-display":"","ast-hfb-mobile-header-display":"","site-post-title":"","ast-breadcrumbs-content":"","ast-featured-img":"","footer-sml-layout":"","theme-transparent-header-meta":"default","adv-header-id-meta":"","stick-header-meta":"","header-above-stick-meta":"","header-main-stick-meta":"","header-below-stick-meta":"","astra-migrate-meta-layouts":"set","ast-page-background-enabled":"default","ast-page-background-meta":{"desktop":{"background-color":"var(--ast-global-color-4)","background-image":"","background-repeat":"repeat","background-position":"center center","background-size":"auto","background-attachment":"scroll","background-type":"","background-media":"","overlay-type":"","overlay-color":"","overlay-opacity":"","overlay-gradient":""},"tablet":{"background-color":"","background-image":"","background-repeat":"repeat","background-position":"center center","background-size":"auto","background-attachment":"scroll","background-type":"","background-media":"","overlay-type":"","overlay-color":"","overlay-opacity":"","overlay-gradient":""},"mobile":{"background-color":"","background-image":"","background-repeat":"repeat","background-position":"center center","background-size":"auto","background-attachment":"scroll","background-type":"","background-media":"","overlay-type":"","overlay-color":"","overlay-opacity":"","overlay-gradient":""}},"ast-content-background-meta":{"desktop":{"background-color":"var(--ast-global-color-5)","background-image":"","background-repeat":"repeat","background-position":"center center","background-size":"auto","background-attachment":"scroll","background-type":"","background-media":"","overlay-type":"","overlay-color":"","overlay-opacity":"","overlay-gradient":""},"tablet":{"background-color":"var(--ast-global-color-5)","background-image":"","background-repeat":"repeat","background-position":"center center","background-size":"auto","background-attachment":"scroll","background-type":"","background-media":"","overlay-type":"","overlay-color":"","overlay-opacity":"","overlay-gradient":""},"mobile":{"background-color":"var(--ast-global-color-5)","background-image":"","background-repeat":"repeat","background-position":"center center","background-size":"auto","background-attachment":"scroll","background-type":"","background-media":"","overlay-type":"","overlay-color":"","overlay-opacity":"","overlay-gradient":""}},"footnotes":""},"class_list":["post-5476","page","type-page","status-publish","hentry"],"post_mailing_queue_ids":[],"_links":{"self":[{"href":"https:\/\/agora.xtec.cat\/esc-cirera\/wp-json\/wp\/v2\/pages\/5476","targetHints":{"allow":["GET"]}}],"collection":[{"href":"https:\/\/agora.xtec.cat\/esc-cirera\/wp-json\/wp\/v2\/pages"}],"about":[{"href":"https:\/\/agora.xtec.cat\/esc-cirera\/wp-json\/wp\/v2\/types\/page"}],"author":[{"embeddable":true,"href":"https:\/\/agora.xtec.cat\/esc-cirera\/wp-json\/wp\/v2\/users\/18"}],"replies":[{"embeddable":true,"href":"https:\/\/agora.xtec.cat\/esc-cirera\/wp-json\/wp\/v2\/comments?post=5476"}],"version-history":[{"count":6,"href":"https:\/\/agora.xtec.cat\/esc-cirera\/wp-json\/wp\/v2\/pages\/5476\/revisions"}],"predecessor-version":[{"id":6077,"href":"https:\/\/agora.xtec.cat\/esc-cirera\/wp-json\/wp\/v2\/pages\/5476\/revisions\/6077"}],"up":[{"embeddable":true,"href":"https:\/\/agora.xtec.cat\/esc-cirera\/wp-json\/wp\/v2\/pages\/64"}],"wp:attachment":[{"href":"https:\/\/agora.xtec.cat\/esc-cirera\/wp-json\/wp\/v2\/media?parent=5476"}],"curies":[{"name":"wp","href":"https:\/\/api.w.org\/{rel}","templated":true}]}}