{"id":9453,"date":"2019-11-26T12:30:59","date_gmt":"2019-11-26T11:30:59","guid":{"rendered":"http:\/\/agora.xtec.cat\/esc-cealzina\/?page_id=9453"},"modified":"2020-02-03T10:48:22","modified_gmt":"2020-02-03T09:48:22","slug":"pla-dacollida-del-professorat","status":"publish","type":"page","link":"https:\/\/agora.xtec.cat\/esc-cealzina\/projecte-educatiu\/pla-dacollida-del-professorat\/","title":{"rendered":"Pla d&#8217;acollida del Professorat"},"content":{"rendered":"<p>Creiem des del centre que \u00e9s molt important la rebuda del professorat que arriba nou al nostre centre, si en una escola o centre ordinari ja \u00e9s molt important, donada les caracter\u00edstiques del nostre centre aquest fet encara va m\u00e9s enll\u00e0. \u00c9s per aix\u00f2 que hem elaborat aquest document com una guia de l&#8217;atenci\u00f3 i informaci\u00f3 que caldria donar als mestres que arriben nous al nostre centre.<\/p>\n<p><a href=\"https:\/\/agora.xtec.cat\/esc-cealzina\/wp-content\/uploads\/usu1566\/2020\/02\/Pla-dacollida-del-professorat-del-C.E.-lAlzina.pdf\"><img loading=\"lazy\" decoding=\"async\" class=\"alignnone wp-image-9260 size-thumbnail\" src=\"https:\/\/agora.xtec.cat\/esc-cealzina\/wp-content\/uploads\/usu1566\/2016\/11\/PDF_logo-1080x675-150x150.png\" alt=\"\" width=\"150\" height=\"150\" \/><\/a><\/p>\n","protected":false},"excerpt":{"rendered":"<p>Creiem des del centre que \u00e9s molt important la rebuda del professorat que arriba nou al nostre centre, si en una escola o centre ordinari ja \u00e9s molt important, donada les caracter\u00edstiques del nostre centre aquest fet encara va m\u00e9s enll\u00e0. \u00c9s per aix\u00f2 que&hellip;  <a href=\"https:\/\/agora.xtec.cat\/esc-cealzina\/projecte-educatiu\/pla-dacollida-del-professorat\/\" title=\"Read Pla d&#8217;acollida del Professorat\">Llegeix m\u00e9s\u00bb<\/a><\/p>\n","protected":false},"author":1,"featured_media":0,"parent":57,"menu_order":55,"comment_status":"closed","ping_status":"closed","template":"page-templates\/side-menu.php","meta":{"_bbp_topic_count":0,"_bbp_reply_count":0,"_bbp_total_topic_count":0,"_bbp_total_reply_count":0,"_bbp_voice_count":0,"_bbp_anonymous_reply_count":0,"_bbp_topic_count_hidden":0,"_bbp_reply_count_hidden":0,"_bbp_forum_subforum_count":0,"footnotes":""},"class_list":["post-9453","page","type-page","status-publish","hentry"],"post_mailing_queue_ids":[],"_links":{"self":[{"href":"https:\/\/agora.xtec.cat\/esc-cealzina\/wp-json\/wp\/v2\/pages\/9453","targetHints":{"allow":["GET"]}}],"collection":[{"href":"https:\/\/agora.xtec.cat\/esc-cealzina\/wp-json\/wp\/v2\/pages"}],"about":[{"href":"https:\/\/agora.xtec.cat\/esc-cealzina\/wp-json\/wp\/v2\/types\/page"}],"author":[{"embeddable":true,"href":"https:\/\/agora.xtec.cat\/esc-cealzina\/wp-json\/wp\/v2\/users\/1"}],"replies":[{"embeddable":true,"href":"https:\/\/agora.xtec.cat\/esc-cealzina\/wp-json\/wp\/v2\/comments?post=9453"}],"version-history":[{"count":3,"href":"https:\/\/agora.xtec.cat\/esc-cealzina\/wp-json\/wp\/v2\/pages\/9453\/revisions"}],"predecessor-version":[{"id":9477,"href":"https:\/\/agora.xtec.cat\/esc-cealzina\/wp-json\/wp\/v2\/pages\/9453\/revisions\/9477"}],"up":[{"embeddable":true,"href":"https:\/\/agora.xtec.cat\/esc-cealzina\/wp-json\/wp\/v2\/pages\/57"}],"wp:attachment":[{"href":"https:\/\/agora.xtec.cat\/esc-cealzina\/wp-json\/wp\/v2\/media?parent=9453"}],"curies":[{"name":"wp","href":"https:\/\/api.w.org\/{rel}","templated":true}]}}