{"id":9437,"date":"2019-11-26T11:59:56","date_gmt":"2019-11-26T10:59:56","guid":{"rendered":"http:\/\/agora.xtec.cat\/esc-cealzina\/?page_id=9437"},"modified":"2019-11-26T12:40:24","modified_gmt":"2019-11-26T11:40:24","slug":"pla-lector-del-c-e-lalzina","status":"publish","type":"page","link":"https:\/\/agora.xtec.cat\/esc-cealzina\/projecte-educatiu\/pla-lector-del-c-e-lalzina\/","title":{"rendered":"Pla Lector del C.E. l&#8217;Alzina"},"content":{"rendered":"<p>Despr\u00e9s de finalitzar la formaci\u00f3 de l&#8217;ILEC, va sortir com a resultant d&#8217;aquesta el document de Pla Lector del C.E. l&#8217;Alzina, el qual ofereix una visi\u00f3 diferent del que seria un Pla Lector convencional, ja que les caracter\u00edstiques que regeixen el nostre funcionament i el nostre dia a dia s\u00f3n molt diferents del que seria un centre ordinari.<\/p>\n<p><a href=\"https:\/\/agora.xtec.cat\/esc-cealzina\/wp-content\/uploads\/usu1566\/2019\/11\/Pla-Lector-CE-lAlzina.pdf\"><img loading=\"lazy\" decoding=\"async\" class=\"alignnone wp-image-9260 size-thumbnail\" src=\"https:\/\/agora.xtec.cat\/esc-cealzina\/wp-content\/uploads\/usu1566\/2016\/11\/PDF_logo-1080x675-150x150.png\" alt=\"\" width=\"150\" height=\"150\" \/><\/a><\/p>\n","protected":false},"excerpt":{"rendered":"<p>Despr\u00e9s de finalitzar la formaci\u00f3 de l&#8217;ILEC, va sortir com a resultant d&#8217;aquesta el document de Pla Lector del C.E. l&#8217;Alzina, el qual ofereix una visi\u00f3 diferent del que seria un Pla Lector convencional, ja que les caracter\u00edstiques que regeixen el nostre funcionament i el&hellip;  <a href=\"https:\/\/agora.xtec.cat\/esc-cealzina\/projecte-educatiu\/pla-lector-del-c-e-lalzina\/\" title=\"Read Pla Lector del C.E. l&#8217;Alzina\">Llegeix m\u00e9s\u00bb<\/a><\/p>\n","protected":false},"author":1,"featured_media":0,"parent":57,"menu_order":50,"comment_status":"closed","ping_status":"closed","template":"page-templates\/side-menu.php","meta":{"_bbp_topic_count":0,"_bbp_reply_count":0,"_bbp_total_topic_count":0,"_bbp_total_reply_count":0,"_bbp_voice_count":0,"_bbp_anonymous_reply_count":0,"_bbp_topic_count_hidden":0,"_bbp_reply_count_hidden":0,"_bbp_forum_subforum_count":0,"footnotes":""},"class_list":["post-9437","page","type-page","status-publish","hentry"],"post_mailing_queue_ids":[],"_links":{"self":[{"href":"https:\/\/agora.xtec.cat\/esc-cealzina\/wp-json\/wp\/v2\/pages\/9437","targetHints":{"allow":["GET"]}}],"collection":[{"href":"https:\/\/agora.xtec.cat\/esc-cealzina\/wp-json\/wp\/v2\/pages"}],"about":[{"href":"https:\/\/agora.xtec.cat\/esc-cealzina\/wp-json\/wp\/v2\/types\/page"}],"author":[{"embeddable":true,"href":"https:\/\/agora.xtec.cat\/esc-cealzina\/wp-json\/wp\/v2\/users\/1"}],"replies":[{"embeddable":true,"href":"https:\/\/agora.xtec.cat\/esc-cealzina\/wp-json\/wp\/v2\/comments?post=9437"}],"version-history":[{"count":3,"href":"https:\/\/agora.xtec.cat\/esc-cealzina\/wp-json\/wp\/v2\/pages\/9437\/revisions"}],"predecessor-version":[{"id":9462,"href":"https:\/\/agora.xtec.cat\/esc-cealzina\/wp-json\/wp\/v2\/pages\/9437\/revisions\/9462"}],"up":[{"embeddable":true,"href":"https:\/\/agora.xtec.cat\/esc-cealzina\/wp-json\/wp\/v2\/pages\/57"}],"wp:attachment":[{"href":"https:\/\/agora.xtec.cat\/esc-cealzina\/wp-json\/wp\/v2\/media?parent=9437"}],"curies":[{"name":"wp","href":"https:\/\/api.w.org\/{rel}","templated":true}]}}