{"id":2137,"date":"2018-07-12T14:32:51","date_gmt":"2018-07-12T12:32:51","guid":{"rendered":"http:\/\/agora.xtec.cat\/esc-carlit\/?page_id=2137"},"modified":"2018-07-12T14:32:51","modified_gmt":"2018-07-12T12:32:51","slug":"musica","status":"publish","type":"page","link":"https:\/\/agora.xtec.cat\/esc-carlit\/wiki-carlit\/musica\/","title":{"rendered":"M\u00daSICA"},"content":{"rendered":"<h2 id=\"toc2\"><u>CICLE INICIAL<\/u><\/h2>\n<table class=\"wiki_table\">\n<tbody>\n<tr>\n<td>\n<img decoding=\"async\" title=\"memoriamusicalnotes\" src=\"http:\/\/blocs.xtec.cat\/musicaipdi\/files\/2008\/04\/memoriamusicalnotes-150x150.jpg\" alt=\"memoriamusicalnotes\" \/><\/td>\n<td><strong>Mem\u00f2ria musical<\/strong>: fes les parelles de notes i descobrir\u00e0s la melodia<\/td>\n<td><a class=\"wiki_link_ext\" href=\"http:\/\/www.tudiscoverykids.com\/juegos\/memoria-musical\/\" rel=\"nofollow\">http:\/\/www.tudiscoverykids.com\/juegos\/memoria-musical\/<\/a><\/td>\n<\/tr>\n<tr>\n<td>\n<div><a href=\"http:\/\/www.handheldmuseum.com\/MB\/Simon.htm\" rel=\"nofollow\"><img decoding=\"async\" title=\"external image MB-SimonSpain.jpg\" src=\"http:\/\/www.handheldmuseum.com\/MB\/MB-SimonSpain.jpg\" alt=\"external image MB-SimonSpain.jpg\" \/><\/a><\/div>\n<\/td>\n<td>Mem\u00f2ria visual i musical: recorda en quin ordre sonen les notes que et marca el joc del Simon<br \/>\nBot\u00f3 vermell: Do<br \/>\nBot\u00f3 blau: Re<br \/>\nBot\u00f3 lila: Mi<br \/>\nBot\u00f3 verd: Fa<br \/>\nBot\u00f3 taronja: Sol<br \/>\nBot\u00f3 groc: La<\/td>\n<td><a class=\"wiki_link_ext\" href=\"http:\/\/www.flashmusicgames.com\/theory\/lesson_simon.swf\" rel=\"nofollow\">http:\/\/www.flashmusicgames.com\/theory\/lesson_simon.swf<\/a><\/td>\n<\/tr>\n<tr>\n<td><\/td>\n<td>Karaoke<\/td>\n<td><a class=\"wiki_link_ext\" href=\"https:\/\/sites.google.com\/a\/xer.cat\/espaididactic_cancons\/cancons-de-sempre\" rel=\"nofollow\">https:\/\/sites.google.com\/a\/xer.cat\/espaididactic_cancons\/cancons-de-sempre<\/a><\/td>\n<\/tr>\n<tr>\n<td><img decoding=\"async\" title=\"external image images?q=tbn:ANd9GcSaajFKx9YFdB8cCZRd6h_kBjgCe17eQ5oV5-7OVGP_JzIYq2_62A\" src=\"https:\/\/encrypted-tbn0.gstatic.com\/images?q=tbn:ANd9GcSaajFKx9YFdB8cCZRd6h_kBjgCe17eQ5oV5-7OVGP_JzIYq2_62A\" alt=\"external image images?q=tbn:ANd9GcSaajFKx9YFdB8cCZRd6h_kBjgCe17eQ5oV5-7OVGP_JzIYq2_62A\" \/><\/td>\n<td><strong>Educaci\u00f3 de l&#8217;o\u00efda: Melodia<\/strong>. S\u00f3n iguals les frases musicals?<\/td>\n<td><a class=\"wiki_link_ext\" href=\"http:\/\/creatingmusic.com\/new\/hearing\/GameIndex3.swf\" rel=\"nofollow\">http:\/\/creatingmusic.com\/new\/hearing\/GameIndex3.swf<\/a><\/td>\n<\/tr>\n<tr>\n<td><\/td>\n<td><\/td>\n<td><\/td>\n<\/tr>\n<\/tbody>\n<\/table>\n<p>&nbsp;<\/p>\n<h2 id=\"toc3\"><a name=\"x-CICLE MITJ\u00c0\"><\/a><u>CICLE MITJ\u00c0<\/u><\/h2>\n<table class=\"wiki_table\">\n<tbody>\n<tr>\n<td><\/td>\n<td>Karaoke<\/td>\n<td><a class=\"wiki_link_ext\" href=\"https:\/\/sites.google.com\/a\/xer.cat\/espaididactic_cancons\/cancons-d-ara\" rel=\"nofollow\">https:\/\/sites.google.com\/a\/xer.cat\/espaididactic_cancons\/cancons-d-ara<\/a><\/td>\n<\/tr>\n<tr>\n<td><\/td>\n<td><strong>Els quartets i els instruments de vent.<\/strong><br \/>\nActivitats per aprendre qu\u00e8 \u00e9s un quartet i com sonen els intruments de vent.<\/td>\n<td><a class=\"wiki_link_ext\" href=\"http:\/\/clic.xtec.cat\/db\/jclicApplet.jsp?project=http:\/\/clic.xtec.cat\/projects\/scecilia\/jclic\/scecilia.jclic.zip&amp;lang=ca&amp;title=Concert+de+Santa+Cec?lia\" rel=\"nofollow\">http:\/\/clic.xtec.cat\/db\/jclicApplet.jsp?project=http:\/\/clic.xtec.cat\/projects\/scecilia\/jclic\/scecilia.jclic.zip&amp;lang=ca&amp;title=Concert+de+Santa+Cec?lia<\/a><\/td>\n<\/tr>\n<tr>\n<td><\/td>\n<td><\/td>\n<td><\/td>\n<\/tr>\n<\/tbody>\n<\/table>\n<h2 id=\"toc7\">\n<a name=\"x-CICLE SUPERIOR\"><\/a><u>CICLE SUPERIOR<\/u><\/h2>\n<table class=\"wiki_table\">\n<tbody>\n<tr>\n<td><\/td>\n<td>sopa de lletres d&#8217;instruments musicals<br \/>\n(en castell\u00e0)<\/td>\n<td><a class=\"wiki_link_ext\" href=\"http:\/\/educaplus.org\/play-202-Sopa-Instrumentos-musicales.html\" rel=\"nofollow\">http:\/\/educaplus.org\/play-202-Sopa-Instrumentos-musicales.html<\/a><\/td>\n<\/tr>\n<tr>\n<td><\/td>\n<td>Karaoke<\/td>\n<td><a class=\"wiki_link_ext\" href=\"https:\/\/sites.google.com\/a\/xer.cat\/espaididactic_cancons\/cancons-d-ara\" rel=\"nofollow\">https:\/\/sites.google.com\/a\/xer.cat\/espaididactic_cancons\/cancons-d-ara<\/a><\/td>\n<\/tr>\n<tr>\n<td><\/td>\n<td><\/td>\n<td><\/td>\n<\/tr>\n<\/tbody>\n<\/table>\n","protected":false},"excerpt":{"rendered":"<p>CICLE INICIAL Mem\u00f2ria musical: fes les parelles de notes i descobrir\u00e0s la melodia http:\/\/www.tudiscoverykids.com\/juegos\/memoria-musical\/ Mem\u00f2ria visual i musical: recorda en quin ordre sonen les notes que et marca el joc del Simon Bot\u00f3 vermell: Do Bot\u00f3 blau: Re Bot\u00f3 lila: Mi Bot\u00f3 verd: Fa Bot\u00f3 taronja: Sol Bot\u00f3 groc: La http:\/\/www.flashmusicgames.com\/theory\/lesson_simon.swf Karaoke https:\/\/sites.google.com\/a\/xer.cat\/espaididactic_cancons\/cancons-de-sempre Educaci\u00f3 de [&hellip;]<\/p>\n","protected":false},"author":1,"featured_media":0,"parent":2105,"menu_order":0,"comment_status":"closed","ping_status":"closed","template":"","meta":{"_bbp_topic_count":0,"_bbp_reply_count":0,"_bbp_total_topic_count":0,"_bbp_total_reply_count":0,"_bbp_voice_count":0,"_bbp_anonymous_reply_count":0,"_bbp_topic_count_hidden":0,"_bbp_reply_count_hidden":0,"_bbp_forum_subforum_count":0,"site-sidebar-layout":"default","site-content-layout":"","ast-site-content-layout":"","site-content-style":"default","site-sidebar-style":"default","ast-global-header-display":"","ast-banner-title-visibility":"","ast-main-header-display":"","ast-hfb-above-header-display":"","ast-hfb-below-header-display":"","ast-hfb-mobile-header-display":"","site-post-title":"","ast-breadcrumbs-content":"","ast-featured-img":"","footer-sml-layout":"","theme-transparent-header-meta":"","adv-header-id-meta":"","stick-header-meta":"","header-above-stick-meta":"","header-main-stick-meta":"","header-below-stick-meta":"","astra-migrate-meta-layouts":"default","ast-page-background-enabled":"default","ast-page-background-meta":{"desktop":{"background-color":"var(--ast-global-color-4)","background-image":"","background-repeat":"repeat","background-position":"center center","background-size":"auto","background-attachment":"scroll","background-type":"","background-media":"","overlay-type":"","overlay-color":"","overlay-opacity":"","overlay-gradient":""},"tablet":{"background-color":"","background-image":"","background-repeat":"repeat","background-position":"center center","background-size":"auto","background-attachment":"scroll","background-type":"","background-media":"","overlay-type":"","overlay-color":"","overlay-opacity":"","overlay-gradient":""},"mobile":{"background-color":"","background-image":"","background-repeat":"repeat","background-position":"center center","background-size":"auto","background-attachment":"scroll","background-type":"","background-media":"","overlay-type":"","overlay-color":"","overlay-opacity":"","overlay-gradient":""}},"ast-content-background-meta":{"desktop":{"background-color":"var(--ast-global-color-5)","background-image":"","background-repeat":"repeat","background-position":"center center","background-size":"auto","background-attachment":"scroll","background-type":"","background-media":"","overlay-type":"","overlay-color":"","overlay-opacity":"","overlay-gradient":""},"tablet":{"background-color":"var(--ast-global-color-5)","background-image":"","background-repeat":"repeat","background-position":"center center","background-size":"auto","background-attachment":"scroll","background-type":"","background-media":"","overlay-type":"","overlay-color":"","overlay-opacity":"","overlay-gradient":""},"mobile":{"background-color":"var(--ast-global-color-5)","background-image":"","background-repeat":"repeat","background-position":"center center","background-size":"auto","background-attachment":"scroll","background-type":"","background-media":"","overlay-type":"","overlay-color":"","overlay-opacity":"","overlay-gradient":""}},"footnotes":""},"class_list":["post-2137","page","type-page","status-publish","hentry"],"post_mailing_queue_ids":[],"_links":{"self":[{"href":"https:\/\/agora.xtec.cat\/esc-carlit\/wp-json\/wp\/v2\/pages\/2137","targetHints":{"allow":["GET"]}}],"collection":[{"href":"https:\/\/agora.xtec.cat\/esc-carlit\/wp-json\/wp\/v2\/pages"}],"about":[{"href":"https:\/\/agora.xtec.cat\/esc-carlit\/wp-json\/wp\/v2\/types\/page"}],"author":[{"embeddable":true,"href":"https:\/\/agora.xtec.cat\/esc-carlit\/wp-json\/wp\/v2\/users\/1"}],"replies":[{"embeddable":true,"href":"https:\/\/agora.xtec.cat\/esc-carlit\/wp-json\/wp\/v2\/comments?post=2137"}],"version-history":[{"count":1,"href":"https:\/\/agora.xtec.cat\/esc-carlit\/wp-json\/wp\/v2\/pages\/2137\/revisions"}],"predecessor-version":[{"id":2138,"href":"https:\/\/agora.xtec.cat\/esc-carlit\/wp-json\/wp\/v2\/pages\/2137\/revisions\/2138"}],"up":[{"embeddable":true,"href":"https:\/\/agora.xtec.cat\/esc-carlit\/wp-json\/wp\/v2\/pages\/2105"}],"wp:attachment":[{"href":"https:\/\/agora.xtec.cat\/esc-carlit\/wp-json\/wp\/v2\/media?parent=2137"}],"curies":[{"name":"wp","href":"https:\/\/api.w.org\/{rel}","templated":true}]}}