{"id":26,"date":"2014-09-18T12:24:32","date_gmt":"2014-09-18T10:24:32","guid":{"rendered":"http:\/\/agora.xtec.cat\/esc-camidelcros\/?page_id=26"},"modified":"2025-09-08T12:17:11","modified_gmt":"2025-09-08T10:17:11","slug":"historia","status":"publish","type":"page","link":"https:\/\/agora.xtec.cat\/esc-camidelcros\/lescola\/historia\/","title":{"rendered":"HIST\u00d2RIA"},"content":{"rendered":"<p style=\"font-weight: 300;\"><span style=\"font-style: inherit; font-weight: inherit;\">Ja fa 44 anys que va comen\u00e7ar l\u2019escola i no tenim cap intenci\u00f3 d\u2019acabar!<\/span><\/p>\n<p style=\"font-weight: 300;\"><span style=\"font-style: inherit; font-weight: inherit;\">L\u2019any 1981 va n\u00e9ixer la nostra escola, un lloc digne on poder treballar, experimentar, jugar, aprendre i cr\u00e9ixer.<\/span><\/p>\n<p style=\"font-weight: 300;\"><span style=\"font-style: inherit; font-weight: inherit;\">L\u2019any 1986 es va inaugurar l\u2019actual edifici amb tot el que representa: un centre d\u2019Educaci\u00f3, creixement individual i de conviv\u00e8ncia. L\u2019Escola CAM\u00cd DEL CROS.<\/span><\/p>\n<p style=\"font-weight: 300;\"><span style=\"font-style: inherit; font-weight: inherit;\">Un \u201cCam\u00ed\u201d suposa una aventura, un recorregut amb diferents direccions i diferents destins que es va omplint de viv\u00e8ncies, aprenentatges, valors\u2026 a mesura que s\u2019avan\u00e7a.<\/span><\/p>\n<p style=\"font-weight: 300;\"><span style=\"font-style: inherit; font-weight: inherit;\">Els vostres fills i filles inicien aqu\u00ed el \u201cCam\u00ed\u201d de formaci\u00f3 per fer front a la vida que els espera i \u00e9s important que conjuntament treballem per poder fer possible que arribin a un bon dest\u00ed.<\/span><\/p>\n<p style=\"font-weight: 300;\"><span style=\"font-style: inherit; font-weight: inherit;\">Manuel Brullet nascut a Matar\u00f3 l\u2019any 1941, considerat un dels millors arquitectes catalans actuals, va construir la nostra escola, una de les m\u00e9s modernes de Catalunya.<\/span><\/p>\n<p style=\"font-weight: 300;\"><span style=\"font-style: inherit; font-weight: inherit;\">Inicialment, nom\u00e9s ens vam sentir orgullosos del nostre edifici, per\u00f2 ara ho fem tamb\u00e9 dels seus exteriors, s\u00f3n magn\u00edfics i estan plens de vida i vegetaci\u00f3. Aquesta transformaci\u00f3 ha estat feta gr\u00e0cies a la col\u00b7laboraci\u00f3 desinteressada de mestres, pares, mares i alumnes.<\/span><\/p>\n<p style=\"font-weight: 300;\"><span style=\"font-style: inherit; font-weight: inherit;\">Tenim racons entranyables, que ens donen tranquil\u00b7litat i ens ajuden a reposar forces.<\/span><\/p>\n<p><a href=\"https:\/\/agora.xtec.cat\/esc-camidelcros\/wp-content\/uploads\/usu1981\/2019\/12\/Entrada.jpg\"><img loading=\"lazy\" decoding=\"async\" class=\"wp-image-608 aligncenter\" src=\"https:\/\/agora.xtec.cat\/esc-camidelcros\/wp-content\/uploads\/usu1981\/2019\/12\/Entrada-768x1024.jpg\" alt=\"\" width=\"292\" height=\"389\" srcset=\"https:\/\/agora.xtec.cat\/esc-camidelcros\/wp-content\/uploads\/usu1981\/2019\/12\/Entrada-768x1024.jpg 768w, https:\/\/agora.xtec.cat\/esc-camidelcros\/wp-content\/uploads\/usu1981\/2019\/12\/Entrada-225x300.jpg 225w, https:\/\/agora.xtec.cat\/esc-camidelcros\/wp-content\/uploads\/usu1981\/2019\/12\/Entrada.jpg 1704w\" sizes=\"auto, (max-width: 292px) 100vw, 292px\" \/><\/a><\/p>\n","protected":false},"excerpt":{"rendered":"<p>Ja fa 44 anys que va comen\u00e7ar l\u2019escola i no tenim cap intenci\u00f3 d\u2019acabar!<br \/>\nL\u2019any 1981 va n\u00e9ixer la nostra escola, un lloc digne on poder treballar, experimentar, jugar, aprendre i cr\u00e9ixer.<br \/>\nL\u2019any 1986 es va inaugurar l\u2019actual edifici amb tot el que representa: un centre d\u2019Educaci\u00f3,&hellip;  <a href=\"https:\/\/agora.xtec.cat\/esc-camidelcros\/lescola\/historia\/\" title=\"Read HIST\u00d2RIA\">Llegeix m\u00e9s\u00bb<\/a><\/p>\n","protected":false},"author":1,"featured_media":0,"parent":22,"menu_order":2,"comment_status":"closed","ping_status":"closed","template":"page-templates\/side-menu.php","meta":{"_bbp_topic_count":0,"_bbp_reply_count":0,"_bbp_total_topic_count":0,"_bbp_total_reply_count":0,"_bbp_voice_count":0,"_bbp_anonymous_reply_count":0,"_bbp_topic_count_hidden":0,"_bbp_reply_count_hidden":0,"_bbp_forum_subforum_count":0,"footnotes":""},"class_list":["post-26","page","type-page","status-publish","hentry"],"post_mailing_queue_ids":[],"_links":{"self":[{"href":"https:\/\/agora.xtec.cat\/esc-camidelcros\/wp-json\/wp\/v2\/pages\/26","targetHints":{"allow":["GET"]}}],"collection":[{"href":"https:\/\/agora.xtec.cat\/esc-camidelcros\/wp-json\/wp\/v2\/pages"}],"about":[{"href":"https:\/\/agora.xtec.cat\/esc-camidelcros\/wp-json\/wp\/v2\/types\/page"}],"author":[{"embeddable":true,"href":"https:\/\/agora.xtec.cat\/esc-camidelcros\/wp-json\/wp\/v2\/users\/1"}],"replies":[{"embeddable":true,"href":"https:\/\/agora.xtec.cat\/esc-camidelcros\/wp-json\/wp\/v2\/comments?post=26"}],"version-history":[{"count":5,"href":"https:\/\/agora.xtec.cat\/esc-camidelcros\/wp-json\/wp\/v2\/pages\/26\/revisions"}],"predecessor-version":[{"id":3234,"href":"https:\/\/agora.xtec.cat\/esc-camidelcros\/wp-json\/wp\/v2\/pages\/26\/revisions\/3234"}],"up":[{"embeddable":true,"href":"https:\/\/agora.xtec.cat\/esc-camidelcros\/wp-json\/wp\/v2\/pages\/22"}],"wp:attachment":[{"href":"https:\/\/agora.xtec.cat\/esc-camidelcros\/wp-json\/wp\/v2\/media?parent=26"}],"curies":[{"name":"wp","href":"https:\/\/api.w.org\/{rel}","templated":true}]}}