{"id":646,"date":"2021-02-19T13:42:38","date_gmt":"2021-02-19T12:42:38","guid":{"rendered":"https:\/\/agora.xtec.cat\/esc-cabanes\/?page_id=646"},"modified":"2025-02-13T10:17:38","modified_gmt":"2025-02-13T09:17:38","slug":"lhort-escolar","status":"publish","type":"page","link":"https:\/\/agora.xtec.cat\/esc-cabanes\/projecte-educatiu\/lhort-escolar\/","title":{"rendered":"L&#8217;hort escolar"},"content":{"rendered":"<p><strong>L\u2019hort \u00e9s una eina pedag\u00f2gica <\/strong><img loading=\"lazy\" decoding=\"async\" class=\" wp-image-905 alignright\" src=\"https:\/\/agora.xtec.cat\/esc-cabanes\/wp-content\/uploads\/usu2421\/2021\/05\/Hort-3-min-1024x768.jpg\" alt=\"\" width=\"410\" height=\"307\" srcset=\"https:\/\/agora.xtec.cat\/esc-cabanes\/wp-content\/uploads\/usu2421\/2021\/05\/Hort-3-min-1024x768.jpg 1024w, https:\/\/agora.xtec.cat\/esc-cabanes\/wp-content\/uploads\/usu2421\/2021\/05\/Hort-3-min-300x225.jpg 300w, https:\/\/agora.xtec.cat\/esc-cabanes\/wp-content\/uploads\/usu2421\/2021\/05\/Hort-3-min-768x576.jpg 768w, https:\/\/agora.xtec.cat\/esc-cabanes\/wp-content\/uploads\/usu2421\/2021\/05\/Hort-3-min-200x150.jpg 200w\" sizes=\"auto, (max-width: 410px) 100vw, 410px\" \/>que permet treballar conceptes, h\u00e0bits, actituds i procediments, <span style=\"font-family: inherit; font-size: 1em;\">aix\u00ed <\/span><span style=\"font-family: inherit; font-size: 1em;\">com valors, destinats a estudiants de totes les edats. En un entorn diferent de l\u2019aula i amb una activitat <\/span><span style=\"font-family: inherit; font-size: 1em;\">molt propera a la natura, la mainada es mostra m\u00e9s receptiva i t\u00e9 m\u00e9s inter\u00e8s per aprendre i col\u00b7laborar <\/span><span style=\"font-family: inherit; font-size: 1em;\">en l\u2019activitat. L\u2019hort pot servir de suport en la majoria de les assignatures que els nens i nenes treballen a l\u2019escola, i a la vegada desenvolupa nombrosos eixos transversals, especialment aquells relacionats amb l\u2019educaci\u00f3 ambiental, l\u2019educaci\u00f3 per la salut i l\u2019educaci\u00f3 del consumidor.<\/span><\/p>\n<p>El nostre projecte d\u2019hort es treballa des de la Llar d\u2019Infants, a P1, fins als m\u00e9s grans, 6\u00e8. D\u2019aquesta manera, podem realitzar diferents agrupacions segons convingui, i potenciar aix\u00ed un aprenentatge intercicle.<\/p>\n<p>A m\u00e9s, les activitats de l\u2019hort tenen molts <strong>avantatges per als alumnes:<\/strong><\/p>\n<ul>\n<li>Major motivaci\u00f3 en l&#8217;aprenentatge, ja que l\u2019hort permet la participaci\u00f3 de tothom, independentment del seu nivell i necessitats.<\/li>\n<li><img loading=\"lazy\" decoding=\"async\" class=\"wp-image-906 alignright\" src=\"https:\/\/agora.xtec.cat\/esc-cabanes\/wp-content\/uploads\/usu2421\/2021\/05\/Hort-min-1024x768.jpg\" alt=\"\" width=\"410\" height=\"307\" srcset=\"https:\/\/agora.xtec.cat\/esc-cabanes\/wp-content\/uploads\/usu2421\/2021\/05\/Hort-min-1024x768.jpg 1024w, https:\/\/agora.xtec.cat\/esc-cabanes\/wp-content\/uploads\/usu2421\/2021\/05\/Hort-min-300x225.jpg 300w, https:\/\/agora.xtec.cat\/esc-cabanes\/wp-content\/uploads\/usu2421\/2021\/05\/Hort-min-768x576.jpg 768w, https:\/\/agora.xtec.cat\/esc-cabanes\/wp-content\/uploads\/usu2421\/2021\/05\/Hort-min-200x150.jpg 200w\" sizes=\"auto, (max-width: 410px) 100vw, 410px\" \/>El seu treball afavoreix que s\u2019instal\u00b7lin en l\u2019alumnat unes actituds i valors c\u00edviques i ecol\u00f2giques. A m\u00e9s, aprofitem l\u2019entorn rural de l\u2019escola.<\/li>\n<li>Potencia el contacte amb la natura.<\/li>\n<li>Facilita l\u2019adquisici\u00f3 de comportaments responsables, ja que si no treballen l\u2019hort, les hortalisses es moren.<\/li>\n<li>Aprendre a acceptar que a la vida succeeixen imprevistos que poden afectar els nostres plans, tot i aix\u00f2 hem de tirar endavant.<\/li>\n<li>Possibilitat d\u2019inferir coneixements apresos durant el projecte a altres contextos: familiar, social&#8230;<\/li>\n<li>Potencia el manteniment d\u2019una dieta sana (amb m\u00e9s fruites i hortalisses).<\/li>\n<\/ul>\n","protected":false},"excerpt":{"rendered":"<p>L\u2019hort \u00e9s una eina pedag\u00f2gica que permet treballar conceptes, h\u00e0bits, actituds i procediments, aix\u00ed com valors, destinats a estudiants de totes les edats. En un entorn diferent de l\u2019aula i amb una activitat molt propera a la natura, la mainada es mostra m\u00e9s receptiva i&hellip;  <a href=\"https:\/\/agora.xtec.cat\/esc-cabanes\/projecte-educatiu\/lhort-escolar\/\" title=\"Read L&#8217;hort escolar\">Llegeix m\u00e9s\u00bb<\/a><\/p>\n","protected":false},"author":1,"featured_media":0,"parent":64,"menu_order":0,"comment_status":"closed","ping_status":"closed","template":"page-templates\/side-menu.php","meta":{"_bbp_topic_count":0,"_bbp_reply_count":0,"_bbp_total_topic_count":0,"_bbp_total_reply_count":0,"_bbp_voice_count":0,"_bbp_anonymous_reply_count":0,"_bbp_topic_count_hidden":0,"_bbp_reply_count_hidden":0,"_bbp_forum_subforum_count":0,"footnotes":""},"class_list":["post-646","page","type-page","status-publish","hentry"],"post_mailing_queue_ids":[],"_links":{"self":[{"href":"https:\/\/agora.xtec.cat\/esc-cabanes\/wp-json\/wp\/v2\/pages\/646","targetHints":{"allow":["GET"]}}],"collection":[{"href":"https:\/\/agora.xtec.cat\/esc-cabanes\/wp-json\/wp\/v2\/pages"}],"about":[{"href":"https:\/\/agora.xtec.cat\/esc-cabanes\/wp-json\/wp\/v2\/types\/page"}],"author":[{"embeddable":true,"href":"https:\/\/agora.xtec.cat\/esc-cabanes\/wp-json\/wp\/v2\/users\/1"}],"replies":[{"embeddable":true,"href":"https:\/\/agora.xtec.cat\/esc-cabanes\/wp-json\/wp\/v2\/comments?post=646"}],"version-history":[{"count":3,"href":"https:\/\/agora.xtec.cat\/esc-cabanes\/wp-json\/wp\/v2\/pages\/646\/revisions"}],"predecessor-version":[{"id":940,"href":"https:\/\/agora.xtec.cat\/esc-cabanes\/wp-json\/wp\/v2\/pages\/646\/revisions\/940"}],"up":[{"embeddable":true,"href":"https:\/\/agora.xtec.cat\/esc-cabanes\/wp-json\/wp\/v2\/pages\/64"}],"wp:attachment":[{"href":"https:\/\/agora.xtec.cat\/esc-cabanes\/wp-json\/wp\/v2\/media?parent=646"}],"curies":[{"name":"wp","href":"https:\/\/api.w.org\/{rel}","templated":true}]}}