{"id":642,"date":"2021-02-19T13:42:10","date_gmt":"2021-02-19T12:42:10","guid":{"rendered":"https:\/\/agora.xtec.cat\/esc-cabanes\/?page_id=642"},"modified":"2025-02-13T10:16:58","modified_gmt":"2025-02-13T09:16:58","slug":"biblioteca","status":"publish","type":"page","link":"https:\/\/agora.xtec.cat\/esc-cabanes\/projecte-educatiu\/biblioteca\/","title":{"rendered":"Biblioteca"},"content":{"rendered":"<p>&nbsp;<\/p>\n<p>La biblioteca escolar \u00e9s un espai educatiu i din\u00e0mic, un centre de<a href=\"https:\/\/agora.xtec.cat\/esc-cabanes\/wp-content\/uploads\/usu2421\/2021\/05\/Biblioteca-min.jpg\"><img loading=\"lazy\" decoding=\"async\" class=\"wp-image-902 alignright\" src=\"https:\/\/agora.xtec.cat\/esc-cabanes\/wp-content\/uploads\/usu2421\/2021\/05\/Biblioteca-min-1024x766.jpg\" alt=\"\" width=\"211\" height=\"158\" srcset=\"https:\/\/agora.xtec.cat\/esc-cabanes\/wp-content\/uploads\/usu2421\/2021\/05\/Biblioteca-min-1024x766.jpg 1024w, https:\/\/agora.xtec.cat\/esc-cabanes\/wp-content\/uploads\/usu2421\/2021\/05\/Biblioteca-min-300x224.jpg 300w, https:\/\/agora.xtec.cat\/esc-cabanes\/wp-content\/uploads\/usu2421\/2021\/05\/Biblioteca-min-768x575.jpg 768w, https:\/\/agora.xtec.cat\/esc-cabanes\/wp-content\/uploads\/usu2421\/2021\/05\/Biblioteca-min-200x150.jpg 200w\" sizes=\"auto, (max-width: 211px) 100vw, 211px\" \/><\/a> recursos que cont\u00e9 documents en tot tipus de suport per a l\u2019aprenentatge i per a la recerca. \u00c9s un servei per al desenvolupament del curr\u00edculum i del projecte educatiu de centre adre\u00e7at al professorat, a l\u2019alumnat i a tota la comunitat educativa.<\/p>\n<p>&nbsp;<\/p>\n<p>&nbsp;<\/p>\n<p><a style=\"color: #2795b6;\" href=\"https:\/\/agora.xtec.cat\/esc-cabanes\/wp-content\/uploads\/usu2421\/2024\/04\/IMG-20240405-WA0001.jpg\"><img loading=\"lazy\" decoding=\"async\" class=\"wp-image-1899 alignleft\" src=\"https:\/\/agora.xtec.cat\/esc-cabanes\/wp-content\/uploads\/usu2421\/2024\/04\/IMG-20240405-WA0001.jpg\" alt=\"\" width=\"269\" height=\"202\" srcset=\"https:\/\/agora.xtec.cat\/esc-cabanes\/wp-content\/uploads\/usu2421\/2024\/04\/IMG-20240405-WA0001.jpg 2040w, https:\/\/agora.xtec.cat\/esc-cabanes\/wp-content\/uploads\/usu2421\/2024\/04\/IMG-20240405-WA0001-300x226.jpg 300w, https:\/\/agora.xtec.cat\/esc-cabanes\/wp-content\/uploads\/usu2421\/2024\/04\/IMG-20240405-WA0001-1024x771.jpg 1024w, https:\/\/agora.xtec.cat\/esc-cabanes\/wp-content\/uploads\/usu2421\/2024\/04\/IMG-20240405-WA0001-768x578.jpg 768w, https:\/\/agora.xtec.cat\/esc-cabanes\/wp-content\/uploads\/usu2421\/2024\/04\/IMG-20240405-WA0001-1536x1157.jpg 1536w, https:\/\/agora.xtec.cat\/esc-cabanes\/wp-content\/uploads\/usu2421\/2024\/04\/IMG-20240405-WA0001-200x150.jpg 200w\" sizes=\"auto, (max-width: 269px) 100vw, 269px\" \/><\/a>La biblioteca escolar \u00e9s un recurs fonamental\u00a0per a l\u2019adquisici\u00f3 de les compet\u00e8ncies b\u00e0siques i el desplegament dels\u00a0continguts curriculars a totes les \u00e0rees i etapes educatives. Aix\u00ed esdev\u00e9 un element clau per a l\u2019assoliment de la compet\u00e8ncia informacional, el foment de la lectura i l\u2019adquisici\u00f3 d\u2019aprenentatges aut\u00f2noms.<\/p>\n<p>&nbsp;<\/p>\n<p><a href=\"https:\/\/agora.xtec.cat\/esc-cabanes\/wp-content\/uploads\/usu2421\/2024\/04\/IMG-20240405-WA0002.jpg\"><img loading=\"lazy\" decoding=\"async\" class=\"wp-image-1900 alignright\" src=\"https:\/\/agora.xtec.cat\/esc-cabanes\/wp-content\/uploads\/usu2421\/2024\/04\/IMG-20240405-WA0002.jpg\" alt=\"\" width=\"245\" height=\"184\" srcset=\"https:\/\/agora.xtec.cat\/esc-cabanes\/wp-content\/uploads\/usu2421\/2024\/04\/IMG-20240405-WA0002.jpg 2040w, https:\/\/agora.xtec.cat\/esc-cabanes\/wp-content\/uploads\/usu2421\/2024\/04\/IMG-20240405-WA0002-300x226.jpg 300w, https:\/\/agora.xtec.cat\/esc-cabanes\/wp-content\/uploads\/usu2421\/2024\/04\/IMG-20240405-WA0002-1024x771.jpg 1024w, https:\/\/agora.xtec.cat\/esc-cabanes\/wp-content\/uploads\/usu2421\/2024\/04\/IMG-20240405-WA0002-768x578.jpg 768w, https:\/\/agora.xtec.cat\/esc-cabanes\/wp-content\/uploads\/usu2421\/2024\/04\/IMG-20240405-WA0002-1536x1157.jpg 1536w, https:\/\/agora.xtec.cat\/esc-cabanes\/wp-content\/uploads\/usu2421\/2024\/04\/IMG-20240405-WA0002-200x150.jpg 200w\" sizes=\"auto, (max-width: 245px) 100vw, 245px\" \/><\/a><\/p>\n<p>&nbsp;<\/p>\n<p>&nbsp;<\/p>\n<p style=\"text-align: left;\">En el nostre projecte de biblioteca es recullen els objectius, les metodologies i les estrat\u00e8gies necessaris per assegurar l\u2019assoliment de la capacitat de llegir, de comprendre i d\u2019interpretar textos, la capacitat d\u2019utilitzar la lectura com a eina d\u2019acc\u00e9s a la informaci\u00f3 i desenvolupar l\u2019h\u00e0bit lector i el gust per llegir.<\/p>\n<p>&nbsp;<\/p>\n<p>&nbsp;<\/p>\n<p>A continuaci\u00f3 us oferim algunes les propostes liter\u00e0ries. Les podreu consultar fent clic a cadascuna de les imatges:<\/p>\n<p><a href=\"https:\/\/drive.google.com\/file\/d\/1yI5iX0zlY5I4LWXj05ftupNM9TqUtK-l\/view?usp=sharing\"><img loading=\"lazy\" decoding=\"async\" class=\"alignnone wp-image-1898\" src=\"https:\/\/agora.xtec.cat\/esc-cabanes\/wp-content\/uploads\/usu2421\/2024\/04\/Lectures-Nadal.jpg\" alt=\"\" width=\"205\" height=\"222\" srcset=\"https:\/\/agora.xtec.cat\/esc-cabanes\/wp-content\/uploads\/usu2421\/2024\/04\/Lectures-Nadal.jpg 628w, https:\/\/agora.xtec.cat\/esc-cabanes\/wp-content\/uploads\/usu2421\/2024\/04\/Lectures-Nadal-276x300.jpg 276w\" sizes=\"auto, (max-width: 205px) 100vw, 205px\" \/><\/a> <a href=\"https:\/\/drive.google.com\/file\/d\/1hJ2JXmRuCyEyNygdNDlEMBGzAUV1JEPr\/view?usp=sharing\"><img loading=\"lazy\" decoding=\"async\" class=\"alignnone wp-image-1907\" src=\"https:\/\/agora.xtec.cat\/esc-cabanes\/wp-content\/uploads\/usu2421\/2024\/04\/portada-sant-jordi-2024-q.png\" alt=\"\" width=\"205\" height=\"222\" srcset=\"https:\/\/agora.xtec.cat\/esc-cabanes\/wp-content\/uploads\/usu2421\/2024\/04\/portada-sant-jordi-2024-q.png 513w, https:\/\/agora.xtec.cat\/esc-cabanes\/wp-content\/uploads\/usu2421\/2024\/04\/portada-sant-jordi-2024-q-277x300.png 277w\" sizes=\"auto, (max-width: 205px) 100vw, 205px\" \/><\/a><\/p>\n","protected":false},"excerpt":{"rendered":"<p>&nbsp;<br \/>\nLa biblioteca escolar \u00e9s un espai educatiu i din\u00e0mic, un centre de<a href=\"https:\/\/agora.xtec.cat\/esc-cabanes\/wp-content\/uploads\/usu2421\/2021\/05\/Biblioteca-min.jpg\"><\/a> recursos que cont\u00e9 documents en tot tipus de suport per a l\u2019aprenentatge i per a la recerca. \u00c9s un servei per al desenvolupament del curr\u00edculum i del projecte educatiu de centre adre\u00e7at&hellip;  <a href=\"https:\/\/agora.xtec.cat\/esc-cabanes\/projecte-educatiu\/biblioteca\/\" title=\"Read Biblioteca\">Llegeix m\u00e9s\u00bb<\/a><\/p>\n","protected":false},"author":1,"featured_media":0,"parent":64,"menu_order":0,"comment_status":"closed","ping_status":"closed","template":"page-templates\/side-menu.php","meta":{"_bbp_topic_count":0,"_bbp_reply_count":0,"_bbp_total_topic_count":0,"_bbp_total_reply_count":0,"_bbp_voice_count":0,"_bbp_anonymous_reply_count":0,"_bbp_topic_count_hidden":0,"_bbp_reply_count_hidden":0,"_bbp_forum_subforum_count":0,"footnotes":""},"class_list":["post-642","page","type-page","status-publish","hentry"],"post_mailing_queue_ids":[],"_links":{"self":[{"href":"https:\/\/agora.xtec.cat\/esc-cabanes\/wp-json\/wp\/v2\/pages\/642","targetHints":{"allow":["GET"]}}],"collection":[{"href":"https:\/\/agora.xtec.cat\/esc-cabanes\/wp-json\/wp\/v2\/pages"}],"about":[{"href":"https:\/\/agora.xtec.cat\/esc-cabanes\/wp-json\/wp\/v2\/types\/page"}],"author":[{"embeddable":true,"href":"https:\/\/agora.xtec.cat\/esc-cabanes\/wp-json\/wp\/v2\/users\/1"}],"replies":[{"embeddable":true,"href":"https:\/\/agora.xtec.cat\/esc-cabanes\/wp-json\/wp\/v2\/comments?post=642"}],"version-history":[{"count":6,"href":"https:\/\/agora.xtec.cat\/esc-cabanes\/wp-json\/wp\/v2\/pages\/642\/revisions"}],"predecessor-version":[{"id":1908,"href":"https:\/\/agora.xtec.cat\/esc-cabanes\/wp-json\/wp\/v2\/pages\/642\/revisions\/1908"}],"up":[{"embeddable":true,"href":"https:\/\/agora.xtec.cat\/esc-cabanes\/wp-json\/wp\/v2\/pages\/64"}],"wp:attachment":[{"href":"https:\/\/agora.xtec.cat\/esc-cabanes\/wp-json\/wp\/v2\/media?parent=642"}],"curies":[{"name":"wp","href":"https:\/\/api.w.org\/{rel}","templated":true}]}}