{"id":525,"date":"2021-02-18T13:39:58","date_gmt":"2021-02-18T12:39:58","guid":{"rendered":"https:\/\/agora.xtec.cat\/esc-cabanes\/?page_id=525"},"modified":"2025-02-17T15:48:01","modified_gmt":"2025-02-17T14:48:01","slug":"preinscripcio-i-matriculacio","status":"publish","type":"page","link":"https:\/\/agora.xtec.cat\/esc-cabanes\/lescola\/preinscripcio-i-matriculacio\/","title":{"rendered":"Preinscripci\u00f3 i Matriculaci\u00f3"},"content":{"rendered":"<p>Us adjuntem un enlla\u00e7 on trobareu tota la informaci\u00f3 relacionada amb la PREINSCRIPCI\u00d3 ESCOLAR PEL CURS 2025-2026. Recordem que el termini per a presentar les sol\u00b7licituds per a l&#8217;etapa de 2n cicle d&#8217;infantil i prim\u00e0ria \u00e9s del 12 AL 26 DE MAR\u00c7 DE 2025.<\/p>\n<p><strong><a href=\"https:\/\/agora.xtec.cat\/esc-cabanes\/wp-content\/uploads\/usu2421\/2025\/02\/Preinscripcio.png\"><img loading=\"lazy\" decoding=\"async\" class=\" wp-image-2022 aligncenter\" src=\"https:\/\/agora.xtec.cat\/esc-cabanes\/wp-content\/uploads\/usu2421\/2025\/02\/Preinscripcio.png\" alt=\"\" width=\"622\" height=\"231\" srcset=\"https:\/\/agora.xtec.cat\/esc-cabanes\/wp-content\/uploads\/usu2421\/2025\/02\/Preinscripcio.png 1293w, https:\/\/agora.xtec.cat\/esc-cabanes\/wp-content\/uploads\/usu2421\/2025\/02\/Preinscripcio-300x112.png 300w, https:\/\/agora.xtec.cat\/esc-cabanes\/wp-content\/uploads\/usu2421\/2025\/02\/Preinscripcio-1024x381.png 1024w, https:\/\/agora.xtec.cat\/esc-cabanes\/wp-content\/uploads\/usu2421\/2025\/02\/Preinscripcio-768x286.png 768w\" sizes=\"auto, (max-width: 622px) 100vw, 622px\" \/><\/a><\/strong><\/p>\n<p>Clica\u00a0<strong><a href=\"https:\/\/preinscripcio.gencat.cat\/ca\/inici\/index.html\" target=\"_blank\" rel=\"noopener noreferrer\">AQU\u00cd<\/a><\/strong> per entrar a la p\u00e0gina oficial de la PREINSCRIPCI\u00d3!<\/p>\n<p><strong>Si voleu demanar m\u00e9s informaci\u00f3 sobre la nostra escola o venir a fer una visita podeu demanar cita pr\u00e8via trucant al 972678072 o b\u00e9 enviant un correu electr\u00f2nic a l&#8217;adre\u00e7a b700641@xtec.cat<\/strong><\/p>\n","protected":false},"excerpt":{"rendered":"<p>Us adjuntem un enlla\u00e7 on trobareu tota la informaci\u00f3 relacionada amb la PREINSCRIPCI\u00d3 ESCOLAR PEL CURS 2025-2026. Recordem que el termini per a presentar les sol\u00b7licituds per a l&#8217;etapa de 2n cicle d&#8217;infantil i prim\u00e0ria \u00e9s del 12 AL 26 DE MAR\u00c7 DE 2025.<br \/>\n<a href=\"https:\/\/agora.xtec.cat\/esc-cabanes\/wp-content\/uploads\/usu2421\/2025\/02\/Preinscripcio.png\"><\/a><br \/>\nClica\u00a0<a&hellip;  <a href=\"https:\/\/agora.xtec.cat\/esc-cabanes\/lescola\/preinscripcio-i-matriculacio\/\" title=\"Read Preinscripci\u00f3 i Matriculaci\u00f3\">Llegeix m\u00e9s\u00bb<\/a><\/p>\n","protected":false},"author":1,"featured_media":0,"parent":22,"menu_order":90,"comment_status":"closed","ping_status":"closed","template":"page-templates\/side-menu.php","meta":{"_bbp_topic_count":0,"_bbp_reply_count":0,"_bbp_total_topic_count":0,"_bbp_total_reply_count":0,"_bbp_voice_count":0,"_bbp_anonymous_reply_count":0,"_bbp_topic_count_hidden":0,"_bbp_reply_count_hidden":0,"_bbp_forum_subforum_count":0,"footnotes":""},"class_list":["post-525","page","type-page","status-publish","hentry"],"post_mailing_queue_ids":[],"_links":{"self":[{"href":"https:\/\/agora.xtec.cat\/esc-cabanes\/wp-json\/wp\/v2\/pages\/525","targetHints":{"allow":["GET"]}}],"collection":[{"href":"https:\/\/agora.xtec.cat\/esc-cabanes\/wp-json\/wp\/v2\/pages"}],"about":[{"href":"https:\/\/agora.xtec.cat\/esc-cabanes\/wp-json\/wp\/v2\/types\/page"}],"author":[{"embeddable":true,"href":"https:\/\/agora.xtec.cat\/esc-cabanes\/wp-json\/wp\/v2\/users\/1"}],"replies":[{"embeddable":true,"href":"https:\/\/agora.xtec.cat\/esc-cabanes\/wp-json\/wp\/v2\/comments?post=525"}],"version-history":[{"count":4,"href":"https:\/\/agora.xtec.cat\/esc-cabanes\/wp-json\/wp\/v2\/pages\/525\/revisions"}],"predecessor-version":[{"id":2023,"href":"https:\/\/agora.xtec.cat\/esc-cabanes\/wp-json\/wp\/v2\/pages\/525\/revisions\/2023"}],"up":[{"embeddable":true,"href":"https:\/\/agora.xtec.cat\/esc-cabanes\/wp-json\/wp\/v2\/pages\/22"}],"wp:attachment":[{"href":"https:\/\/agora.xtec.cat\/esc-cabanes\/wp-json\/wp\/v2\/media?parent=525"}],"curies":[{"name":"wp","href":"https:\/\/api.w.org\/{rel}","templated":true}]}}