{"id":469,"date":"2012-04-27T12:22:52","date_gmt":"2012-04-27T11:22:52","guid":{"rendered":"http:\/\/blocs.xtec.cat\/escolabanyeres\/?page_id=469"},"modified":"2021-09-10T13:35:25","modified_gmt":"2021-09-10T11:35:25","slug":"autoritzacions-dinici-de-curs","status":"publish","type":"page","link":"https:\/\/agora.xtec.cat\/esc-banyeres\/atencio-a-les-families\/autoritzacions-dinici-de-curs\/","title":{"rendered":"Autoritzacions d&#8217;inici de curs"},"content":{"rendered":"<p>En aquest espai podeu consultar i imprimir les autoritzacions d&#8217;inici de curs que us siguin necess\u00e0ries.<\/p>\n<ul>\n<li>Autoritzacions drets d&#8217;imatge<\/li>\n<li>Autoritzaci\u00f3 d&#8217;\u00fas i recursos digitals a internet per treballar a l&#8217;aula<\/li>\n<li>Q\u00fcestionari personal de l\u2019alumne\/a<\/li>\n<li>Autoritzaci\u00f3 d&#8217;acompanyants per a la sortida<\/li>\n<li>Autoritzaci\u00f3 de sortides escolars<\/li>\n<li>Autoritzaci\u00f3 per a l&#8217;administraci\u00f3 de medicaments<\/li>\n<li>Declaraci\u00f3 responsable prim\u00e0ria<\/li>\n<li>Declaraci\u00f3 responsable infantil<\/li>\n<\/ul>\n","protected":false},"excerpt":{"rendered":"<p>En aquest espai podeu consultar i imprimir les autoritzacions d&#8217;inici de curs que us siguin necess\u00e0ries. Autoritzacions drets d&#8217;imatge Autoritzaci\u00f3 d&#8217;\u00fas i recursos digitals a internet per treballar a l&#8217;aula Q\u00fcestionari personal de l\u2019alumne\/a Autoritzaci\u00f3 d&#8217;acompanyants per a la sortida Autoritzaci\u00f3 de sortides escolars Autoritzaci\u00f3 per a l&#8217;administraci\u00f3 de medicaments Declaraci\u00f3 responsable prim\u00e0ria Declaraci\u00f3 responsable [&hellip;]<\/p>\n","protected":false},"author":1,"featured_media":0,"parent":1470,"menu_order":3,"comment_status":"closed","ping_status":"open","template":"page-templates\/side-menu.php","meta":{"_bbp_topic_count":0,"_bbp_reply_count":0,"_bbp_total_topic_count":0,"_bbp_total_reply_count":0,"_bbp_voice_count":0,"_bbp_anonymous_reply_count":0,"_bbp_topic_count_hidden":0,"_bbp_reply_count_hidden":0,"_bbp_forum_subforum_count":0,"site-sidebar-layout":"default","site-content-layout":"","ast-site-content-layout":"","site-content-style":"default","site-sidebar-style":"default","ast-global-header-display":"","ast-banner-title-visibility":"","ast-main-header-display":"","ast-hfb-above-header-display":"","ast-hfb-below-header-display":"","ast-hfb-mobile-header-display":"","site-post-title":"","ast-breadcrumbs-content":"","ast-featured-img":"","footer-sml-layout":"","theme-transparent-header-meta":"","adv-header-id-meta":"","stick-header-meta":"","header-above-stick-meta":"","header-main-stick-meta":"","header-below-stick-meta":"","astra-migrate-meta-layouts":"default","ast-page-background-enabled":"default","ast-page-background-meta":{"desktop":{"background-color":"var(--ast-global-color-4)","background-image":"","background-repeat":"repeat","background-position":"center center","background-size":"auto","background-attachment":"scroll","background-type":"","background-media":"","overlay-type":"","overlay-color":"","overlay-opacity":"","overlay-gradient":""},"tablet":{"background-color":"","background-image":"","background-repeat":"repeat","background-position":"center center","background-size":"auto","background-attachment":"scroll","background-type":"","background-media":"","overlay-type":"","overlay-color":"","overlay-opacity":"","overlay-gradient":""},"mobile":{"background-color":"","background-image":"","background-repeat":"repeat","background-position":"center center","background-size":"auto","background-attachment":"scroll","background-type":"","background-media":"","overlay-type":"","overlay-color":"","overlay-opacity":"","overlay-gradient":""}},"ast-content-background-meta":{"desktop":{"background-color":"var(--ast-global-color-5)","background-image":"","background-repeat":"repeat","background-position":"center center","background-size":"auto","background-attachment":"scroll","background-type":"","background-media":"","overlay-type":"","overlay-color":"","overlay-opacity":"","overlay-gradient":""},"tablet":{"background-color":"var(--ast-global-color-5)","background-image":"","background-repeat":"repeat","background-position":"center center","background-size":"auto","background-attachment":"scroll","background-type":"","background-media":"","overlay-type":"","overlay-color":"","overlay-opacity":"","overlay-gradient":""},"mobile":{"background-color":"var(--ast-global-color-5)","background-image":"","background-repeat":"repeat","background-position":"center center","background-size":"auto","background-attachment":"scroll","background-type":"","background-media":"","overlay-type":"","overlay-color":"","overlay-opacity":"","overlay-gradient":""}},"footnotes":""},"class_list":["post-469","page","type-page","status-publish","hentry"],"post_mailing_queue_ids":[],"_links":{"self":[{"href":"https:\/\/agora.xtec.cat\/esc-banyeres\/wp-json\/wp\/v2\/pages\/469","targetHints":{"allow":["GET"]}}],"collection":[{"href":"https:\/\/agora.xtec.cat\/esc-banyeres\/wp-json\/wp\/v2\/pages"}],"about":[{"href":"https:\/\/agora.xtec.cat\/esc-banyeres\/wp-json\/wp\/v2\/types\/page"}],"author":[{"embeddable":true,"href":"https:\/\/agora.xtec.cat\/esc-banyeres\/wp-json\/wp\/v2\/users\/1"}],"replies":[{"embeddable":true,"href":"https:\/\/agora.xtec.cat\/esc-banyeres\/wp-json\/wp\/v2\/comments?post=469"}],"version-history":[{"count":3,"href":"https:\/\/agora.xtec.cat\/esc-banyeres\/wp-json\/wp\/v2\/pages\/469\/revisions"}],"predecessor-version":[{"id":1670,"href":"https:\/\/agora.xtec.cat\/esc-banyeres\/wp-json\/wp\/v2\/pages\/469\/revisions\/1670"}],"up":[{"embeddable":true,"href":"https:\/\/agora.xtec.cat\/esc-banyeres\/wp-json\/wp\/v2\/pages\/1470"}],"wp:attachment":[{"href":"https:\/\/agora.xtec.cat\/esc-banyeres\/wp-json\/wp\/v2\/media?parent=469"}],"curies":[{"name":"wp","href":"https:\/\/api.w.org\/{rel}","templated":true}]}}