{"id":34,"date":"2014-09-18T12:32:18","date_gmt":"2014-09-18T11:32:18","guid":{"rendered":"http:\/\/agora.xtec.cat\/esc-balmes-mataro\/?page_id=34"},"modified":"2018-02-20T20:23:01","modified_gmt":"2018-02-20T19:23:01","slug":"oferta-educativa","status":"publish","type":"page","link":"https:\/\/agora.xtec.cat\/esc-balmes-mataro\/lescola\/oferta-educativa\/","title":{"rendered":"Oferta educativa"},"content":{"rendered":"<p>El Projecte Educatiu de Centre (PEC) de la nostra escola, que \u00e9s d\u2019una sola l\u00ednia, es desenvolupa a trav\u00e9s de dues etapes educatives:<\/p>\n<ul class=\"list type-1\">\n<li><strong><a title=\"Etapa Educaci\u00f3 Infantil\" href=\"http:\/\/escolabalmes.cat\/?page_id=544\">Educaci\u00f3 Infantil<\/a><\/strong>: de 3 a 6 anys<\/li>\n<\/ul>\n<p>\u2212 Segon Cicle (P3, P4 i P5)<\/p>\n<ul class=\"list type-1\">\n<li><strong><a title=\"Etapa Educaci\u00f3 Prim\u00e0ria\" href=\"http:\/\/escolabalmes.cat\/?page_id=552\">Educaci\u00f3 Prim\u00e0ria<\/a><\/strong>: de 7 a 12 anys<\/li>\n<\/ul>\n<p>\u2212 Cicle Inicial (1r i 2n)<\/p>\n<p>\u2212 Cicle Mitj\u00e0 (3r i 4t )<\/p>\n<p>\u2212 Cicle Superior (5\u00e8 i 6\u00e8)<\/p>\n<p>Cada curs, des d\u2019Educaci\u00f3 Infantil fins a 6\u00e8 de Prim\u00e0ria, est\u00e0 a c\u00e0rrec d\u2019un tutor\/a que es fa responsable del grup i del bon funcionament de l\u2019aula. A m\u00e9s dels tutors\/es, intervenen els\/les mestres especialistes d\u2019Educaci\u00f3 F\u00edsica, de M\u00fasica, d\u2019Angl\u00e8s i d\u2019Educaci\u00f3 Especial (Psic\u00f2loga). Tamb\u00e9 es treballa cada setmana les TIC (T\u00e8cniques d\u2019Inform\u00e0tica i Comunicaci\u00f3) la Intel\u00b7lig\u00e8ncia Emocional (Psic\u00f2loga del centre).<\/p>\n<p>El fet de ser un centre <strong>d\u2019una sola l\u00ednia<\/strong> \u2013 des de P3 a 6\u00e8 de prim\u00e0ria \u2013 d\u00f3na a la nostra escola un <strong>caire familiar<\/strong>.<\/p>\n<p>Per tal de donar als nostres alumnes continu\u00eftat tenim formalitzat un <strong>conveni, regulat per la Generalitat, amb l\u2019escola de secund\u00e0ria <a href=\"http:\/\/www.freta.es\/FRETA-MATARO\/\" target=\"_blank\" rel=\"noopener noreferrer\">FRETA<\/a> <\/strong>de la nostra ciutat. En aquest centre, concertat a tots els nivells, els\/les nostres alumnes tenen pla\u00e7a assegurada per cursar els estudis de l\u2019ESO, els Batxillerats i els Cicles Formatius.<\/p>\n","protected":false},"excerpt":{"rendered":"<p>El Projecte Educatiu de Centre (PEC) de la nostra escola, que \u00e9s d\u2019una sola l\u00ednia, es desenvolupa a trav\u00e9s de dues etapes educatives:<\/p>\n<ul class=\"list type-1\">\n<li><a title=\"Etapa Educaci\u00f3 Infantil\" href=\"http:\/\/escolabalmes.cat\/?page_id=544\">Educaci\u00f3 Infantil<\/a>: de 3 a 6 anys<\/li>\n<\/ul>\n<p>\u2212 Segon Cicle (P3, P4 i P5)<\/p>\n<ul class=\"list type-1\">\n<li><a title=\"Etapa Educaci\u00f3&hellip;  <a href=\"https:\/\/agora.xtec.cat\/esc-balmes-mataro\/lescola\/oferta-educativa\/\" title=\"Read Oferta educativa\">Llegeix m\u00e9s\u00bb<\/a><br \/>\n","protected":false},"author":1,"featured_media":0,"parent":22,"menu_order":60,"comment_status":"closed","ping_status":"closed","template":"page-templates\/side-menu.php","meta":{"_bbp_topic_count":0,"_bbp_reply_count":0,"_bbp_total_topic_count":0,"_bbp_total_reply_count":0,"_bbp_voice_count":0,"_bbp_anonymous_reply_count":0,"_bbp_topic_count_hidden":0,"_bbp_reply_count_hidden":0,"_bbp_forum_subforum_count":0,"footnotes":""},"class_list":["post-34","page","type-page","status-publish","hentry"],"post_mailing_queue_ids":[],"_links":{"self":[{"href":"https:\/\/agora.xtec.cat\/esc-balmes-mataro\/wp-json\/wp\/v2\/pages\/34","targetHints":{"allow":["GET"]}}],"collection":[{"href":"https:\/\/agora.xtec.cat\/esc-balmes-mataro\/wp-json\/wp\/v2\/pages"}],"about":[{"href":"https:\/\/agora.xtec.cat\/esc-balmes-mataro\/wp-json\/wp\/v2\/types\/page"}],"author":[{"embeddable":true,"href":"https:\/\/agora.xtec.cat\/esc-balmes-mataro\/wp-json\/wp\/v2\/users\/1"}],"replies":[{"embeddable":true,"href":"https:\/\/agora.xtec.cat\/esc-balmes-mataro\/wp-json\/wp\/v2\/comments?post=34"}],"version-history":[{"count":2,"href":"https:\/\/agora.xtec.cat\/esc-balmes-mataro\/wp-json\/wp\/v2\/pages\/34\/revisions"}],"predecessor-version":[{"id":710,"href":"https:\/\/agora.xtec.cat\/esc-balmes-mataro\/wp-json\/wp\/v2\/pages\/34\/revisions\/710"}],"up":[{"embeddable":true,"href":"https:\/\/agora.xtec.cat\/esc-balmes-mataro\/wp-json\/wp\/v2\/pages\/22"}],"wp:attachment":[{"href":"https:\/\/agora.xtec.cat\/esc-balmes-mataro\/wp-json\/wp\/v2\/media?parent=34"}],"curies":[{"name":"wp","href":"https:\/\/api.w.org\/{rel}","templated":true}]}}