{"id":28,"date":"2014-09-18T12:29:35","date_gmt":"2014-09-18T11:29:35","guid":{"rendered":"http:\/\/agora.xtec.cat\/esc-balmes-mataro\/?page_id=28"},"modified":"2018-02-20T20:19:27","modified_gmt":"2018-02-20T19:19:27","slug":"consell-escolar","status":"publish","type":"page","link":"https:\/\/agora.xtec.cat\/esc-balmes-mataro\/lescola\/consell-escolar\/","title":{"rendered":"\u00d2rgans de govern"},"content":{"rendered":"<p align=\"JUSTIFY\"><u>O\u0300rgans de govern i de gestio\u0301 de l\u2019escola<\/u><\/p>\n<p align=\"JUSTIFY\">El Titular de l\u2019escola e\u0301s el CENTRE CATO\u0300LIC i te\u0301 la responsabilitat u\u0301ltima davant l\u2019Administracio\u0301 educativa, els pares i mares d\u2019alumnes, el professorat i el personal d\u2019administracio\u0301 i serveis.<\/p>\n<p align=\"JUSTIFY\"><u>O\u0300rgans de govern unipersonals<\/u><\/p>\n<p align=\"JUSTIFY\"><i>El Titular <\/i>e\u0301s representat a l\u2019escola pel Sr. Joaquim Llorens, que e\u0301s tambe\u0301 l\u2019Administrador.<\/p>\n<p align=\"JUSTIFY\"><i>La Directora Pedago\u0300gica <\/i>e\u0301s la responsable de dirigir i coordinar el conjunt de les activitats acade\u0300miques. Aquesta funcio\u0301 la porta a terme Maria Rosa Cusco\u0301.<\/p>\n<p align=\"JUSTIFY\"><i>La Subdirectora <\/i>\u00e9s la responsable d\u2019impulsar el treball escolar juntament amb la directora i de portar a terme aquelles funcions que l\u2019Administrador li delegui. Aquesta funcio\u0301 la porta a terme Anna M. Llorens.<\/p>\n<p align=\"JUSTIFY\"><u>O\u0300rgans de gestio\u0301 unipersonals<\/u><\/p>\n<p align=\"JUSTIFY\"><i>La Cap d\u2019Estudis <\/i>e\u0301s la responsable del seguiment de les activitats docents amb col\u00b7laboracio\u0301 amb el directora, la subdirectora i el claustre de professors. Aquesta funcio\u0301 la porta a terme Olga Rovira.<\/p>\n<p align=\"JUSTIFY\"><i>La Secreta\u0300ria <\/i>e\u0301s la responsable de l\u2019arxiu documental del centre en els aspectes acade\u0300mics i administratius aixi\u0301 com l\u2019atencio\u0301 a les fami\u0301lies. Aquesta tasca la realitzen Pilar Trabal i M\u00f2nica Cuenca.<\/p>\n<p align=\"JUSTIFY\"><i>Les Coordinadores d\u2019etapa <\/i>so\u0301n les responsables del treball conjunt dels mestres de cada nivell. L\u2019educacio\u0301 e\u0301s una cosa continuada i, per tant, ha de tenir cohere\u0300ncia i coordinacio\u0301. Les responsables so\u0301n F\u00e0tima Itxart a Educacio\u0301 Infantil i Bel\u00e9n L\u00f3pez Ib\u00e1\u00f1ez a Educacio\u0301 Prima\u0300ria.<\/p>\n<p align=\"JUSTIFY\"><u>O\u0300rgans de govern col\u00b7legiats:<\/u><\/p>\n<p align=\"JUSTIFY\"><b>L\u2019Equip Directiu del Centre <\/b>e\u0301s l\u2019o\u0300rgan de govern col\u00b7legiat que do\u0301na cohesio\u0301 i continui\u0308tat a l\u2019accio\u0301 educativa que es realitza en les diferents etapes del centre.<\/p>\n<p align=\"JUSTIFY\">Esta\u0300 format per:<\/p>\n<p align=\"JUSTIFY\">\u2212 \u00a0La directora: Maria Rosa Cusco\u0301<\/p>\n<p align=\"JUSTIFY\">\u2212 \u00a0La subdirectora: Anna Maria Llorens<\/p>\n<p align=\"JUSTIFY\">\u2212 \u00a0La Cap d\u2019Estudis: Olga Rovira<\/p>\n<p align=\"JUSTIFY\"><b>El Claustre de Professors <\/b>e\u0301s l\u2019\u00f2rgan de govern col\u00b7legiat format per la totalitat dels professors i professores que imparteixen la doce\u0300ncia en el Centre.<\/p>\n<p align=\"JUSTIFY\"><b>La Junta Directiva de l\u2019AMPA <\/b>e\u0301s el grup de pares i mares, que elegits<\/p>\n<p align=\"JUSTIFY\">per l\u2019Assemblea, col\u00b7laboren en el bon funcionament de l\u2019Escola.<\/p>\n<p align=\"JUSTIFY\"><b>El Consell Escolar del Centre <\/b>e\u0301s l\u2019o\u0300rgan de govern col\u00b7legiat representatiu de la comunitat educativa i exerceix les seves funcions en el respecte als drets dels alumnes i llurs pares i mares, professors i professores, personal d\u2019administracio\u0301 i serveis i institucio\u0301 titular.<\/p>\n<p align=\"JUSTIFY\">Esta\u0300 format per:<\/p>\n<p><strong><u>Presidenta<\/u>: <\/strong><\/p>\n<p>MARIA ROSA CUSCO\u0301 I ALBER\u00d3<\/p>\n<p align=\"JUSTIFY\"><strong><u>Representants de la Titularitat:<\/u><\/strong><\/p>\n<p align=\"JUSTIFY\">JOAQUIM LLORENS I CABOT<\/p>\n<p align=\"JUSTIFY\">ANTONI BLANCH I JOSEPH<\/p>\n<p align=\"JUSTIFY\">CARLES GRAN\u0303E\u0301 I SALT\u00d3<\/p>\n<p align=\"JUSTIFY\"><strong><u>Representants dels mestres: <\/u><\/strong><\/p>\n<p align=\"JUSTIFY\">ANNA M. LLORENS I MARTORI<\/p>\n<p align=\"JUSTIFY\">BEL\u00c9N L\u00d3PEZ-IB\u00c1\u00d1EZ I RAN<\/p>\n<p align=\"JUSTIFY\">ANTONIA LARA I VILCHEZ<\/p>\n<p align=\"JUSTIFY\">F\u00c0TIMA ITXART I FERN\u00c1NDEZ<\/p>\n<p align=\"JUSTIFY\"><strong><u>Representants dels Pares<\/u>: <\/strong><\/p>\n<p align=\"JUSTIFY\">MARTA FERN\u00c1NDEZ I DALMAU<\/p>\n<p align=\"JUSTIFY\">YOLANDA QUI\u00d1OY I RODR\u00cdGUEZ<\/p>\n<p align=\"JUSTIFY\">ROSA M.\u00aa MORALES I MARTOS<\/p>\n<p align=\"JUSTIFY\">PRESENTACI\u00d3N GARC\u00cdA I BONILLA<\/p>\n<p align=\"JUSTIFY\"><strong><u>Representant PAS:<\/u><\/strong><\/p>\n<p align=\"JUSTIFY\">M\u00d2NICA CUENCA I FONTBONA<\/p>\n","protected":false},"excerpt":{"rendered":"<p>O\u0300rgans de govern i de gestio\u0301 de l\u2019escola<br \/>\nEl Titular de l\u2019escola e\u0301s el CENTRE CATO\u0300LIC i te\u0301 la responsabilitat u\u0301ltima davant l\u2019Administracio\u0301 educativa, els pares i mares d\u2019alumnes, el professorat i el personal d\u2019administracio\u0301 i serveis.<br \/>\nO\u0300rgans de govern unipersonals<br \/>\nEl Titular e\u0301s representat a l\u2019escola pel&hellip;  <a href=\"https:\/\/agora.xtec.cat\/esc-balmes-mataro\/lescola\/consell-escolar\/\" title=\"Read \u00d2rgans de govern\">Llegeix m\u00e9s\u00bb<\/a><\/p>\n","protected":false},"author":1,"featured_media":0,"parent":22,"menu_order":30,"comment_status":"closed","ping_status":"closed","template":"page-templates\/side-menu.php","meta":{"_bbp_topic_count":0,"_bbp_reply_count":0,"_bbp_total_topic_count":0,"_bbp_total_reply_count":0,"_bbp_voice_count":0,"_bbp_anonymous_reply_count":0,"_bbp_topic_count_hidden":0,"_bbp_reply_count_hidden":0,"_bbp_forum_subforum_count":0,"footnotes":""},"class_list":["post-28","page","type-page","status-publish","hentry"],"post_mailing_queue_ids":[],"_links":{"self":[{"href":"https:\/\/agora.xtec.cat\/esc-balmes-mataro\/wp-json\/wp\/v2\/pages\/28","targetHints":{"allow":["GET"]}}],"collection":[{"href":"https:\/\/agora.xtec.cat\/esc-balmes-mataro\/wp-json\/wp\/v2\/pages"}],"about":[{"href":"https:\/\/agora.xtec.cat\/esc-balmes-mataro\/wp-json\/wp\/v2\/types\/page"}],"author":[{"embeddable":true,"href":"https:\/\/agora.xtec.cat\/esc-balmes-mataro\/wp-json\/wp\/v2\/users\/1"}],"replies":[{"embeddable":true,"href":"https:\/\/agora.xtec.cat\/esc-balmes-mataro\/wp-json\/wp\/v2\/comments?post=28"}],"version-history":[{"count":3,"href":"https:\/\/agora.xtec.cat\/esc-balmes-mataro\/wp-json\/wp\/v2\/pages\/28\/revisions"}],"predecessor-version":[{"id":707,"href":"https:\/\/agora.xtec.cat\/esc-balmes-mataro\/wp-json\/wp\/v2\/pages\/28\/revisions\/707"}],"up":[{"embeddable":true,"href":"https:\/\/agora.xtec.cat\/esc-balmes-mataro\/wp-json\/wp\/v2\/pages\/22"}],"wp:attachment":[{"href":"https:\/\/agora.xtec.cat\/esc-balmes-mataro\/wp-json\/wp\/v2\/media?parent=28"}],"curies":[{"name":"wp","href":"https:\/\/api.w.org\/{rel}","templated":true}]}}