{"id":841,"date":"2018-10-11T16:31:03","date_gmt":"2018-10-11T14:31:03","guid":{"rendered":"http:\/\/agora.xtec.cat\/esc-antoniubachisoler\/?page_id=841"},"modified":"2025-02-04T16:27:30","modified_gmt":"2025-02-04T15:27:30","slug":"menjador-escolar","status":"publish","type":"page","link":"https:\/\/agora.xtec.cat\/esc-antoniubachisoler\/lescola\/menjador-escolar\/","title":{"rendered":"Menjador escolar"},"content":{"rendered":"<p>L&#8217;Institut escola ofereix el servei de menjador. Aquest curs \u00e9s gestionat per l&#8217;empresa <strong>Mediterr\u00e1nea de C\u00e1tering.<\/strong><\/p>\n<p>Per a les inscripcions, cal complimentar la <a href=\"https:\/\/agora.xtec.cat\/esc-antoniubachisoler\/wp-content\/uploads\/usu1903\/2023\/09\/FITXA-INSCRIPCIO-MODEL-2023-2024-TERRASSA-MPG.pdf\"><strong>FITXA D&#8217;INSCRIPCI\u00d3<\/strong> <\/a>pel curs 2023-24 que us adjuntem, i enviar-la per correu electr\u00f2nic, abans del dia 6 de setembre, a l\u2019adre\u00e7a:<br \/>\n<a href=\"mailto:oficinaterrassa@mediterranea-group.com\">oficinaterrassa@mediterranea-group.com<\/a><\/p>\n<p>Tamb\u00e9 us adjuntem el document amb la <a href=\"https:\/\/agora.xtec.cat\/esc-antoniubachisoler\/wp-content\/uploads\/usu1903\/2023\/09\/NORMATIVA-MENJADOR-TERRASSA.pdf\"><strong>NORMATIVA<\/strong><\/a> del servei de menjador.<\/p>\n<p>Per a la recollida d\u2019alumnat, abs\u00e8ncies i d\u2019altres comunicacions, us podeu posar en contacte amb la <span style=\"text-decoration: underline;\">c<\/span><u>oordinadora de menjador en horari de 12h a 15h,<\/u> mitjan\u00e7ant aquestes opcions:<\/p>\n<p><a href=\"https:\/\/agora.xtec.cat\/esc-antoniubachisoler\/wp-content\/uploads\/usu1903\/2023\/09\/Captura-de-pantalla-2023-09-15-150815.png\"><img loading=\"lazy\" decoding=\"async\" class=\"alignnone wp-image-12922\" src=\"https:\/\/agora.xtec.cat\/esc-antoniubachisoler\/wp-content\/uploads\/usu1903\/2023\/09\/Captura-de-pantalla-2023-09-15-150815.png\" alt=\"\" width=\"61\" height=\"40\" srcset=\"https:\/\/agora.xtec.cat\/esc-antoniubachisoler\/wp-content\/uploads\/usu1903\/2023\/09\/Captura-de-pantalla-2023-09-15-150815.png 433w, https:\/\/agora.xtec.cat\/esc-antoniubachisoler\/wp-content\/uploads\/usu1903\/2023\/09\/Captura-de-pantalla-2023-09-15-150815-300x196.png 300w\" sizes=\"auto, (max-width: 61px) 100vw, 61px\" \/><\/a>Tel\u00e8fon: Sheila <strong>610.61.53.16.<\/strong><\/p>\n<p><a href=\"https:\/\/agora.xtec.cat\/esc-antoniubachisoler\/wp-content\/uploads\/usu1903\/2023\/09\/email.png\"><img loading=\"lazy\" decoding=\"async\" class=\"alignnone wp-image-12923\" src=\"https:\/\/agora.xtec.cat\/esc-antoniubachisoler\/wp-content\/uploads\/usu1903\/2023\/09\/email.png\" alt=\"\" width=\"52\" height=\"50\" srcset=\"https:\/\/agora.xtec.cat\/esc-antoniubachisoler\/wp-content\/uploads\/usu1903\/2023\/09\/email.png 439w, https:\/\/agora.xtec.cat\/esc-antoniubachisoler\/wp-content\/uploads\/usu1903\/2023\/09\/email-300x290.png 300w\" sizes=\"auto, (max-width: 52px) 100vw, 52px\" \/><\/a><a href=\"mailto:col.antoniubach@mediterranea-group.com\">col.antoniubach<span class=\"\">@mediterr<\/span>anea-group.com<\/a><\/p>\n<p style=\"font-weight: 400;\"><strong><u>Oficines de contacte<\/u><\/strong><strong>:<\/strong><\/p>\n<p style=\"font-weight: 400;\">Raval de Montserrat, 22 Ent-A<\/p>\n<p style=\"font-weight: 400;\">697.57.07.39\/672.4018.53<\/p>\n<p style=\"font-weight: 400;\">De 9h a 17h<\/p>\n<p><a href=\"https:\/\/agora.xtec.cat\/esc-antoniubachisoler\/wp-content\/uploads\/usu1903\/2024\/10\/IMG-20241009-WA0002.jpg\"><img loading=\"lazy\" decoding=\"async\" class=\"size-large wp-image-14047 aligncenter\" src=\"https:\/\/agora.xtec.cat\/esc-antoniubachisoler\/wp-content\/uploads\/usu1903\/2024\/10\/IMG-20241009-WA0002-724x1024.jpg\" alt=\"\" width=\"724\" height=\"1024\" srcset=\"https:\/\/agora.xtec.cat\/esc-antoniubachisoler\/wp-content\/uploads\/usu1903\/2024\/10\/IMG-20241009-WA0002-724x1024.jpg 724w, https:\/\/agora.xtec.cat\/esc-antoniubachisoler\/wp-content\/uploads\/usu1903\/2024\/10\/IMG-20241009-WA0002-212x300.jpg 212w, https:\/\/agora.xtec.cat\/esc-antoniubachisoler\/wp-content\/uploads\/usu1903\/2024\/10\/IMG-20241009-WA0002-768x1086.jpg 768w, https:\/\/agora.xtec.cat\/esc-antoniubachisoler\/wp-content\/uploads\/usu1903\/2024\/10\/IMG-20241009-WA0002-1086x1536.jpg 1086w, https:\/\/agora.xtec.cat\/esc-antoniubachisoler\/wp-content\/uploads\/usu1903\/2024\/10\/IMG-20241009-WA0002.jpg 1131w\" sizes=\"auto, (max-width: 724px) 100vw, 724px\" \/><\/a><\/p>\n<h3>\ud83d\udd14 Si necessiteu m\u00e9s informaci\u00f3 us deixem aquest <a href=\"https:\/\/agora.xtec.cat\/esc-antoniubachisoler\/wp-content\/uploads\/usu1903\/2024\/09\/03_INF.-ADM.-MENJADOR-24-25_Antoni-Ubanch.pdf\">document<\/a><\/h3>\n","protected":false},"excerpt":{"rendered":"<p>L&#8217;Institut escola ofereix el servei de menjador. Aquest curs \u00e9s gestionat per l&#8217;empresa Mediterr\u00e1nea de C\u00e1tering. Per a les inscripcions, cal complimentar la FITXA D&#8217;INSCRIPCI\u00d3 pel curs 2023-24 que us adjuntem, i enviar-la per correu electr\u00f2nic, abans del dia 6 de setembre, a l\u2019adre\u00e7a: oficinaterrassa@mediterranea-group.com Tamb\u00e9 us adjuntem el document amb la NORMATIVA del servei [&hellip;]<\/p>\n","protected":false},"author":1,"featured_media":0,"parent":22,"menu_order":0,"comment_status":"closed","ping_status":"closed","template":"","meta":{"site-sidebar-layout":"default","site-content-layout":"","ast-site-content-layout":"default","site-content-style":"default","site-sidebar-style":"default","ast-global-header-display":"","ast-banner-title-visibility":"","ast-main-header-display":"","ast-hfb-above-header-display":"","ast-hfb-below-header-display":"","ast-hfb-mobile-header-display":"","site-post-title":"","ast-breadcrumbs-content":"","ast-featured-img":"","footer-sml-layout":"","theme-transparent-header-meta":"default","adv-header-id-meta":"","stick-header-meta":"","header-above-stick-meta":"","header-main-stick-meta":"","header-below-stick-meta":"","astra-migrate-meta-layouts":"set","ast-page-background-enabled":"default","ast-page-background-meta":{"desktop":{"background-color":"var(--ast-global-color-4)","background-image":"","background-repeat":"repeat","background-position":"center center","background-size":"auto","background-attachment":"scroll","background-type":"","background-media":"","overlay-type":"","overlay-color":"","overlay-opacity":"","overlay-gradient":""},"tablet":{"background-color":"","background-image":"","background-repeat":"repeat","background-position":"center center","background-size":"auto","background-attachment":"scroll","background-type":"","background-media":"","overlay-type":"","overlay-color":"","overlay-opacity":"","overlay-gradient":""},"mobile":{"background-color":"","background-image":"","background-repeat":"repeat","background-position":"center center","background-size":"auto","background-attachment":"scroll","background-type":"","background-media":"","overlay-type":"","overlay-color":"","overlay-opacity":"","overlay-gradient":""}},"ast-content-background-meta":{"desktop":{"background-color":"var(--ast-global-color-5)","background-image":"","background-repeat":"repeat","background-position":"center center","background-size":"auto","background-attachment":"scroll","background-type":"","background-media":"","overlay-type":"","overlay-color":"","overlay-opacity":"","overlay-gradient":""},"tablet":{"background-color":"var(--ast-global-color-5)","background-image":"","background-repeat":"repeat","background-position":"center center","background-size":"auto","background-attachment":"scroll","background-type":"","background-media":"","overlay-type":"","overlay-color":"","overlay-opacity":"","overlay-gradient":""},"mobile":{"background-color":"var(--ast-global-color-5)","background-image":"","background-repeat":"repeat","background-position":"center center","background-size":"auto","background-attachment":"scroll","background-type":"","background-media":"","overlay-type":"","overlay-color":"","overlay-opacity":"","overlay-gradient":""}},"footnotes":""},"class_list":["post-841","page","type-page","status-publish","hentry"],"post_mailing_queue_ids":[],"_links":{"self":[{"href":"https:\/\/agora.xtec.cat\/esc-antoniubachisoler\/wp-json\/wp\/v2\/pages\/841","targetHints":{"allow":["GET"]}}],"collection":[{"href":"https:\/\/agora.xtec.cat\/esc-antoniubachisoler\/wp-json\/wp\/v2\/pages"}],"about":[{"href":"https:\/\/agora.xtec.cat\/esc-antoniubachisoler\/wp-json\/wp\/v2\/types\/page"}],"author":[{"embeddable":true,"href":"https:\/\/agora.xtec.cat\/esc-antoniubachisoler\/wp-json\/wp\/v2\/users\/1"}],"replies":[{"embeddable":true,"href":"https:\/\/agora.xtec.cat\/esc-antoniubachisoler\/wp-json\/wp\/v2\/comments?post=841"}],"version-history":[{"count":9,"href":"https:\/\/agora.xtec.cat\/esc-antoniubachisoler\/wp-json\/wp\/v2\/pages\/841\/revisions"}],"predecessor-version":[{"id":14519,"href":"https:\/\/agora.xtec.cat\/esc-antoniubachisoler\/wp-json\/wp\/v2\/pages\/841\/revisions\/14519"}],"up":[{"embeddable":true,"href":"https:\/\/agora.xtec.cat\/esc-antoniubachisoler\/wp-json\/wp\/v2\/pages\/22"}],"wp:attachment":[{"href":"https:\/\/agora.xtec.cat\/esc-antoniubachisoler\/wp-json\/wp\/v2\/media?parent=841"}],"curies":[{"name":"wp","href":"https:\/\/api.w.org\/{rel}","templated":true}]}}