{"id":10707,"date":"2022-05-04T17:35:53","date_gmt":"2022-05-04T15:35:53","guid":{"rendered":"https:\/\/agora.xtec.cat\/esc-antoniubachisoler\/?page_id=10707"},"modified":"2025-01-27T15:20:12","modified_gmt":"2025-01-27T14:20:12","slug":"preinscripcio","status":"publish","type":"page","link":"https:\/\/agora.xtec.cat\/esc-antoniubachisoler\/lescola\/preinscripcio\/","title":{"rendered":"Proc\u00e9s de preinscripci\u00f3 i matr\u00edcula 2025\/26"},"content":{"rendered":"<p><span style=\"text-decoration: underline;\"><strong>Quin tipus de documentaci\u00f3 necessito per fer la preinscripci\u00f3 i com l&#8217;he de presentar?<\/strong><\/span><\/p>\n<p>En fer la sol\u00b7licitud de preinscripci\u00f3 escolar has d&#8217;acreditar la documentaci\u00f3 identificativa\u00a0de les persones sol\u00b7licitants o de l&#8217;alumne o alumna per al qual sol\u00b7licites la pla\u00e7a, i la documentaci\u00f3 acreditativa dels criteris de prioritat:<\/p>\n<p><a href=\"https:\/\/agora.xtec.cat\/esc-antoniubachisoler\/wp-content\/uploads\/usu1903\/2023\/03\/1-1.png\"><img loading=\"lazy\" decoding=\"async\" class=\"alignnone size-full wp-image-12152\" src=\"https:\/\/agora.xtec.cat\/esc-antoniubachisoler\/wp-content\/uploads\/usu1903\/2023\/03\/1-1.png\" alt=\"\" width=\"411\" height=\"574\" srcset=\"https:\/\/agora.xtec.cat\/esc-antoniubachisoler\/wp-content\/uploads\/usu1903\/2023\/03\/1-1.png 411w, https:\/\/agora.xtec.cat\/esc-antoniubachisoler\/wp-content\/uploads\/usu1903\/2023\/03\/1-1-215x300.png 215w\" sizes=\"auto, (max-width: 411px) 100vw, 411px\" \/><\/a><\/p>\n<p><a href=\"https:\/\/agora.xtec.cat\/esc-antoniubachisoler\/wp-content\/uploads\/usu1903\/2023\/03\/2.png\"><img loading=\"lazy\" decoding=\"async\" class=\"alignnone size-full wp-image-12149\" src=\"https:\/\/agora.xtec.cat\/esc-antoniubachisoler\/wp-content\/uploads\/usu1903\/2023\/03\/2.png\" alt=\"\" width=\"475\" height=\"559\" srcset=\"https:\/\/agora.xtec.cat\/esc-antoniubachisoler\/wp-content\/uploads\/usu1903\/2023\/03\/2.png 475w, https:\/\/agora.xtec.cat\/esc-antoniubachisoler\/wp-content\/uploads\/usu1903\/2023\/03\/2-255x300.png 255w\" sizes=\"auto, (max-width: 475px) 100vw, 475px\" \/><\/a><\/p>\n<p><a href=\"https:\/\/agora.xtec.cat\/esc-antoniubachisoler\/wp-content\/uploads\/usu1903\/2023\/03\/3.png\"><img loading=\"lazy\" decoding=\"async\" class=\"alignnone size-full wp-image-12150\" src=\"https:\/\/agora.xtec.cat\/esc-antoniubachisoler\/wp-content\/uploads\/usu1903\/2023\/03\/3.png\" alt=\"\" width=\"388\" height=\"200\" srcset=\"https:\/\/agora.xtec.cat\/esc-antoniubachisoler\/wp-content\/uploads\/usu1903\/2023\/03\/3.png 388w, https:\/\/agora.xtec.cat\/esc-antoniubachisoler\/wp-content\/uploads\/usu1903\/2023\/03\/3-300x155.png 300w\" sizes=\"auto, (max-width: 388px) 100vw, 388px\" \/><\/a><\/p>\n<p>En tots els casos has d&#8217;escanejar o b\u00e9 fotografiar per ambdues cares els documents o acreditacions i els has de tenir disponibles en el dispositiu que utilitzar\u00e0s per emplenar el formulari, ja sigui un ordinador, una tauleta o un tel\u00e8fon intel\u00b7ligent.<\/p>\n<div>\n<div>\n<div id=\"m_-1640352776065877098m_-7389264638616467552m_-5166138657004232237m_-742932229141651252m_-3236688211349492240gmail-faq-quin-tipus-de-documentacio-necessito-per-fer-la-preinscripcio-i-com-l-he-de-presentar\">\n<div>\n<div>\n<h3><span style=\"text-decoration: underline;\"><span style=\"font-size: large;\">Busca el codi identificatiu de l&#8217;infant (nom\u00e9s per a alumnes que han estat escolaritzats a Catalunya a partir del curs 2021-2022):<\/span><\/span><\/h3>\n<div>\n<div>\n<p>Tots els infants que han estat matriculats en una llar d&#8217;infants o en una escola bressol a Catalunya a partir del curs 2021-2022 tenen assignat un codi identificador del Registre d&#8217;alumnes de Catalunya, el RALC.<\/p>\n<p>Aquest codi es pot consultar a:\u00a0<a title=\"Consulta l'identificador de l'alumne\" href=\"http:\/\/educacio.gencat.cat\/ca\/tramits\/tramits-temes\/identificador-alumne\" target=\"_blank\" rel=\"noopener\" data-saferedirecturl=\"https:\/\/www.google.com\/url?q=http:\/\/educacio.gencat.cat\/ca\/tramits\/tramits-temes\/identificador-alumne&amp;source=gmail&amp;ust=1709207881600000&amp;usg=AOvVaw3UqWJUUDcCiiflIyZhr8bL\">Consulta l&#8217;identificador de l&#8217;alumne<\/a>.<\/p>\n<p>En la sol\u00b7licitud de preinscripci\u00f3 s&#8217;ha de consignar aquest codi\u00a0<b>en la casella \u00abIdentificador de l&#8217;alumne\u00bb<\/b> de l&#8217;apartat Dades personals de l&#8217;alumne.<\/p>\n<p>&nbsp;<\/p>\n<\/div>\n<\/div>\n<\/div>\n<\/div>\n<\/div>\n<\/div>\n<\/div>\n<h4 style=\"text-align: center;\"><span style=\"text-decoration: underline;\"><strong>Calendari 2025 &#8211; 2026<\/strong><\/span><\/h4>\n<p>&nbsp;<\/p>\n<table style=\"width: 74.1707%; height: 365px;\">\n<tbody>\n<tr style=\"height: 32px;\">\n<td style=\"height: 32px;\" width=\"347\">\n<h4 style=\"text-align: center;\"><strong>FASES DE LA PREINSCRIPCI\u00d3<\/strong><\/h4>\n<\/td>\n<td style=\"height: 32px;\" width=\"192\">\n<h4 style=\"text-align: center;\"><strong>DATES<\/strong><\/h4>\n<\/td>\n<\/tr>\n<tr style=\"height: 48px;\">\n<td style=\"height: 48px;\" width=\"347\"><strong>Presentaci\u00f3 i\/o modificaci\u00f3 de sol\u00b7licituds 2n cicle Educaci\u00f3 Infantil i Prim\u00e0ria<\/strong><\/td>\n<td style=\"height: 48px;\" width=\"192\"><strong>Del 12 al 26 de mar\u00e7<\/strong><\/td>\n<\/tr>\n<tr style=\"height: 73px;\">\n<td style=\"height: 73px;\">Presentaci\u00f3 i\/o modificaci\u00f3 de sol\u00b7licituds ESO<\/td>\n<td style=\"height: 73px;\">Del 14 al 26 de mar\u00e7<\/td>\n<\/tr>\n<tr style=\"height: 32px;\">\n<td style=\"height: 36px;\" width=\"347\"><strong>Publicaci\u00f3 de la llista de sol\u00b7licituds amb la puntuaci\u00f3 provisional<\/strong><\/td>\n<td style=\"height: 36px;\" width=\"192\"><strong>24 d&#8217;abril\u00a0<\/strong><\/td>\n<\/tr>\n<tr style=\"height: 48px;\">\n<td style=\"height: 48px;\" width=\"347\">Presentaci\u00f3 de reclamacions a la llista amb la puntuaci\u00f3 provisional<\/td>\n<td style=\"height: 48px;\" width=\"192\">Del 24 al 29 d&#8217;abril<\/td>\n<\/tr>\n<tr style=\"height: 48px;\">\n<td style=\"height: 48px;\" width=\"347\"><strong>Sorteig del n\u00famero de desempat<\/strong><\/td>\n<td style=\"height: 48px;\" width=\"192\"><strong>\u00a08 de maig<\/strong><\/td>\n<\/tr>\n<tr style=\"height: 48px;\">\n<td style=\"height: 48px;\" width=\"347\">Publicaci\u00f3 de la llista ordenada<\/td>\n<td style=\"height: 48px;\" width=\"192\">9 de maig<\/td>\n<\/tr>\n<tr style=\"height: 32px;\">\n<td style=\"height: 32px;\" width=\"347\"><strong>Llistes d&#8217;alumnes amb pla\u00e7a assignada<\/strong><\/td>\n<td style=\"height: 32px;\" width=\"192\"><strong>16 de juny<\/strong><\/td>\n<\/tr>\n<\/tbody>\n<\/table>\n<h6 style=\"text-align: center;\">________________________________________________<\/h6>\n<p>&nbsp;<\/p>\n<h2 style=\"text-align: center;\">Criteris de prioritat, com acreditar-los i barem que s&#8217;aplica: <u><\/u><\/h2>\n<ol>\n<li><span style=\"text-decoration: underline;\"><strong> Prioritat en l&#8217;admissi\u00f3 per simultane\u00eftat d&#8217;estudis o per tenir la condici\u00f3 d&#8217;esportista d&#8217;alt rendiment:<\/strong><\/span><\/li>\n<\/ol>\n<p>La simultane\u00eftat amb els ensenyaments professionals de m\u00fasica o de dansa s&#8217;acredita amb una declaraci\u00f3 que es fa en la sol\u00b7licitud de preinscripci\u00f3; en formalitzar la matr\u00edcula, l&#8217;alumne\/a ha d&#8217;acreditar que est\u00e0 matriculat o adm\u00e8s pendent de matriculaci\u00f3 per cursar aquests ensenyaments professionals en un centre autoritzat.<\/p>\n<p>En el cas dels alumnes que segueixen programes esportius d&#8217;alt rendiment l&#8217;acreditaci\u00f3 s&#8217;ha de fer amb un certificat del Consell Catal\u00e0 de l&#8217;Esport \u00f3 amb la relaci\u00f3 d&#8217;esportistes d&#8217;alt nivell publicada al DOGC o BOE, per als esportistes d&#8217;alt nivell.<\/p>\n<ol start=\"2\">\n<li><span style=\"text-decoration: underline;\"><strong> Prioritat en l&#8217;admissi\u00f3 per adscripci\u00f3 entre centres:<\/strong><\/span><\/li>\n<\/ol>\n<p>Per accedir a l&#8217;educaci\u00f3 prim\u00e0ria i a l&#8217;ESO s&#8217;aplica el criteri espec\u00edfic d&#8217;adscripci\u00f3 de centre. L&#8217;adscripci\u00f3 entre centres no s&#8217;ha d&#8217;acreditar amb cap document.<\/p>\n<p><span style=\"text-decoration: underline;\"><strong>3. Aplicaci\u00f3 dels criteris prioritaris:<\/strong><\/span><\/p>\n<p>Els\u00a0<strong>criteris de prioritaris<\/strong>\u00a0s\u00f3n els seg\u00fcents:<\/p>\n<ol>\n<li>Si el fill o filla que opta a la pla\u00e7a t\u00e9\u00a0<strong>germans o germanes que ja estan estudiant al centre sol\u00b7licitat<\/strong>, s&#8217;obtenen\u00a0<strong>50 punts<\/strong>.<\/li>\n<li><strong>Proximitat geogr\u00e0fica del domicili habitual o del lloc de treball del pare o la mare a l&#8217;escola.<\/strong>\n<ul>\n<li>Quan el domicili habitual de la fam\u00edlia es troba dins la zona educativa del centre escolar que es demana en primer lloc, se sumen\u00a0<strong>30 punts<\/strong>.<\/li>\n<li>Quan la ubicaci\u00f3 del lloc de feina del pare, la mare, el tutor o la tutora est\u00e0 dins la zona educativa del centre triat en primer lloc, se sumen\u00a0<strong>20 punts<\/strong>.<\/li>\n<li>Quan el domicili familiar es troba dins del mateix municipi, per\u00f2 no dins de la zona educativa del centre que s&#8217;ha triat en primer lloc, se sumen\u00a0<strong>10 punts<\/strong>.<\/li>\n<\/ul>\n<\/li>\n<li>Si la fam\u00edlia percep la\u00a0<strong>renda garantida de ciutadania<\/strong>, se sumen\u00a0<strong>15 punts<\/strong>.<br \/>\nQuan un membre de la unitat familiar rep l&#8217;ajut de la renda garantida de ciutadania.<\/li>\n<\/ol>\n<p><span style=\"text-decoration: underline;\"><strong>4. Aplicaci\u00f3 dels criteris complementaris:<\/strong><\/span><\/p>\n<p>Els\u00a0<strong>criteris complementaris<\/strong>\u00a0serveixen per desempatar i s\u00f3n:<\/p>\n<ol>\n<li><strong>Criteri del pare, mare o el tutor o tutora legal treballant al centre educatiu<\/strong>. Quan el pare, la mare o el tutor o tutora legal treballen al centre en el moment en qu\u00e8 es presenta la sol\u00b7licitud de preinscripci\u00f3, se sumen\u00a0<strong>10 punts<\/strong>.<\/li>\n<li><strong>Fam\u00edlia nombrosa<\/strong>.\u202fQuan l&#8217;infant forma part d&#8217;una fam\u00edlia nombrosa, se sumen\u00a0<strong>10 punts<\/strong>.<\/li>\n<li><strong>Fam\u00edlia monoparental<\/strong>. Quan l&#8217;infant forma part d&#8217;una fam\u00edlia monoparental, se sumen\u00a0<strong>10 punts<\/strong>.<\/li>\n<li><strong>Ser bess\u00f3 o trigemin<\/strong>. Quan l&#8217;alumne o alumna hagi nascut en un part m\u00faltiple, se sumen\u00a0<strong>10 punts<\/strong>.<\/li>\n<li>Quan l&#8217;alumne o alumna es troba en\u00a0<strong>situaci\u00f3 d&#8217;acolliment familiar<\/strong>, se sumen\u00a0<strong>10 punts<\/strong>.<\/li>\n<li><strong>Quan l&#8217;alumne\/a, el pare o mare, tutor\/a legal o un germ\u00e0\/ana de l&#8217;alumne\/a acredita una discapacitat igual o superior al 33 %.<\/strong><br \/>\nEs consideren afectats per una discapacitat igual o superior al 33 % els pensionistes de la Seguretat Social que tenen reconeguda una pensi\u00f3 d&#8217;incapacitat permanent de grau total, absoluta o de gran invalidesa i els de les classes passives que tenen reconeguda una pensi\u00f3 de jubilaci\u00f3 o de retir per incapacitat permanent per al servei o inutilitat. Barem:\u00a0<strong>15 punts.<\/strong><\/li>\n<li>Se sumen\u00a0<strong>10 punts<\/strong>\u00a0si s&#8217;acredita la\u00a0<strong>condici\u00f3 de v\u00edctima de viol\u00e8ncia de g\u00e8nere o de terrorisme<\/strong>.<\/li>\n<\/ol>\n<p style=\"text-align: center;\">__________________________________________________<\/p>\n<p style=\"text-align: center;\"><strong>Recorda que la documentaci\u00f3 acreditativa tant dels criteris prioritaris com dels complementaris s&#8217;ha d&#8217;adjuntar a la sol\u00b7licitud de preinscripci\u00f3 dins el per\u00edode establert.<\/strong><\/p>\n<p style=\"text-align: center;\"><strong>Si vols m\u00e9s informaci\u00f3 sobre la preinscripci\u00f3, accedeix a la web del Departament\u00a0<a href=\"https:\/\/preinscripcio.gencat.cat\/ca\/estudis\/infantil-3-6\/inici\/\" data-saferedirecturl=\"https:\/\/www.google.com\/url?q=https:\/\/preinscripcio.gencat.cat\/ca\/estudis\/infantil-3-6\/inici\/&amp;source=gmail&amp;ust=1709207881600000&amp;usg=AOvVaw03xXv1PD2gByJIDkYJAw-C\">AQU\u00cd<\/a><\/strong><\/p>\n","protected":false},"excerpt":{"rendered":"<p>Quin tipus de documentaci\u00f3 necessito per fer la preinscripci\u00f3 i com l&#8217;he de presentar? En fer la sol\u00b7licitud de preinscripci\u00f3 escolar has d&#8217;acreditar la documentaci\u00f3 identificativa\u00a0de les persones sol\u00b7licitants o de l&#8217;alumne o alumna per al qual sol\u00b7licites la pla\u00e7a, i la documentaci\u00f3 acreditativa dels criteris de prioritat: En tots els casos has d&#8217;escanejar o [&hellip;]<\/p>\n","protected":false},"author":21,"featured_media":0,"parent":22,"menu_order":0,"comment_status":"closed","ping_status":"closed","template":"page-templates\/side-menu.php","meta":{"site-sidebar-layout":"default","site-content-layout":"","ast-site-content-layout":"","site-content-style":"default","site-sidebar-style":"default","ast-global-header-display":"","ast-banner-title-visibility":"","ast-main-header-display":"","ast-hfb-above-header-display":"","ast-hfb-below-header-display":"","ast-hfb-mobile-header-display":"","site-post-title":"","ast-breadcrumbs-content":"","ast-featured-img":"","footer-sml-layout":"","theme-transparent-header-meta":"","adv-header-id-meta":"","stick-header-meta":"","header-above-stick-meta":"","header-main-stick-meta":"","header-below-stick-meta":"","astra-migrate-meta-layouts":"default","ast-page-background-enabled":"default","ast-page-background-meta":{"desktop":{"background-color":"var(--ast-global-color-4)","background-image":"","background-repeat":"repeat","background-position":"center center","background-size":"auto","background-attachment":"scroll","background-type":"","background-media":"","overlay-type":"","overlay-color":"","overlay-opacity":"","overlay-gradient":""},"tablet":{"background-color":"","background-image":"","background-repeat":"repeat","background-position":"center center","background-size":"auto","background-attachment":"scroll","background-type":"","background-media":"","overlay-type":"","overlay-color":"","overlay-opacity":"","overlay-gradient":""},"mobile":{"background-color":"","background-image":"","background-repeat":"repeat","background-position":"center center","background-size":"auto","background-attachment":"scroll","background-type":"","background-media":"","overlay-type":"","overlay-color":"","overlay-opacity":"","overlay-gradient":""}},"ast-content-background-meta":{"desktop":{"background-color":"var(--ast-global-color-5)","background-image":"","background-repeat":"repeat","background-position":"center center","background-size":"auto","background-attachment":"scroll","background-type":"","background-media":"","overlay-type":"","overlay-color":"","overlay-opacity":"","overlay-gradient":""},"tablet":{"background-color":"var(--ast-global-color-5)","background-image":"","background-repeat":"repeat","background-position":"center center","background-size":"auto","background-attachment":"scroll","background-type":"","background-media":"","overlay-type":"","overlay-color":"","overlay-opacity":"","overlay-gradient":""},"mobile":{"background-color":"var(--ast-global-color-5)","background-image":"","background-repeat":"repeat","background-position":"center center","background-size":"auto","background-attachment":"scroll","background-type":"","background-media":"","overlay-type":"","overlay-color":"","overlay-opacity":"","overlay-gradient":""}},"footnotes":""},"class_list":["post-10707","page","type-page","status-publish","hentry"],"post_mailing_queue_ids":[],"_links":{"self":[{"href":"https:\/\/agora.xtec.cat\/esc-antoniubachisoler\/wp-json\/wp\/v2\/pages\/10707","targetHints":{"allow":["GET"]}}],"collection":[{"href":"https:\/\/agora.xtec.cat\/esc-antoniubachisoler\/wp-json\/wp\/v2\/pages"}],"about":[{"href":"https:\/\/agora.xtec.cat\/esc-antoniubachisoler\/wp-json\/wp\/v2\/types\/page"}],"author":[{"embeddable":true,"href":"https:\/\/agora.xtec.cat\/esc-antoniubachisoler\/wp-json\/wp\/v2\/users\/21"}],"replies":[{"embeddable":true,"href":"https:\/\/agora.xtec.cat\/esc-antoniubachisoler\/wp-json\/wp\/v2\/comments?post=10707"}],"version-history":[{"count":7,"href":"https:\/\/agora.xtec.cat\/esc-antoniubachisoler\/wp-json\/wp\/v2\/pages\/10707\/revisions"}],"predecessor-version":[{"id":14411,"href":"https:\/\/agora.xtec.cat\/esc-antoniubachisoler\/wp-json\/wp\/v2\/pages\/10707\/revisions\/14411"}],"up":[{"embeddable":true,"href":"https:\/\/agora.xtec.cat\/esc-antoniubachisoler\/wp-json\/wp\/v2\/pages\/22"}],"wp:attachment":[{"href":"https:\/\/agora.xtec.cat\/esc-antoniubachisoler\/wp-json\/wp\/v2\/media?parent=10707"}],"curies":[{"name":"wp","href":"https:\/\/api.w.org\/{rel}","templated":true}]}}